{"id":8003,"date":"2021-02-15T10:57:48","date_gmt":"2021-02-15T08:57:48","guid":{"rendered":"https:\/\/kktavastia.vaiheessa.fi\/vanajaveden-opisto\/?page_id=8003"},"modified":"2026-04-14T09:53:20","modified_gmt":"2026-04-14T06:53:20","slug":"osoitteet-kartat-ja-pysakointi","status":"publish","type":"page","link":"https:\/\/www.kktavastia.fi\/vanajaveden-opisto\/tietoa-opistosta\/osoitteet-kartat-ja-pysakointi\/","title":{"rendered":"Osoitteet, kartat ja pys\u00e4k\u00f6inti"},"content":{"rendered":"\n<div class=\"wp-block-buttons is-layout-flex wp-block-buttons-is-layout-flex\">\n<div class=\"wp-block-button is-style-fill\"><a class=\"wp-block-button__link has-luminous-vivid-orange-background-color has-background wp-element-button\" href=\"https:\/\/www.kktavastia.fi\/vanajaveden-opisto\/tietoa-opistosta\/osoitteet-kartat-pysakointi\/pysakointi-jaakonkadulla\/\" style=\"border-radius:5px\">Pys\u00e4k\u00f6inti Jaakonkadulla<\/a><\/div>\n\n\n\n<div class=\"wp-block-button is-style-fill\"><a class=\"wp-block-button__link has-luminous-vivid-orange-background-color has-background wp-element-button\" href=\"https:\/\/www.kktavastia.fi\/media\/kampusalueen-kartta-14.4.2026.pdf\" style=\"border-radius:5px\">Tavastian kampusalueen kartta<\/a><\/div>\n<\/div>\n\n\n\n<h3 class=\"wp-block-heading\">Kurssipaikkojen osoitteet<\/h3>\n\n\n\n<p>Kurssipaikkojen kartat l\u00f6yd\u00e4t klikkaamalla osoitetta ko. kurssin lis\u00e4tiedoissa. Katso kurssit <a href=\"https:\/\/www.kktavastia.fi\/vanajaveden-opisto\/kurssit\/\">t\u00e4\u00e4lt\u00e4<\/a>.<\/p>\n\n\n\n<p><strong>HATTULA<\/strong><br>Hattulan kirjasto, Kauppatie 3<br>Juteinin koulu, Juteinikeskus Opinkuja 2<br>Juteinitalo, Kauppatie 3<br>Lepaan koulu, Tyrv\u00e4nn\u00f6ntie 625<br>Nihattulan koulu, M\u00e4ntym\u00e4entie 55<br>Pappilanniemi, Pappilanniementie 9 A<br>Parolan koulu, Merventie 12<br>Parolan nuorisotalo vintti, Parolantie 53<br>Pekolan koulu, Aulangontie 629<br>P\u00e4iv\u00e4koti Marjahattu, Merventie 10<\/p>\n\n\n\n<p><strong>H\u00c4MEENLINNA<\/strong><br><br><strong>Kantakaupunki<\/strong><br>HAMK, Visam\u00e4ki E-rak, Visakaarre 14<br>HYK\/H\u00e4meenlinnan Yhteiskoulu, Tuomelankatu 20<br>H\u00e4meen linna, luentosali, Kustaa III:n katu 6<br>H\u00e4meenlinnan uimahalli, Uimarintie 1<br>Kaurialan lukio, Erottajakatu 5<s><br><\/s>Ojoisten lastentalo, M\u00e4yr\u00e4ntie 3<br>Peilisali Tavastia-Areena, Hattelmalantie 25<br>Punaportin b\u00e4nditila, Hattelmalantie 25, P-rakennus<br>Saaristen koulu, Saaristenkatu 13\u201315<br>Sirkussali Tavastia A-rak, Hattelmalantie 8 (k\u00e4ynti Ohratien puolelta)<br>Stone Gallery Lunnikivi, Id\u00e4np\u00e4\u00e4ntie 6<br>Tanssisali Paviljonki, Jaakonkatu 28<br>Tanssisali Pikkolo, Jaakonkatu 28<br>Tavastia, A-, B-, C-, D-, E-, K- ja S-rakennukset, Hattelmalantie 8<br>Tavastia, G-rakennus, Hattelmalantie 6<br>Vanajaveden Opisto, Jaakonkatu 28<br>VOPin Verstas, &nbsp;Vanajantie 10 rak. A<br>Voutilakeskus, Pollentie 35<br>Vuorentaan koulu, Haansuonpolku 1<\/p>\n\n\n\n<p><strong>Hauho<\/strong><br>Alvettulan koulu, Alvettulantie 183<br>Alvettulan seuratalo, Alvettulantie 177<br>Etel\u00e4isten koulu, Hauhontie 1585<br>Hauhon yhten\u00e4iskoulu, Tanhuantie 2<br>Hauhontaustan Kivitupa, Hauhontaustantie 645<br>Suojam\u00e4ki, Hauhontie 27<\/p>\n\n\n\n<p><strong>Kalvola<\/strong><br>Iittala-halli, Hollaajantie 2<br>Iittalan yhten\u00e4iskoulu, Hollaajantie 2<br>Iskuasema, Asemakuja 2<br>Nuhala, Koulutie 39<\/p>\n\n\n\n<p><strong>Lammi<\/strong><br>Hakkalan koulu, Lamminraitti 35<br>Konnarin koulu, Mommilantie 21<br>Pasaapelin koulu, Pasaapelintie 1<br>Uimahalli, Lamminraitti 37<\/p>\n\n\n\n<p><strong>Renko<\/strong><br>Nummenkyl\u00e4n ent. koulu, H\u00e4meen H\u00e4rk\u00e4tie 4151<br>P\u00e4iv\u00e4koti Aurinkopiha, Rengonraitti 42<br>Rengon koulu, Urheilutie 2<\/p>\n\n\n\n<p><strong>Tuulos<\/strong><br>Monitoimihalli, Suolij\u00e4rventie 15<br>Toimintatupa, Suolij\u00e4rventie 15<\/p>\n\n\n\n<p><strong>JANAKKALA<\/strong><br><br><strong>Turenki<\/strong><br>Kivitaskun p\u00e4iv\u00e4koti, Peurankaari 1<br>Turengin koulukeskus V\u00c4LKKY, Koulutie 2 B<br>Tavastia, Turengin toimipiste A- ja B-rak., Koljalantie 7<\/p>\n\n\n\n<p><strong>Tervakoski<\/strong><br>Kettukallion p\u00e4iv\u00e4koti, Kettukalliontie 2<br>S\u00e4\u00e4st\u00f6rinne, Kirkkotie 9<br>Tervakosken koulu, Kettukalliontie 2<br>Tervekosken koulukeskus VALO, Patalantie 2<br>Uimahalli, Tervajoentie 4<\/p>\n\n\n\n<p><strong>Janakkalan haja-asutusalue<br><\/strong>Harvialan koulu, S\u00e4\u00e4j\u00e4rventie 43, Harviala<br>Kiipula, Kiipulantie 507, Turenki<br>Mallinkaisten ent. koulu, Kouluraitti 1, Mallinkainen<br>Saloisten ent. koulu, Kalkantie 9, Saloinen<br>Viralan koulu, Viralantie 143, Virala<br>Lepp\u00e4kosken Voiman talo, Lepp\u00e4koskentie 368, Lepp\u00e4koski<br>V\u00e4hikk\u00e4l\u00e4n koulu, Kirkkoportintie 33, V\u00e4hikk\u00e4l\u00e4<\/p>\n\n\n\n<p><\/p>\n","protected":false},"excerpt":{"rendered":"<p>Kurssipaikkojen osoitteet Kurssipaikkojen kartat l\u00f6yd\u00e4t klikkaamalla osoitetta ko. kurssin lis\u00e4tiedoissa. Katso kurssit t\u00e4\u00e4lt\u00e4. HATTULAHattulan kirjasto, Kauppatie 3Juteinin koulu, Juteinikeskus Opinkuja [&hellip;]<\/p>\n","protected":false},"author":4,"featured_media":0,"parent":732,"menu_order":4,"comment_status":"closed","ping_status":"closed","template":"","meta":{"_acf_changed":false,"_relevanssi_hide_post":"","_relevanssi_hide_content":"","_relevanssi_pin_for_all":"","_relevanssi_pin_keywords":"","_relevanssi_unpin_keywords":"","_relevanssi_related_keywords":"","_relevanssi_related_include_ids":"","_relevanssi_related_exclude_ids":"","_relevanssi_related_no_append":"","_relevanssi_related_not_related":"","_relevanssi_related_posts":"751,7953,732,780,7388,13","_relevanssi_noindex_reason":"","footnotes":""},"class_list":["post-8003","page","type-page","status-publish","hentry"],"acf":[],"yoast_head":"<title>Osoitteet, kartat ja pys\u00e4k\u00f6inti - Vanajaveden Opisto<\/title>\n<meta name=\"robots\" content=\"index, follow, max-snippet:-1, max-image-preview:large, max-video-preview:-1\" \/>\n<link rel=\"canonical\" href=\"https:\/\/www.kktavastia.fi\/vanajaveden-opisto\/tietoa-opistosta\/osoitteet-kartat-ja-pysakointi\/\" \/>\n<meta property=\"og:locale\" content=\"fi_FI\" \/>\n<meta property=\"og:type\" content=\"article\" \/>\n<meta property=\"og:title\" content=\"Osoitteet, kartat ja pys\u00e4k\u00f6inti - Vanajaveden Opisto\" \/>\n<meta property=\"og:description\" content=\"Kurssipaikkojen osoitteet Kurssipaikkojen kartat l\u00f6yd\u00e4t klikkaamalla osoitetta ko. kurssin lis\u00e4tiedoissa. Katso kurssit t\u00e4\u00e4lt\u00e4. HATTULAHattulan kirjasto, Kauppatie 3Juteinin koulu, Juteinikeskus Opinkuja [&hellip;]\" \/>\n<meta property=\"og:url\" content=\"https:\/\/www.kktavastia.fi\/vanajaveden-opisto\/tietoa-opistosta\/osoitteet-kartat-ja-pysakointi\/\" \/>\n<meta property=\"og:site_name\" content=\"Vanajaveden Opisto\" \/>\n<meta property=\"article:modified_time\" content=\"2026-04-14T06:53:20+00:00\" \/>\n<meta name=\"twitter:card\" content=\"summary_large_image\" \/>\n<script type=\"application\/ld+json\" class=\"yoast-schema-graph\">{\"@context\":\"https:\\\/\\\/schema.org\",\"@graph\":[{\"@type\":\"WebPage\",\"@id\":\"https:\\\/\\\/www.kktavastia.fi\\\/vanajaveden-opisto\\\/tietoa-opistosta\\\/osoitteet-kartat-ja-pysakointi\\\/\",\"url\":\"https:\\\/\\\/www.kktavastia.fi\\\/vanajaveden-opisto\\\/tietoa-opistosta\\\/osoitteet-kartat-ja-pysakointi\\\/\",\"name\":\"Osoitteet, kartat ja pys\u00e4k\u00f6inti - Vanajaveden Opisto\",\"isPartOf\":{\"@id\":\"https:\\\/\\\/www.kktavastia.fi\\\/vanajaveden-opisto\\\/#website\"},\"datePublished\":\"2021-02-15T08:57:48+00:00\",\"dateModified\":\"2026-04-14T06:53:20+00:00\",\"breadcrumb\":{\"@id\":\"https:\\\/\\\/www.kktavastia.fi\\\/vanajaveden-opisto\\\/tietoa-opistosta\\\/osoitteet-kartat-ja-pysakointi\\\/#breadcrumb\"},\"inLanguage\":\"fi\",\"potentialAction\":[{\"@type\":\"ReadAction\",\"target\":[\"https:\\\/\\\/www.kktavastia.fi\\\/vanajaveden-opisto\\\/tietoa-opistosta\\\/osoitteet-kartat-ja-pysakointi\\\/\"]}]},{\"@type\":\"BreadcrumbList\",\"@id\":\"https:\\\/\\\/www.kktavastia.fi\\\/vanajaveden-opisto\\\/tietoa-opistosta\\\/osoitteet-kartat-ja-pysakointi\\\/#breadcrumb\",\"itemListElement\":[{\"@type\":\"ListItem\",\"position\":1,\"name\":\"Home\",\"item\":\"https:\\\/\\\/www.kktavastia.fi\\\/vanajaveden-opisto\\\/\"},{\"@type\":\"ListItem\",\"position\":2,\"name\":\"Tietoa opistosta\",\"item\":\"https:\\\/\\\/www.kktavastia.fi\\\/vanajaveden-opisto\\\/tietoa-opistosta\\\/\"},{\"@type\":\"ListItem\",\"position\":3,\"name\":\"Osoitteet, kartat ja pys\u00e4k\u00f6inti\"}]},{\"@type\":\"WebSite\",\"@id\":\"https:\\\/\\\/www.kktavastia.fi\\\/vanajaveden-opisto\\\/#website\",\"url\":\"https:\\\/\\\/www.kktavastia.fi\\\/vanajaveden-opisto\\\/\",\"name\":\"Vanajaveden Opisto\",\"description\":\"\",\"potentialAction\":[{\"@type\":\"SearchAction\",\"target\":{\"@type\":\"EntryPoint\",\"urlTemplate\":\"https:\\\/\\\/www.kktavastia.fi\\\/vanajaveden-opisto\\\/?s={search_term_string}\"},\"query-input\":{\"@type\":\"PropertyValueSpecification\",\"valueRequired\":true,\"valueName\":\"search_term_string\"}}],\"inLanguage\":\"fi\"}]}<\/script>","yoast_head_json":{"title":"Osoitteet, kartat ja pys\u00e4k\u00f6inti - Vanajaveden Opisto","robots":{"index":"index","follow":"follow","max-snippet":"max-snippet:-1","max-image-preview":"max-image-preview:large","max-video-preview":"max-video-preview:-1"},"canonical":"https:\/\/www.kktavastia.fi\/vanajaveden-opisto\/tietoa-opistosta\/osoitteet-kartat-ja-pysakointi\/","og_locale":"fi_FI","og_type":"article","og_title":"Osoitteet, kartat ja pys\u00e4k\u00f6inti - Vanajaveden Opisto","og_description":"Kurssipaikkojen osoitteet Kurssipaikkojen kartat l\u00f6yd\u00e4t klikkaamalla osoitetta ko. kurssin lis\u00e4tiedoissa. Katso kurssit t\u00e4\u00e4lt\u00e4. HATTULAHattulan kirjasto, Kauppatie 3Juteinin koulu, Juteinikeskus Opinkuja [&hellip;]","og_url":"https:\/\/www.kktavastia.fi\/vanajaveden-opisto\/tietoa-opistosta\/osoitteet-kartat-ja-pysakointi\/","og_site_name":"Vanajaveden Opisto","article_modified_time":"2026-04-14T06:53:20+00:00","twitter_card":"summary_large_image","schema":{"@context":"https:\/\/schema.org","@graph":[{"@type":"WebPage","@id":"https:\/\/www.kktavastia.fi\/vanajaveden-opisto\/tietoa-opistosta\/osoitteet-kartat-ja-pysakointi\/","url":"https:\/\/www.kktavastia.fi\/vanajaveden-opisto\/tietoa-opistosta\/osoitteet-kartat-ja-pysakointi\/","name":"Osoitteet, kartat ja pys\u00e4k\u00f6inti - Vanajaveden Opisto","isPartOf":{"@id":"https:\/\/www.kktavastia.fi\/vanajaveden-opisto\/#website"},"datePublished":"2021-02-15T08:57:48+00:00","dateModified":"2026-04-14T06:53:20+00:00","breadcrumb":{"@id":"https:\/\/www.kktavastia.fi\/vanajaveden-opisto\/tietoa-opistosta\/osoitteet-kartat-ja-pysakointi\/#breadcrumb"},"inLanguage":"fi","potentialAction":[{"@type":"ReadAction","target":["https:\/\/www.kktavastia.fi\/vanajaveden-opisto\/tietoa-opistosta\/osoitteet-kartat-ja-pysakointi\/"]}]},{"@type":"BreadcrumbList","@id":"https:\/\/www.kktavastia.fi\/vanajaveden-opisto\/tietoa-opistosta\/osoitteet-kartat-ja-pysakointi\/#breadcrumb","itemListElement":[{"@type":"ListItem","position":1,"name":"Home","item":"https:\/\/www.kktavastia.fi\/vanajaveden-opisto\/"},{"@type":"ListItem","position":2,"name":"Tietoa opistosta","item":"https:\/\/www.kktavastia.fi\/vanajaveden-opisto\/tietoa-opistosta\/"},{"@type":"ListItem","position":3,"name":"Osoitteet, kartat ja pys\u00e4k\u00f6inti"}]},{"@type":"WebSite","@id":"https:\/\/www.kktavastia.fi\/vanajaveden-opisto\/#website","url":"https:\/\/www.kktavastia.fi\/vanajaveden-opisto\/","name":"Vanajaveden Opisto","description":"","potentialAction":[{"@type":"SearchAction","target":{"@type":"EntryPoint","urlTemplate":"https:\/\/www.kktavastia.fi\/vanajaveden-opisto\/?s={search_term_string}"},"query-input":{"@type":"PropertyValueSpecification","valueRequired":true,"valueName":"search_term_string"}}],"inLanguage":"fi"}]}},"_links":{"self":[{"href":"https:\/\/www.kktavastia.fi\/vanajaveden-opisto\/wp-json\/wp\/v2\/pages\/8003","targetHints":{"allow":["GET"]}}],"collection":[{"href":"https:\/\/www.kktavastia.fi\/vanajaveden-opisto\/wp-json\/wp\/v2\/pages"}],"about":[{"href":"https:\/\/www.kktavastia.fi\/vanajaveden-opisto\/wp-json\/wp\/v2\/types\/page"}],"author":[{"embeddable":true,"href":"https:\/\/www.kktavastia.fi\/vanajaveden-opisto\/wp-json\/wp\/v2\/users\/4"}],"replies":[{"embeddable":true,"href":"https:\/\/www.kktavastia.fi\/vanajaveden-opisto\/wp-json\/wp\/v2\/comments?post=8003"}],"version-history":[{"count":25,"href":"https:\/\/www.kktavastia.fi\/vanajaveden-opisto\/wp-json\/wp\/v2\/pages\/8003\/revisions"}],"predecessor-version":[{"id":22151,"href":"https:\/\/www.kktavastia.fi\/vanajaveden-opisto\/wp-json\/wp\/v2\/pages\/8003\/revisions\/22151"}],"up":[{"embeddable":true,"href":"https:\/\/www.kktavastia.fi\/vanajaveden-opisto\/wp-json\/wp\/v2\/pages\/732"}],"wp:attachment":[{"href":"https:\/\/www.kktavastia.fi\/vanajaveden-opisto\/wp-json\/wp\/v2\/media?parent=8003"}],"curies":[{"name":"wp","href":"https:\/\/api.w.org\/{rel}","templated":true}]}}