{"id":7022,"date":"2021-01-28T14:57:47","date_gmt":"2021-01-28T12:57:47","guid":{"rendered":"https:\/\/kktavastia.vaiheessa.fi\/vanajaveden-opisto\/?page_id=7022"},"modified":"2022-05-13T14:02:19","modified_gmt":"2022-05-13T11:02:19","slug":"miten-valitset-sopivan-kielikurssin","status":"publish","type":"page","link":"https:\/\/www.kktavastia.fi\/vanajaveden-opisto\/tietoa-opistosta\/lisatietoja-kursseista\/miten-valitset-sopivan-kielikurssin\/","title":{"rendered":"Miten valitset sopivan kielikurssin"},"content":{"rendered":"\n<p class=\"is-style-ingress\">Kielikurssit on lueteltu helposta vaativampaan. Kurssit on jaoteltu my\u00f6s karkeasti kolmeen tasoon: perustaso, keskitaso ja edistynyt taso. Systemaattisesti etenev\u00e4t kurssit on lis\u00e4ksi merkitty numeroilla. Taso 1 on tarkoitettu vasta-alkajille, taso 2 noin vuoden opistossa opiskelleille jne. Useita kieli\u00e4 voi opiskella my\u00f6s eritasoisilla kertaus- ja lyhytkursseilla.<\/p>\n\n\n\n<p>Tasoryhmittely on suuntaa-antava, ja kielikohtaisiakin eroja on. Jos kurssin taso ei vastaa taitojasi, voit vaihtaa sen paremmin soveltuvaan kurssiin.<\/p>\n\n\n\n<p>Tasoilla 1\u20135 opiskellaan kielen perusteita alkeista l\u00e4htien, ja tavoitteena on oppia arkiel\u00e4m\u00e4ss\u00e4 tarvittava k\u00e4ytt\u00f6kieli. Kursseilla voit verest\u00e4\u00e4 my\u00f6s unohtuneita keski-\/peruskoulutietoja tai lukion lyhyen kielen oppeja. Jos sinulla on pohjana unohtunut lukion pitk\u00e4n kielen oppim\u00e4\u00e4r\u00e4 tai melko tuoreet peruskoulutiedot, valitse v\u00e4hint\u00e4\u00e4n taso 5. Edistyneill\u00e4 tasoilla syvennet\u00e4\u00e4n kielentuntemusta ja kehitet\u00e4\u00e4n suullista kielitaitoa. N\u00e4m\u00e4 kurssit sopivat sinulle, joka olet harrastanut kielt\u00e4 jo useita vuosia. Alkeiskurssille ei kannata menn\u00e4, jos olet aikaisemmin opiskellut kielt\u00e4!<\/p>\n\n\n\n<p>Kurssien yhteydess\u00e4 on mainittu my\u00f6s eurooppalaisen viitekehyksen taitotasot (A1\u2013C2). Lyhyen kuvauksen taitotasoista l\u00f6yd\u00e4t alta:<\/p>\n\n\n\n<h4 class=\"wp-block-heading\">Alkeistaso (A1)<\/h4>\n\n\n\n<p>Ymm\u00e4rt\u00e4\u00e4 hitaasta ja selke\u00e4st\u00e4 puheesta yksinkertaisia perustason ilmauksia, jotka liittyv\u00e4t suoraan omaan el\u00e4m\u00e4\u00e4n tai koskevat v\u00e4lit\u00f6nt\u00e4 konkreettista ymp\u00e4rist\u00f6\u00e4. Pystyy ymm\u00e4rt\u00e4m\u00e4\u00e4n joitakin asioita helppotajuisista ja lyhyist\u00e4 teksteist\u00e4. Selvi\u00e4\u00e4 kaikkein yksinkertaisimmissa puhetilanteissa, mutta puhe on hidasta ja hyvin katkonaista ja \u00e4\u00e4nt\u00e4misess\u00e4 ja\/tai kielen hallinnassa voi olla puutteita. Pystyy kirjoittamaan eritt\u00e4in lyhyit\u00e4 tekstej\u00e4, joissa on lukuisia kielellisi\u00e4 puutteita. Kurssit on tarkoitettu vasta-alkajille.&nbsp; Kansalaisopiston kahden viikkotunnin kurssilla t\u00e4ll\u00e4 tasolla opiskellaan v\u00e4hint\u00e4\u00e4n noin 1\u20132 vuotta.<\/p>\n\n\n\n<h4 class=\"wp-block-heading\">Kehittyv\u00e4 perustaso (A2)<\/h4>\n\n\n\n<p>Ymm\u00e4rt\u00e4\u00e4 selke\u00e4\u00e4 ja yksinkertaistettua puhetta, joka k\u00e4sittelee jokap\u00e4iv\u00e4isi\u00e4 ja tuttuja asioita. Ymm\u00e4rt\u00e4\u00e4 helposti lyhyit\u00e4, yksinkertaisia tekstej\u00e4 ja saa selville p\u00e4\u00e4asiat jokap\u00e4iv\u00e4isen el\u00e4m\u00e4n aihepiirej\u00e4 k\u00e4sittelevist\u00e4 teksteist\u00e4. Selvi\u00e4\u00e4 rutiininomaisissa yksinkertaista tiedonvaihtoa vaativissa puhetilanteissa, vaikka \u00e4\u00e4nt\u00e4minen tai kielen hallinta voi olla viel\u00e4 puutteellista. Pystyy kirjoittamaan suppeita, yksinkertaisia tekstej\u00e4 jokap\u00e4iv\u00e4isist\u00e4 asioista, mutta teksti voi olla hajanaista. Kansalaisopiston kahden viikkotunnin kurssilla opiskelevilla t\u00e4m\u00e4n tason opinnot sijoittuvat yleens\u00e4 opiskeluvuosille 3\u20135.<\/p>\n\n\n\n<h4 class=\"wp-block-heading\">Perustaso (B1)<\/h4>\n\n\n\n<p>Ymm\u00e4rt\u00e4\u00e4 pidemp\u00e4\u00e4 yht\u00e4jaksoista puhetta ja keskeisen ajatuksen monista televisio- ja radio-ohjelmista, jos aihepiiri on tuttu ja puhetempo normaali. Ymm\u00e4rt\u00e4\u00e4 tavallisia jokap\u00e4iv\u00e4isen el\u00e4m\u00e4n tekstej\u00e4, mutta vaativammat tekstit, joiden aihepiiri on vieras,saattavat tuottaa vaikeuksia. Selvi\u00e4\u00e4 tavallisimmissa k\u00e4yt\u00e4nn\u00f6n puhetilanteissa ja pystyy kirjoittamaan yksinkertaista, yhten\u00e4ist\u00e4 teksti\u00e4 tavallisista aiheista, vaikkakin kieliopilliset ja sanastolliset puutteet toisinaan vaikeuttavat ymm\u00e4rt\u00e4mist\u00e4.<\/p>\n\n\n\n<h4 class=\"wp-block-heading\">Sujuva perustaso (B2)<\/h4>\n\n\n\n<p>Ymm\u00e4rt\u00e4\u00e4 normaalitempoista puhetta yleisist\u00e4 aihepiireist\u00e4, mutta joitakin yksityiskohtia saattaa j\u00e4\u00e4d\u00e4 ymm\u00e4rt\u00e4m\u00e4tt\u00e4. Nopea puhekieli ja murteellisuudet tuottavat kuitenkin vaikeuksia. Ymm\u00e4rt\u00e4\u00e4 vaivatta yleisi\u00e4 aihepiirej\u00e4 k\u00e4sittelevi\u00e4 tekstej\u00e4, joskin muutamat tekstin v\u00e4litt\u00e4m\u00e4t s\u00e4vyerot voivat j\u00e4\u00e4d\u00e4 ep\u00e4selviksi. Selvi\u00e4\u00e4 melko hyvin erilaisissa sek\u00e4 virallisissa ett\u00e4 ep\u00e4virallisissa puhetilanteissa. Pystyy kirjoittamaan sek\u00e4 yksityisi\u00e4 ett\u00e4 puolivirallisia tekstej\u00e4 ja esitt\u00e4m\u00e4\u00e4n ajatuksiaan yhten\u00e4isin\u00e4 kokonaisuuksina.<\/p>\n\n\n\n<h4 class=\"wp-block-heading\">Itsen\u00e4isen k\u00e4ytt\u00e4j\u00e4n taso (C1) <\/h4>\n\n\n\n<p>Ymm\u00e4rt\u00e4\u00e4 kaikenlaista normaalitempoista puhetta, vaikka joskus ymm\u00e4rt\u00e4minen voi vaatia ponnistelua, jos aihepiiri tai asian k\u00e4sittely on vierasta. Ymm\u00e4rt\u00e4\u00e4 rakenteellisesti ja kielellisesti monimutkaisia tekstej\u00e4 ja oman aikamme kirjallisuutta. Puhuu ja kirjoittaa selke\u00e4sti ja sujuvasti erilaisista aiheista, mutta harvinaisten sanojen ja monimutkaisten lauserakenteiden k\u00e4ytt\u00f6 saattaa kuitenkin tuottaa vaikeuksia.<\/p>\n","protected":false},"excerpt":{"rendered":"<p>Kielikurssit on lueteltu helposta vaativampaan. Kurssit on jaoteltu my\u00f6s karkeasti kolmeen tasoon: perustaso, keskitaso ja edistynyt taso. Systemaattisesti etenev\u00e4t kurssit [&hellip;]<\/p>\n","protected":false},"author":4,"featured_media":0,"parent":7782,"menu_order":2,"comment_status":"closed","ping_status":"closed","template":"","meta":{"_acf_changed":false,"_relevanssi_hide_post":"","_relevanssi_hide_content":"","_relevanssi_pin_for_all":"","_relevanssi_pin_keywords":"","_relevanssi_unpin_keywords":"","_relevanssi_related_keywords":"","_relevanssi_related_include_ids":"","_relevanssi_related_exclude_ids":"","_relevanssi_related_no_append":"","_relevanssi_related_not_related":"","_relevanssi_related_posts":"","_relevanssi_noindex_reason":"","footnotes":""},"class_list":["post-7022","page","type-page","status-publish","hentry"],"acf":[],"yoast_head":"<title>Miten valitset sopivan kielikurssin - Vanajaveden Opisto<\/title>\n<meta name=\"robots\" content=\"index, follow, max-snippet:-1, max-image-preview:large, max-video-preview:-1\" \/>\n<link rel=\"canonical\" href=\"https:\/\/www.kktavastia.fi\/vanajaveden-opisto\/tietoa-opistosta\/lisatietoja-kursseista\/miten-valitset-sopivan-kielikurssin\/\" \/>\n<meta property=\"og:locale\" content=\"fi_FI\" \/>\n<meta property=\"og:type\" content=\"article\" \/>\n<meta property=\"og:title\" content=\"Miten valitset sopivan kielikurssin - Vanajaveden Opisto\" \/>\n<meta property=\"og:description\" content=\"Kielikurssit on lueteltu helposta vaativampaan. Kurssit on jaoteltu my\u00f6s karkeasti kolmeen tasoon: perustaso, keskitaso ja edistynyt taso. Systemaattisesti etenev\u00e4t kurssit [&hellip;]\" \/>\n<meta property=\"og:url\" content=\"https:\/\/www.kktavastia.fi\/vanajaveden-opisto\/tietoa-opistosta\/lisatietoja-kursseista\/miten-valitset-sopivan-kielikurssin\/\" \/>\n<meta property=\"og:site_name\" content=\"Vanajaveden Opisto\" \/>\n<meta property=\"article:modified_time\" content=\"2022-05-13T11:02:19+00:00\" \/>\n<meta name=\"twitter:card\" content=\"summary_large_image\" \/>\n<script type=\"application\/ld+json\" class=\"yoast-schema-graph\">{\"@context\":\"https:\\\/\\\/schema.org\",\"@graph\":[{\"@type\":\"WebPage\",\"@id\":\"https:\\\/\\\/www.kktavastia.fi\\\/vanajaveden-opisto\\\/tietoa-opistosta\\\/lisatietoja-kursseista\\\/miten-valitset-sopivan-kielikurssin\\\/\",\"url\":\"https:\\\/\\\/www.kktavastia.fi\\\/vanajaveden-opisto\\\/tietoa-opistosta\\\/lisatietoja-kursseista\\\/miten-valitset-sopivan-kielikurssin\\\/\",\"name\":\"Miten valitset sopivan kielikurssin - Vanajaveden Opisto\",\"isPartOf\":{\"@id\":\"https:\\\/\\\/www.kktavastia.fi\\\/vanajaveden-opisto\\\/#website\"},\"datePublished\":\"2021-01-28T12:57:47+00:00\",\"dateModified\":\"2022-05-13T11:02:19+00:00\",\"breadcrumb\":{\"@id\":\"https:\\\/\\\/www.kktavastia.fi\\\/vanajaveden-opisto\\\/tietoa-opistosta\\\/lisatietoja-kursseista\\\/miten-valitset-sopivan-kielikurssin\\\/#breadcrumb\"},\"inLanguage\":\"fi\",\"potentialAction\":[{\"@type\":\"ReadAction\",\"target\":[\"https:\\\/\\\/www.kktavastia.fi\\\/vanajaveden-opisto\\\/tietoa-opistosta\\\/lisatietoja-kursseista\\\/miten-valitset-sopivan-kielikurssin\\\/\"]}]},{\"@type\":\"BreadcrumbList\",\"@id\":\"https:\\\/\\\/www.kktavastia.fi\\\/vanajaveden-opisto\\\/tietoa-opistosta\\\/lisatietoja-kursseista\\\/miten-valitset-sopivan-kielikurssin\\\/#breadcrumb\",\"itemListElement\":[{\"@type\":\"ListItem\",\"position\":1,\"name\":\"Home\",\"item\":\"https:\\\/\\\/www.kktavastia.fi\\\/vanajaveden-opisto\\\/\"},{\"@type\":\"ListItem\",\"position\":2,\"name\":\"Tietoa opistosta\",\"item\":\"https:\\\/\\\/www.kktavastia.fi\\\/vanajaveden-opisto\\\/tietoa-opistosta\\\/\"},{\"@type\":\"ListItem\",\"position\":3,\"name\":\"Lis\u00e4tietoja kursseista\",\"item\":\"https:\\\/\\\/www.kktavastia.fi\\\/vanajaveden-opisto\\\/tietoa-opistosta\\\/lisatietoja-kursseista\\\/\"},{\"@type\":\"ListItem\",\"position\":4,\"name\":\"Miten valitset sopivan kielikurssin\"}]},{\"@type\":\"WebSite\",\"@id\":\"https:\\\/\\\/www.kktavastia.fi\\\/vanajaveden-opisto\\\/#website\",\"url\":\"https:\\\/\\\/www.kktavastia.fi\\\/vanajaveden-opisto\\\/\",\"name\":\"Vanajaveden Opisto\",\"description\":\"\",\"potentialAction\":[{\"@type\":\"SearchAction\",\"target\":{\"@type\":\"EntryPoint\",\"urlTemplate\":\"https:\\\/\\\/www.kktavastia.fi\\\/vanajaveden-opisto\\\/?s={search_term_string}\"},\"query-input\":{\"@type\":\"PropertyValueSpecification\",\"valueRequired\":true,\"valueName\":\"search_term_string\"}}],\"inLanguage\":\"fi\"}]}<\/script>","yoast_head_json":{"title":"Miten valitset sopivan kielikurssin - Vanajaveden Opisto","robots":{"index":"index","follow":"follow","max-snippet":"max-snippet:-1","max-image-preview":"max-image-preview:large","max-video-preview":"max-video-preview:-1"},"canonical":"https:\/\/www.kktavastia.fi\/vanajaveden-opisto\/tietoa-opistosta\/lisatietoja-kursseista\/miten-valitset-sopivan-kielikurssin\/","og_locale":"fi_FI","og_type":"article","og_title":"Miten valitset sopivan kielikurssin - Vanajaveden Opisto","og_description":"Kielikurssit on lueteltu helposta vaativampaan. Kurssit on jaoteltu my\u00f6s karkeasti kolmeen tasoon: perustaso, keskitaso ja edistynyt taso. Systemaattisesti etenev\u00e4t kurssit [&hellip;]","og_url":"https:\/\/www.kktavastia.fi\/vanajaveden-opisto\/tietoa-opistosta\/lisatietoja-kursseista\/miten-valitset-sopivan-kielikurssin\/","og_site_name":"Vanajaveden Opisto","article_modified_time":"2022-05-13T11:02:19+00:00","twitter_card":"summary_large_image","schema":{"@context":"https:\/\/schema.org","@graph":[{"@type":"WebPage","@id":"https:\/\/www.kktavastia.fi\/vanajaveden-opisto\/tietoa-opistosta\/lisatietoja-kursseista\/miten-valitset-sopivan-kielikurssin\/","url":"https:\/\/www.kktavastia.fi\/vanajaveden-opisto\/tietoa-opistosta\/lisatietoja-kursseista\/miten-valitset-sopivan-kielikurssin\/","name":"Miten valitset sopivan kielikurssin - Vanajaveden Opisto","isPartOf":{"@id":"https:\/\/www.kktavastia.fi\/vanajaveden-opisto\/#website"},"datePublished":"2021-01-28T12:57:47+00:00","dateModified":"2022-05-13T11:02:19+00:00","breadcrumb":{"@id":"https:\/\/www.kktavastia.fi\/vanajaveden-opisto\/tietoa-opistosta\/lisatietoja-kursseista\/miten-valitset-sopivan-kielikurssin\/#breadcrumb"},"inLanguage":"fi","potentialAction":[{"@type":"ReadAction","target":["https:\/\/www.kktavastia.fi\/vanajaveden-opisto\/tietoa-opistosta\/lisatietoja-kursseista\/miten-valitset-sopivan-kielikurssin\/"]}]},{"@type":"BreadcrumbList","@id":"https:\/\/www.kktavastia.fi\/vanajaveden-opisto\/tietoa-opistosta\/lisatietoja-kursseista\/miten-valitset-sopivan-kielikurssin\/#breadcrumb","itemListElement":[{"@type":"ListItem","position":1,"name":"Home","item":"https:\/\/www.kktavastia.fi\/vanajaveden-opisto\/"},{"@type":"ListItem","position":2,"name":"Tietoa opistosta","item":"https:\/\/www.kktavastia.fi\/vanajaveden-opisto\/tietoa-opistosta\/"},{"@type":"ListItem","position":3,"name":"Lis\u00e4tietoja kursseista","item":"https:\/\/www.kktavastia.fi\/vanajaveden-opisto\/tietoa-opistosta\/lisatietoja-kursseista\/"},{"@type":"ListItem","position":4,"name":"Miten valitset sopivan kielikurssin"}]},{"@type":"WebSite","@id":"https:\/\/www.kktavastia.fi\/vanajaveden-opisto\/#website","url":"https:\/\/www.kktavastia.fi\/vanajaveden-opisto\/","name":"Vanajaveden Opisto","description":"","potentialAction":[{"@type":"SearchAction","target":{"@type":"EntryPoint","urlTemplate":"https:\/\/www.kktavastia.fi\/vanajaveden-opisto\/?s={search_term_string}"},"query-input":{"@type":"PropertyValueSpecification","valueRequired":true,"valueName":"search_term_string"}}],"inLanguage":"fi"}]}},"_links":{"self":[{"href":"https:\/\/www.kktavastia.fi\/vanajaveden-opisto\/wp-json\/wp\/v2\/pages\/7022","targetHints":{"allow":["GET"]}}],"collection":[{"href":"https:\/\/www.kktavastia.fi\/vanajaveden-opisto\/wp-json\/wp\/v2\/pages"}],"about":[{"href":"https:\/\/www.kktavastia.fi\/vanajaveden-opisto\/wp-json\/wp\/v2\/types\/page"}],"author":[{"embeddable":true,"href":"https:\/\/www.kktavastia.fi\/vanajaveden-opisto\/wp-json\/wp\/v2\/users\/4"}],"replies":[{"embeddable":true,"href":"https:\/\/www.kktavastia.fi\/vanajaveden-opisto\/wp-json\/wp\/v2\/comments?post=7022"}],"version-history":[{"count":4,"href":"https:\/\/www.kktavastia.fi\/vanajaveden-opisto\/wp-json\/wp\/v2\/pages\/7022\/revisions"}],"predecessor-version":[{"id":12200,"href":"https:\/\/www.kktavastia.fi\/vanajaveden-opisto\/wp-json\/wp\/v2\/pages\/7022\/revisions\/12200"}],"up":[{"embeddable":true,"href":"https:\/\/www.kktavastia.fi\/vanajaveden-opisto\/wp-json\/wp\/v2\/pages\/7782"}],"wp:attachment":[{"href":"https:\/\/www.kktavastia.fi\/vanajaveden-opisto\/wp-json\/wp\/v2\/media?parent=7022"}],"curies":[{"name":"wp","href":"https:\/\/api.w.org\/{rel}","templated":true}]}}