{"id":7000,"date":"2021-01-27T15:50:43","date_gmt":"2021-01-27T13:50:43","guid":{"rendered":"https:\/\/kktavastia.vaiheessa.fi\/vanajaveden-opisto\/?page_id=7000"},"modified":"2025-06-04T09:21:07","modified_gmt":"2025-06-04T06:21:07","slug":"kielten-yksilo-ja-pariopetus","status":"publish","type":"page","link":"https:\/\/www.kktavastia.fi\/vanajaveden-opisto\/tietoa-opistosta\/lisatietoja-kursseista\/kielten-yksilo-ja-pariopetus\/","title":{"rendered":"Kielten yksil\u00f6- ja pariopetus"},"content":{"rendered":"\n<p>T\u00e4m\u00e4 on r\u00e4\u00e4t\u00e4l\u00f6ity palvelu opiskelijan tarpeiden mukaan: yksil\u00f6- ja pariopetuksessa voit itse valita tason ja kehitett\u00e4v\u00e4n kielitaidon osa-alueen (kielioppi, sanasto, tekstin tai kuullun ymm\u00e4rt\u00e4minen, puhuminen tai n\u00e4iden yhdistelm\u00e4, jossakin m\u00e4\u00e4rin my\u00f6s ty\u00f6el\u00e4m\u00e4kieli). Opettaja auttaa tarvittaessa tasosi m\u00e4\u00e4rittelyss\u00e4.<\/p>\n\n\n\n<p>Yksil\u00f6- ja pariopetusta annetaan vain yksityishenkil\u00f6ille eik\u00e4 kursseja voida laskuttaa yrityksilt\u00e4, yhteis\u00f6ilt\u00e4 tai julkishallinnolta, niiden kohdalla k\u00e4\u00e4nny tilauskoulutuksen puoleen. Pit\u00e4m\u00e4tt\u00e4 j\u00e4\u00e4neit\u00e4 tunteja ei voi siirt\u00e4\u00e4 seuraavalle lukukaudelle. Esteen sattuessa sovitut tunnit tulee peruuttaa suoraan opettajalle 24 h ennen tunnin alkua. Muussa tapauksessa tunti katsotaan pidetyksi. Pariopetuksessa molempien on oltava samalla taitotasolla. Jos tasoeroja on, opetus etenee alemmalla tasolla olevan mukaan. Opisto ei v\u00e4lit\u00e4 pareja.<\/p>\n\n\n\n<p><strong>Hinnat<\/strong><br>yksitt\u00e4isopetus 45 \u20ac\/tunti (\u00e1 45 min)<br>pariopetus 40 \u20ac\/hl\u00f6\/tunti (\u00e1 45 min)<\/p>\n\n\n\n<h4 class=\"wp-block-heading\">Lis\u00e4tiedot<\/h4>\n\n\n\n<p>Susanna Markkanen, vastaava opettaja, vieraat kielet, puh. 050 3381 611,&nbsp;<a href=\"mailto:Susanna.Markkanen@kktavastia.fi\">susanna.markkanen@kktavastia.fi<\/a><br>Juha M\u00e4kirinta, suunnittelijaopettaja, suomen kieli, puh. 040 8696 413,&nbsp;<a href=\"mailto:juha.makirinta@kktavastia.fi\">juha.makirinta@kktavastia.fi<\/a>. <\/p>\n\n\n\n<p><\/p>\n","protected":false},"excerpt":{"rendered":"<p>T\u00e4m\u00e4 on r\u00e4\u00e4t\u00e4l\u00f6ity palvelu opiskelijan tarpeiden mukaan: yksil\u00f6- ja pariopetuksessa voit itse valita tason ja kehitett\u00e4v\u00e4n kielitaidon osa-alueen (kielioppi, sanasto, [&hellip;]<\/p>\n","protected":false},"author":4,"featured_media":0,"parent":7782,"menu_order":3,"comment_status":"closed","ping_status":"closed","template":"","meta":{"_acf_changed":false,"_relevanssi_hide_post":"","_relevanssi_hide_content":"","_relevanssi_pin_for_all":"","_relevanssi_pin_keywords":"","_relevanssi_unpin_keywords":"","_relevanssi_related_keywords":"","_relevanssi_related_include_ids":"","_relevanssi_related_exclude_ids":"","_relevanssi_related_no_append":"","_relevanssi_related_not_related":"","_relevanssi_related_posts":"751,12201,19311,802,741,7612","_relevanssi_noindex_reason":"","footnotes":""},"class_list":["post-7000","page","type-page","status-publish","hentry"],"acf":[],"yoast_head":"<title>Kielten yksil\u00f6- ja pariopetus - Vanajaveden Opisto<\/title>\n<meta name=\"robots\" content=\"index, follow, max-snippet:-1, max-image-preview:large, max-video-preview:-1\" \/>\n<link rel=\"canonical\" href=\"https:\/\/www.kktavastia.fi\/vanajaveden-opisto\/tietoa-opistosta\/lisatietoja-kursseista\/kielten-yksilo-ja-pariopetus\/\" \/>\n<meta property=\"og:locale\" content=\"fi_FI\" \/>\n<meta property=\"og:type\" content=\"article\" \/>\n<meta property=\"og:title\" content=\"Kielten yksil\u00f6- ja pariopetus - Vanajaveden Opisto\" \/>\n<meta property=\"og:description\" content=\"T\u00e4m\u00e4 on r\u00e4\u00e4t\u00e4l\u00f6ity palvelu opiskelijan tarpeiden mukaan: yksil\u00f6- ja pariopetuksessa voit itse valita tason ja kehitett\u00e4v\u00e4n kielitaidon osa-alueen (kielioppi, sanasto, [&hellip;]\" \/>\n<meta property=\"og:url\" content=\"https:\/\/www.kktavastia.fi\/vanajaveden-opisto\/tietoa-opistosta\/lisatietoja-kursseista\/kielten-yksilo-ja-pariopetus\/\" \/>\n<meta property=\"og:site_name\" content=\"Vanajaveden Opisto\" \/>\n<meta property=\"article:modified_time\" content=\"2025-06-04T06:21:07+00:00\" \/>\n<meta name=\"twitter:card\" content=\"summary_large_image\" \/>\n<script type=\"application\/ld+json\" class=\"yoast-schema-graph\">{\"@context\":\"https:\\\/\\\/schema.org\",\"@graph\":[{\"@type\":\"WebPage\",\"@id\":\"https:\\\/\\\/www.kktavastia.fi\\\/vanajaveden-opisto\\\/tietoa-opistosta\\\/lisatietoja-kursseista\\\/kielten-yksilo-ja-pariopetus\\\/\",\"url\":\"https:\\\/\\\/www.kktavastia.fi\\\/vanajaveden-opisto\\\/tietoa-opistosta\\\/lisatietoja-kursseista\\\/kielten-yksilo-ja-pariopetus\\\/\",\"name\":\"Kielten yksil\u00f6- ja pariopetus - Vanajaveden Opisto\",\"isPartOf\":{\"@id\":\"https:\\\/\\\/www.kktavastia.fi\\\/vanajaveden-opisto\\\/#website\"},\"datePublished\":\"2021-01-27T13:50:43+00:00\",\"dateModified\":\"2025-06-04T06:21:07+00:00\",\"breadcrumb\":{\"@id\":\"https:\\\/\\\/www.kktavastia.fi\\\/vanajaveden-opisto\\\/tietoa-opistosta\\\/lisatietoja-kursseista\\\/kielten-yksilo-ja-pariopetus\\\/#breadcrumb\"},\"inLanguage\":\"fi\",\"potentialAction\":[{\"@type\":\"ReadAction\",\"target\":[\"https:\\\/\\\/www.kktavastia.fi\\\/vanajaveden-opisto\\\/tietoa-opistosta\\\/lisatietoja-kursseista\\\/kielten-yksilo-ja-pariopetus\\\/\"]}]},{\"@type\":\"BreadcrumbList\",\"@id\":\"https:\\\/\\\/www.kktavastia.fi\\\/vanajaveden-opisto\\\/tietoa-opistosta\\\/lisatietoja-kursseista\\\/kielten-yksilo-ja-pariopetus\\\/#breadcrumb\",\"itemListElement\":[{\"@type\":\"ListItem\",\"position\":1,\"name\":\"Home\",\"item\":\"https:\\\/\\\/www.kktavastia.fi\\\/vanajaveden-opisto\\\/\"},{\"@type\":\"ListItem\",\"position\":2,\"name\":\"Tietoa opistosta\",\"item\":\"https:\\\/\\\/www.kktavastia.fi\\\/vanajaveden-opisto\\\/tietoa-opistosta\\\/\"},{\"@type\":\"ListItem\",\"position\":3,\"name\":\"Lis\u00e4tietoja kursseista\",\"item\":\"https:\\\/\\\/www.kktavastia.fi\\\/vanajaveden-opisto\\\/tietoa-opistosta\\\/lisatietoja-kursseista\\\/\"},{\"@type\":\"ListItem\",\"position\":4,\"name\":\"Kielten yksil\u00f6- ja pariopetus\"}]},{\"@type\":\"WebSite\",\"@id\":\"https:\\\/\\\/www.kktavastia.fi\\\/vanajaveden-opisto\\\/#website\",\"url\":\"https:\\\/\\\/www.kktavastia.fi\\\/vanajaveden-opisto\\\/\",\"name\":\"Vanajaveden Opisto\",\"description\":\"\",\"potentialAction\":[{\"@type\":\"SearchAction\",\"target\":{\"@type\":\"EntryPoint\",\"urlTemplate\":\"https:\\\/\\\/www.kktavastia.fi\\\/vanajaveden-opisto\\\/?s={search_term_string}\"},\"query-input\":{\"@type\":\"PropertyValueSpecification\",\"valueRequired\":true,\"valueName\":\"search_term_string\"}}],\"inLanguage\":\"fi\"}]}<\/script>","yoast_head_json":{"title":"Kielten yksil\u00f6- ja pariopetus - Vanajaveden Opisto","robots":{"index":"index","follow":"follow","max-snippet":"max-snippet:-1","max-image-preview":"max-image-preview:large","max-video-preview":"max-video-preview:-1"},"canonical":"https:\/\/www.kktavastia.fi\/vanajaveden-opisto\/tietoa-opistosta\/lisatietoja-kursseista\/kielten-yksilo-ja-pariopetus\/","og_locale":"fi_FI","og_type":"article","og_title":"Kielten yksil\u00f6- ja pariopetus - Vanajaveden Opisto","og_description":"T\u00e4m\u00e4 on r\u00e4\u00e4t\u00e4l\u00f6ity palvelu opiskelijan tarpeiden mukaan: yksil\u00f6- ja pariopetuksessa voit itse valita tason ja kehitett\u00e4v\u00e4n kielitaidon osa-alueen (kielioppi, sanasto, [&hellip;]","og_url":"https:\/\/www.kktavastia.fi\/vanajaveden-opisto\/tietoa-opistosta\/lisatietoja-kursseista\/kielten-yksilo-ja-pariopetus\/","og_site_name":"Vanajaveden Opisto","article_modified_time":"2025-06-04T06:21:07+00:00","twitter_card":"summary_large_image","schema":{"@context":"https:\/\/schema.org","@graph":[{"@type":"WebPage","@id":"https:\/\/www.kktavastia.fi\/vanajaveden-opisto\/tietoa-opistosta\/lisatietoja-kursseista\/kielten-yksilo-ja-pariopetus\/","url":"https:\/\/www.kktavastia.fi\/vanajaveden-opisto\/tietoa-opistosta\/lisatietoja-kursseista\/kielten-yksilo-ja-pariopetus\/","name":"Kielten yksil\u00f6- ja pariopetus - Vanajaveden Opisto","isPartOf":{"@id":"https:\/\/www.kktavastia.fi\/vanajaveden-opisto\/#website"},"datePublished":"2021-01-27T13:50:43+00:00","dateModified":"2025-06-04T06:21:07+00:00","breadcrumb":{"@id":"https:\/\/www.kktavastia.fi\/vanajaveden-opisto\/tietoa-opistosta\/lisatietoja-kursseista\/kielten-yksilo-ja-pariopetus\/#breadcrumb"},"inLanguage":"fi","potentialAction":[{"@type":"ReadAction","target":["https:\/\/www.kktavastia.fi\/vanajaveden-opisto\/tietoa-opistosta\/lisatietoja-kursseista\/kielten-yksilo-ja-pariopetus\/"]}]},{"@type":"BreadcrumbList","@id":"https:\/\/www.kktavastia.fi\/vanajaveden-opisto\/tietoa-opistosta\/lisatietoja-kursseista\/kielten-yksilo-ja-pariopetus\/#breadcrumb","itemListElement":[{"@type":"ListItem","position":1,"name":"Home","item":"https:\/\/www.kktavastia.fi\/vanajaveden-opisto\/"},{"@type":"ListItem","position":2,"name":"Tietoa opistosta","item":"https:\/\/www.kktavastia.fi\/vanajaveden-opisto\/tietoa-opistosta\/"},{"@type":"ListItem","position":3,"name":"Lis\u00e4tietoja kursseista","item":"https:\/\/www.kktavastia.fi\/vanajaveden-opisto\/tietoa-opistosta\/lisatietoja-kursseista\/"},{"@type":"ListItem","position":4,"name":"Kielten yksil\u00f6- ja pariopetus"}]},{"@type":"WebSite","@id":"https:\/\/www.kktavastia.fi\/vanajaveden-opisto\/#website","url":"https:\/\/www.kktavastia.fi\/vanajaveden-opisto\/","name":"Vanajaveden Opisto","description":"","potentialAction":[{"@type":"SearchAction","target":{"@type":"EntryPoint","urlTemplate":"https:\/\/www.kktavastia.fi\/vanajaveden-opisto\/?s={search_term_string}"},"query-input":{"@type":"PropertyValueSpecification","valueRequired":true,"valueName":"search_term_string"}}],"inLanguage":"fi"}]}},"_links":{"self":[{"href":"https:\/\/www.kktavastia.fi\/vanajaveden-opisto\/wp-json\/wp\/v2\/pages\/7000","targetHints":{"allow":["GET"]}}],"collection":[{"href":"https:\/\/www.kktavastia.fi\/vanajaveden-opisto\/wp-json\/wp\/v2\/pages"}],"about":[{"href":"https:\/\/www.kktavastia.fi\/vanajaveden-opisto\/wp-json\/wp\/v2\/types\/page"}],"author":[{"embeddable":true,"href":"https:\/\/www.kktavastia.fi\/vanajaveden-opisto\/wp-json\/wp\/v2\/users\/4"}],"replies":[{"embeddable":true,"href":"https:\/\/www.kktavastia.fi\/vanajaveden-opisto\/wp-json\/wp\/v2\/comments?post=7000"}],"version-history":[{"count":9,"href":"https:\/\/www.kktavastia.fi\/vanajaveden-opisto\/wp-json\/wp\/v2\/pages\/7000\/revisions"}],"predecessor-version":[{"id":21261,"href":"https:\/\/www.kktavastia.fi\/vanajaveden-opisto\/wp-json\/wp\/v2\/pages\/7000\/revisions\/21261"}],"up":[{"embeddable":true,"href":"https:\/\/www.kktavastia.fi\/vanajaveden-opisto\/wp-json\/wp\/v2\/pages\/7782"}],"wp:attachment":[{"href":"https:\/\/www.kktavastia.fi\/vanajaveden-opisto\/wp-json\/wp\/v2\/media?parent=7000"}],"curies":[{"name":"wp","href":"https:\/\/api.w.org\/{rel}","templated":true}]}}