{"id":21907,"date":"2025-11-20T10:48:10","date_gmt":"2025-11-20T08:48:10","guid":{"rendered":"https:\/\/www.kktavastia.fi\/vanajaveden-opisto\/?post_type=event&#038;p=21907"},"modified":"2025-11-20T10:48:22","modified_gmt":"2025-11-20T08:48:22","slug":"vanajan-laulun-joulukonsertti-3","status":"publish","type":"event","link":"https:\/\/www.kktavastia.fi\/vanajaveden-opisto\/tapahtumat\/vanajan-laulun-joulukonsertti-3\/","title":{"rendered":"Vanajan laulun joulukonsertti"},"content":{"rendered":"<h2>Vanajan laulun konsertti &#8221;Varjotkin on valoa&#8221;<\/h2>\n<div class=\"x14z9mp xat24cr x1lziwak x1vvkbs xtlvy1s\">Vanajan Laulun konsertti Varjotkin on valoa H\u00e4meenlinnan Palokunnantalolla sunnuntaina 23.11.2025 klo 17.<\/div>\n<div><\/div>\n<div class=\"x14z9mp xat24cr x1lziwak x1vvkbs xtlvy1s\">Konsertin johtaa tamperelainen musiikin maisteri, kanttori ja laulupedagogi Petrus Marjanen. Petrus on ollut Vanajan Laulun taiteellinen johtaja syksyst\u00e4 2023 alkaen ja vuodesta 2024 h\u00e4n on toiminut my\u00f6s Turun yliopiston kuoron taiteellisena johtajana. Konsertissa lauletaan Petruksen tuoreita sovituksia kuorolle. Kuoron omien laulajien s\u00e4vellyksi\u00e4 ja sovituksia kuullaan kantaesityksin\u00e4 Jorma Kukkoselta ja Kari Kuparilta. Lis\u00e4ksi konsertin ohjelmisto muodostuu kuorolaisten omista toivelauluista vuosien varrelta.<\/div>\n<div class=\"x14z9mp xat24cr x1lziwak x1vvkbs xtlvy1s\"><\/div>\n<div class=\"x14z9mp xat24cr x1lziwak x1vvkbs xtlvy1s\">Liput 20 \u20ac<br class=\"html-br\" \/>Opiskelijat ja 7-16-vuotiaat 10 \u20ac<br class=\"html-br\" \/>Alle 7-vuotiaat maksutta. K\u00e4teinen ja pankkikortti.<br class=\"html-br\" \/>Konsertin kesto noin tunti.<br class=\"html-br\" \/>Varaukset puh. 040 708 3447.<\/div>\n<p>Tervetuloa!<\/p>\n<p>&nbsp;<\/p>\n<p>&nbsp;<\/p>\n","protected":false},"featured_media":0,"template":"","meta":{"_acf_changed":false,"_relevanssi_hide_post":"","_relevanssi_hide_content":"","_relevanssi_pin_for_all":"","_relevanssi_pin_keywords":"","_relevanssi_unpin_keywords":"","_relevanssi_related_keywords":"","_relevanssi_related_include_ids":"0","_relevanssi_related_exclude_ids":"","_relevanssi_related_no_append":"","_relevanssi_related_not_related":"","_relevanssi_related_posts":"11534,14583,11890,17383,19243,14950","_relevanssi_noindex_reason":"","footnotes":""},"class_list":["post-21907","event","type-event","status-publish","hentry"],"acf":[],"yoast_head":"<title>Vanajan laulun joulukonsertti - Vanajaveden Opisto<\/title>\n<meta name=\"robots\" content=\"index, follow, max-snippet:-1, max-image-preview:large, max-video-preview:-1\" \/>\n<link rel=\"canonical\" href=\"https:\/\/www.kktavastia.fi\/vanajaveden-opisto\/tapahtumat\/vanajan-laulun-joulukonsertti-3\/\" \/>\n<meta property=\"og:locale\" content=\"fi_FI\" \/>\n<meta property=\"og:type\" content=\"article\" \/>\n<meta property=\"og:title\" content=\"Vanajan laulun joulukonsertti - Vanajaveden Opisto\" \/>\n<meta property=\"og:description\" content=\"Vanajan laulun konsertti &#8221;Varjotkin on valoa&#8221; Vanajan Laulun konsertti Varjotkin on valoa H\u00e4meenlinnan Palokunnantalolla sunnuntaina 23.11.2025 klo 17. Konsertin johtaa [&hellip;]\" \/>\n<meta property=\"og:url\" content=\"https:\/\/www.kktavastia.fi\/vanajaveden-opisto\/tapahtumat\/vanajan-laulun-joulukonsertti-3\/\" \/>\n<meta property=\"og:site_name\" content=\"Vanajaveden Opisto\" \/>\n<meta property=\"article:modified_time\" content=\"2025-11-20T08:48:22+00:00\" \/>\n<meta name=\"twitter:card\" content=\"summary_large_image\" \/>\n<script type=\"application\/ld+json\" class=\"yoast-schema-graph\">{\"@context\":\"https:\\\/\\\/schema.org\",\"@graph\":[{\"@type\":\"WebPage\",\"@id\":\"https:\\\/\\\/www.kktavastia.fi\\\/vanajaveden-opisto\\\/tapahtumat\\\/vanajan-laulun-joulukonsertti-3\\\/\",\"url\":\"https:\\\/\\\/www.kktavastia.fi\\\/vanajaveden-opisto\\\/tapahtumat\\\/vanajan-laulun-joulukonsertti-3\\\/\",\"name\":\"Vanajan laulun joulukonsertti - Vanajaveden Opisto\",\"isPartOf\":{\"@id\":\"https:\\\/\\\/www.kktavastia.fi\\\/vanajaveden-opisto\\\/#website\"},\"datePublished\":\"2025-11-20T08:48:10+00:00\",\"dateModified\":\"2025-11-20T08:48:22+00:00\",\"breadcrumb\":{\"@id\":\"https:\\\/\\\/www.kktavastia.fi\\\/vanajaveden-opisto\\\/tapahtumat\\\/vanajan-laulun-joulukonsertti-3\\\/#breadcrumb\"},\"inLanguage\":\"fi\",\"potentialAction\":[{\"@type\":\"ReadAction\",\"target\":[\"https:\\\/\\\/www.kktavastia.fi\\\/vanajaveden-opisto\\\/tapahtumat\\\/vanajan-laulun-joulukonsertti-3\\\/\"]}]},{\"@type\":\"BreadcrumbList\",\"@id\":\"https:\\\/\\\/www.kktavastia.fi\\\/vanajaveden-opisto\\\/tapahtumat\\\/vanajan-laulun-joulukonsertti-3\\\/#breadcrumb\",\"itemListElement\":[{\"@type\":\"ListItem\",\"position\":1,\"name\":\"Home\",\"item\":\"https:\\\/\\\/www.kktavastia.fi\\\/vanajaveden-opisto\\\/\"},{\"@type\":\"ListItem\",\"position\":2,\"name\":\"Tapahtumat\",\"item\":\"https:\\\/\\\/www.kktavastia.fi\\\/vanajaveden-opisto\\\/tapahtumat\\\/\"},{\"@type\":\"ListItem\",\"position\":3,\"name\":\"Vanajan laulun joulukonsertti\"}]},{\"@type\":\"WebSite\",\"@id\":\"https:\\\/\\\/www.kktavastia.fi\\\/vanajaveden-opisto\\\/#website\",\"url\":\"https:\\\/\\\/www.kktavastia.fi\\\/vanajaveden-opisto\\\/\",\"name\":\"Vanajaveden Opisto\",\"description\":\"\",\"potentialAction\":[{\"@type\":\"SearchAction\",\"target\":{\"@type\":\"EntryPoint\",\"urlTemplate\":\"https:\\\/\\\/www.kktavastia.fi\\\/vanajaveden-opisto\\\/?s={search_term_string}\"},\"query-input\":{\"@type\":\"PropertyValueSpecification\",\"valueRequired\":true,\"valueName\":\"search_term_string\"}}],\"inLanguage\":\"fi\"}]}<\/script>","yoast_head_json":{"title":"Vanajan laulun joulukonsertti - Vanajaveden Opisto","robots":{"index":"index","follow":"follow","max-snippet":"max-snippet:-1","max-image-preview":"max-image-preview:large","max-video-preview":"max-video-preview:-1"},"canonical":"https:\/\/www.kktavastia.fi\/vanajaveden-opisto\/tapahtumat\/vanajan-laulun-joulukonsertti-3\/","og_locale":"fi_FI","og_type":"article","og_title":"Vanajan laulun joulukonsertti - Vanajaveden Opisto","og_description":"Vanajan laulun konsertti &#8221;Varjotkin on valoa&#8221; Vanajan Laulun konsertti Varjotkin on valoa H\u00e4meenlinnan Palokunnantalolla sunnuntaina 23.11.2025 klo 17. Konsertin johtaa [&hellip;]","og_url":"https:\/\/www.kktavastia.fi\/vanajaveden-opisto\/tapahtumat\/vanajan-laulun-joulukonsertti-3\/","og_site_name":"Vanajaveden Opisto","article_modified_time":"2025-11-20T08:48:22+00:00","twitter_card":"summary_large_image","schema":{"@context":"https:\/\/schema.org","@graph":[{"@type":"WebPage","@id":"https:\/\/www.kktavastia.fi\/vanajaveden-opisto\/tapahtumat\/vanajan-laulun-joulukonsertti-3\/","url":"https:\/\/www.kktavastia.fi\/vanajaveden-opisto\/tapahtumat\/vanajan-laulun-joulukonsertti-3\/","name":"Vanajan laulun joulukonsertti - Vanajaveden Opisto","isPartOf":{"@id":"https:\/\/www.kktavastia.fi\/vanajaveden-opisto\/#website"},"datePublished":"2025-11-20T08:48:10+00:00","dateModified":"2025-11-20T08:48:22+00:00","breadcrumb":{"@id":"https:\/\/www.kktavastia.fi\/vanajaveden-opisto\/tapahtumat\/vanajan-laulun-joulukonsertti-3\/#breadcrumb"},"inLanguage":"fi","potentialAction":[{"@type":"ReadAction","target":["https:\/\/www.kktavastia.fi\/vanajaveden-opisto\/tapahtumat\/vanajan-laulun-joulukonsertti-3\/"]}]},{"@type":"BreadcrumbList","@id":"https:\/\/www.kktavastia.fi\/vanajaveden-opisto\/tapahtumat\/vanajan-laulun-joulukonsertti-3\/#breadcrumb","itemListElement":[{"@type":"ListItem","position":1,"name":"Home","item":"https:\/\/www.kktavastia.fi\/vanajaveden-opisto\/"},{"@type":"ListItem","position":2,"name":"Tapahtumat","item":"https:\/\/www.kktavastia.fi\/vanajaveden-opisto\/tapahtumat\/"},{"@type":"ListItem","position":3,"name":"Vanajan laulun joulukonsertti"}]},{"@type":"WebSite","@id":"https:\/\/www.kktavastia.fi\/vanajaveden-opisto\/#website","url":"https:\/\/www.kktavastia.fi\/vanajaveden-opisto\/","name":"Vanajaveden Opisto","description":"","potentialAction":[{"@type":"SearchAction","target":{"@type":"EntryPoint","urlTemplate":"https:\/\/www.kktavastia.fi\/vanajaveden-opisto\/?s={search_term_string}"},"query-input":{"@type":"PropertyValueSpecification","valueRequired":true,"valueName":"search_term_string"}}],"inLanguage":"fi"}]}},"_links":{"self":[{"href":"https:\/\/www.kktavastia.fi\/vanajaveden-opisto\/wp-json\/wp\/v2\/event\/21907","targetHints":{"allow":["GET"]}}],"collection":[{"href":"https:\/\/www.kktavastia.fi\/vanajaveden-opisto\/wp-json\/wp\/v2\/event"}],"about":[{"href":"https:\/\/www.kktavastia.fi\/vanajaveden-opisto\/wp-json\/wp\/v2\/types\/event"}],"version-history":[{"count":2,"href":"https:\/\/www.kktavastia.fi\/vanajaveden-opisto\/wp-json\/wp\/v2\/event\/21907\/revisions"}],"predecessor-version":[{"id":21910,"href":"https:\/\/www.kktavastia.fi\/vanajaveden-opisto\/wp-json\/wp\/v2\/event\/21907\/revisions\/21910"}],"wp:attachment":[{"href":"https:\/\/www.kktavastia.fi\/vanajaveden-opisto\/wp-json\/wp\/v2\/media?parent=21907"}],"curies":[{"name":"wp","href":"https:\/\/api.w.org\/{rel}","templated":true}]}}

<h2>Vanajan laulun konsertti &#8221;Varjotkin on valoa&#8221;</h2>
<div class="x14z9mp xat24cr x1lziwak x1vvkbs xtlvy1s">Vanajan Laulun konsertti Varjotkin on valoa Hämeenlinnan Palokunnantalolla sunnuntaina 23.11.2025 klo 17.</div>
<div></div>
<div class="x14z9mp xat24cr x1lziwak x1vvkbs xtlvy1s">Konsertin johtaa tamperelainen musiikin maisteri, kanttori ja laulupedagogi Petrus Marjanen. Petrus on ollut Vanajan Laulun taiteellinen johtaja syksystä 2023 alkaen ja vuodesta 2024 hän on toiminut myös Turun yliopiston kuoron taiteellisena johtajana. Konsertissa lauletaan Petruksen tuoreita sovituksia kuorolle. Kuoron omien laulajien sävellyksiä ja sovituksia kuullaan kantaesityksinä Jorma Kukkoselta ja Kari Kuparilta. Lisäksi konsertin ohjelmisto muodostuu kuorolaisten omista toivelauluista vuosien varrelta.</div>
<div class="x14z9mp xat24cr x1lziwak x1vvkbs xtlvy1s"></div>
<div class="x14z9mp xat24cr x1lziwak x1vvkbs xtlvy1s">Liput 20 €<br class="html-br" />Opiskelijat ja 7-16-vuotiaat 10 €<br class="html-br" />Alle 7-vuotiaat maksutta. Käteinen ja pankkikortti.<br class="html-br" />Konsertin kesto noin tunti.<br class="html-br" />Varaukset puh. 040 708 3447.</div>
<p>Tervetuloa!</p>
<p>&nbsp;</p>
<p>&nbsp;</p>

<title>Vanajan laulun joulukonsertti - Vanajaveden Opisto</title>
<meta name="robots" content="index, follow, max-snippet:-1, max-image-preview:large, max-video-preview:-1" />
<link rel="canonical" href="https://www.kktavastia.fi/vanajaveden-opisto/tapahtumat/vanajan-laulun-joulukonsertti-3/" />
<meta property="og:locale" content="fi_FI" />
<meta property="og:type" content="article" />
<meta property="og:title" content="Vanajan laulun joulukonsertti - Vanajaveden Opisto" />
<meta property="og:description" content="Vanajan laulun konsertti &#8221;Varjotkin on valoa&#8221; Vanajan Laulun konsertti Varjotkin on valoa Hämeenlinnan Palokunnantalolla sunnuntaina 23.11.2025 klo 17. Konsertin johtaa [&hellip;]" />
<meta property="og:url" content="https://www.kktavastia.fi/vanajaveden-opisto/tapahtumat/vanajan-laulun-joulukonsertti-3/" />
<meta property="og:site_name" content="Vanajaveden Opisto" />
<meta property="article:modified_time" content="2025-11-20T08:48:22+00:00" />
<meta name="twitter:card" content="summary_large_image" />
<script type="application/ld+json" class="yoast-schema-graph">{"@context":"https:\/\/schema.org","@graph":[{"@type":"WebPage","@id":"https:\/\/www.kktavastia.fi\/vanajaveden-opisto\/tapahtumat\/vanajan-laulun-joulukonsertti-3\/","url":"https:\/\/www.kktavastia.fi\/vanajaveden-opisto\/tapahtumat\/vanajan-laulun-joulukonsertti-3\/","name":"Vanajan laulun joulukonsertti - Vanajaveden Opisto","isPartOf":{"@id":"https:\/\/www.kktavastia.fi\/vanajaveden-opisto\/#website"},"datePublished":"2025-11-20T08:48:10+00:00","dateModified":"2025-11-20T08:48:22+00:00","breadcrumb":{"@id":"https:\/\/www.kktavastia.fi\/vanajaveden-opisto\/tapahtumat\/vanajan-laulun-joulukonsertti-3\/#breadcrumb"},"inLanguage":"fi","potentialAction":[{"@type":"ReadAction","target":["https:\/\/www.kktavastia.fi\/vanajaveden-opisto\/tapahtumat\/vanajan-laulun-joulukonsertti-3\/"]}]},{"@type":"BreadcrumbList","@id":"https:\/\/www.kktavastia.fi\/vanajaveden-opisto\/tapahtumat\/vanajan-laulun-joulukonsertti-3\/#breadcrumb","itemListElement":[{"@type":"ListItem","position":1,"name":"Home","item":"https:\/\/www.kktavastia.fi\/vanajaveden-opisto\/"},{"@type":"ListItem","position":2,"name":"Tapahtumat","item":"https:\/\/www.kktavastia.fi\/vanajaveden-opisto\/tapahtumat\/"},{"@type":"ListItem","position":3,"name":"Vanajan laulun joulukonsertti"}]},{"@type":"WebSite","@id":"https:\/\/www.kktavastia.fi\/vanajaveden-opisto\/#website","url":"https:\/\/www.kktavastia.fi\/vanajaveden-opisto\/","name":"Vanajaveden Opisto","description":"","potentialAction":[{"@type":"SearchAction","target":{"@type":"EntryPoint","urlTemplate":"https:\/\/www.kktavastia.fi\/vanajaveden-opisto\/?s={search_term_string}"},"query-input":{"@type":"PropertyValueSpecification","valueRequired":true,"valueName":"search_term_string"}}],"inLanguage":"fi"}]}</script>

Vanajan laulun konsertti &#8221;Varjotkin on valoa&#8221; Vanajan Laulun konsertti Varjotkin on valoa Hämeenlinnan Palokunnantalolla sunnuntaina 23.11.2025 klo 17. Konsertin johtaa [&hellip;]
