{"id":19637,"date":"2025-03-05T15:09:19","date_gmt":"2025-03-05T13:09:19","guid":{"rendered":"https:\/\/www.kktavastia.fi\/vanajaveden-opisto\/?post_type=event&#038;p=19637"},"modified":"2025-04-14T14:11:43","modified_gmt":"2025-04-14T11:11:43","slug":"kevaan-konsertteja","status":"publish","type":"event","link":"https:\/\/www.kktavastia.fi\/vanajaveden-opisto\/tapahtumat\/kevaan-konsertteja\/","title":{"rendered":"Kev\u00e4\u00e4n konsertteja"},"content":{"rendered":"<h2>Tervetuloa Vanajaveden Opiston kev\u00e4\u00e4n 2025 konsertteihin, joihin on vapaa p\u00e4\u00e4sy ellei toisin mainita.<\/h2>\n<h3><strong>Tulevat konsertit:<\/strong><\/h3>\n<h3>Pelimanniyhtye-Kamuset<\/h3>\n<p>Esiintyy potilaille Kanta-H\u00e4meen keskussairaalassa <strong>ke 16.4.2025 klo 18\u00a0<\/strong><\/p>\n<h3><strong><br \/>\nElokuvissa \u2013<\/strong> elokuvamusiikkikonsertti<\/h3>\n<p>Hattulan viihdesoittajat ja Hyvink\u00e4\u00e4n harmonikkakerho<br \/>\n<strong>pe 25.4. klo 18.30<\/strong> Id\u00e4np\u00e4\u00e4n torpalla H\u00e4meenlinnassa ja <strong>la 26.4. klo 14<\/strong> Hyvink\u00e4\u00e4n j\u00e4rjest\u00f6talolla<\/p>\n<p>Hattulan viihdesoittajien solistina Jussi R\u00e4m\u00f6, johtaa Anita Lehto<br \/>\nLiput: 20 \u20ac.<\/p>\n<h3><strong><br \/>\nHavinan<\/strong> juhlakonsertti:<strong> Havina 25 vuotta<\/strong><\/h3>\n<p>Parhaita paloja vuosien varrelta sek\u00e4 uusia suosikkeja taattuun Havina-tyyliin!<\/p>\n<p><strong>la 26.4. klo 17<\/strong> Palokunnantalolla, H\u00e4meenlinna<br \/>\nJohtaa Annamaria Karhulahti, pianossa Anu Silvasti<\/p>\n<p>Liput 25 e, sis\u00e4lt\u00e4\u00e4 v\u00e4liaikatarjoilun.<\/p>\n<p>Varmista paikkasi ja osta liput ennakkoon: ilmoita nimesi ja lippujen m\u00e4\u00e4r\u00e4 <a href=\"mailto:havinaliput@gmail.com\">havinaliput@gmail.com<\/a> (ennakkomyynti 18.4. saakka), niin saat ohjeet maksusta ja lippujen toimituksesta vastausviestin\u00e4.<\/p>\n<p>&nbsp;<\/p>\n<h3>Vanajan Laulu: Kes\u00e4y\u00f6t<\/h3>\n<p>Palokunnantalo la 17.5. klo 13<\/p>\n<p>johtaa Petrus Marjanen<\/p>\n<p>Liput 20 e, opiskelijat ja 7-16 v. 10e, alle 7-vuotiaat ilmaiseksi<\/p>\n<p>Lippuvaraukset puh. 040 708 3447<\/p>\n<p>&nbsp;<\/p>\n<p><img loading=\"lazy\" decoding=\"async\" class=\"alignnone  wp-image-19792\" src=\"https:\/\/www.kktavastia.fi\/media\/sites\/3\/vanajan-laulu-2025-213x300.jpg\" alt=\"\" width=\"436\" height=\"614\" srcset=\"https:\/\/www.kktavastia.fi\/media\/sites\/3\/vanajan-laulu-2025-213x300.jpg 213w, https:\/\/www.kktavastia.fi\/media\/sites\/3\/vanajan-laulu-2025-726x1024.jpg 726w, https:\/\/www.kktavastia.fi\/media\/sites\/3\/vanajan-laulu-2025-768x1083.jpg 768w, https:\/\/www.kktavastia.fi\/media\/sites\/3\/vanajan-laulu-2025-1090x1536.jpg 1090w, https:\/\/www.kktavastia.fi\/media\/sites\/3\/vanajan-laulu-2025-326x460.jpg 326w, https:\/\/www.kktavastia.fi\/media\/sites\/3\/vanajan-laulu-2025-14x20.jpg 14w, https:\/\/www.kktavastia.fi\/media\/sites\/3\/vanajan-laulu-2025.jpg 1135w\" sizes=\"auto, (max-width: 436px) 100vw, 436px\" \/><\/p>\n<p>&nbsp;<\/p>\n<p>&nbsp;<\/p>\n","protected":false},"featured_media":0,"template":"","meta":{"_acf_changed":false,"_relevanssi_hide_post":"","_relevanssi_hide_content":"","_relevanssi_pin_for_all":"","_relevanssi_pin_keywords":"","_relevanssi_unpin_keywords":"","_relevanssi_related_keywords":"","_relevanssi_related_include_ids":"0","_relevanssi_related_exclude_ids":"","_relevanssi_related_no_append":"","_relevanssi_related_not_related":"","_relevanssi_related_posts":"19243,17311,19680,19682,19724,14564","_relevanssi_noindex_reason":"","footnotes":""},"class_list":["post-19637","event","type-event","status-publish","hentry"],"acf":[],"yoast_head":"<title>Kev\u00e4\u00e4n konsertteja - Vanajaveden Opisto<\/title>\n<meta name=\"robots\" content=\"index, follow, max-snippet:-1, max-image-preview:large, max-video-preview:-1\" \/>\n<link rel=\"canonical\" href=\"https:\/\/www.kktavastia.fi\/vanajaveden-opisto\/tapahtumat\/kevaan-konsertteja\/\" \/>\n<meta property=\"og:locale\" content=\"fi_FI\" \/>\n<meta property=\"og:type\" content=\"article\" \/>\n<meta property=\"og:title\" content=\"Kev\u00e4\u00e4n konsertteja - Vanajaveden Opisto\" \/>\n<meta property=\"og:description\" content=\"Tervetuloa Vanajaveden Opiston kev\u00e4\u00e4n 2025 konsertteihin, joihin on vapaa p\u00e4\u00e4sy ellei toisin mainita. Tulevat konsertit: Pelimanniyhtye-Kamuset Esiintyy potilaille Kanta-H\u00e4meen keskussairaalassa [&hellip;]\" \/>\n<meta property=\"og:url\" content=\"https:\/\/www.kktavastia.fi\/vanajaveden-opisto\/tapahtumat\/kevaan-konsertteja\/\" \/>\n<meta property=\"og:site_name\" content=\"Vanajaveden Opisto\" \/>\n<meta property=\"article:modified_time\" content=\"2025-04-14T11:11:43+00:00\" \/>\n<meta property=\"og:image\" content=\"https:\/\/www.kktavastia.fi\/media\/sites\/3\/vanajan-laulu-2025.jpg\" \/>\n\t<meta property=\"og:image:width\" content=\"1135\" \/>\n\t<meta property=\"og:image:height\" content=\"1600\" \/>\n\t<meta property=\"og:image:type\" content=\"image\/jpeg\" \/>\n<meta name=\"twitter:card\" content=\"summary_large_image\" \/>\n<script type=\"application\/ld+json\" class=\"yoast-schema-graph\">{\"@context\":\"https:\\\/\\\/schema.org\",\"@graph\":[{\"@type\":\"WebPage\",\"@id\":\"https:\\\/\\\/www.kktavastia.fi\\\/vanajaveden-opisto\\\/tapahtumat\\\/kevaan-konsertteja\\\/\",\"url\":\"https:\\\/\\\/www.kktavastia.fi\\\/vanajaveden-opisto\\\/tapahtumat\\\/kevaan-konsertteja\\\/\",\"name\":\"Kev\u00e4\u00e4n konsertteja - Vanajaveden Opisto\",\"isPartOf\":{\"@id\":\"https:\\\/\\\/www.kktavastia.fi\\\/vanajaveden-opisto\\\/#website\"},\"primaryImageOfPage\":{\"@id\":\"https:\\\/\\\/www.kktavastia.fi\\\/vanajaveden-opisto\\\/tapahtumat\\\/kevaan-konsertteja\\\/#primaryimage\"},\"image\":{\"@id\":\"https:\\\/\\\/www.kktavastia.fi\\\/vanajaveden-opisto\\\/tapahtumat\\\/kevaan-konsertteja\\\/#primaryimage\"},\"thumbnailUrl\":\"https:\\\/\\\/www.kktavastia.fi\\\/media\\\/sites\\\/3\\\/vanajan-laulu-2025-213x300.jpg\",\"datePublished\":\"2025-03-05T13:09:19+00:00\",\"dateModified\":\"2025-04-14T11:11:43+00:00\",\"breadcrumb\":{\"@id\":\"https:\\\/\\\/www.kktavastia.fi\\\/vanajaveden-opisto\\\/tapahtumat\\\/kevaan-konsertteja\\\/#breadcrumb\"},\"inLanguage\":\"fi\",\"potentialAction\":[{\"@type\":\"ReadAction\",\"target\":[\"https:\\\/\\\/www.kktavastia.fi\\\/vanajaveden-opisto\\\/tapahtumat\\\/kevaan-konsertteja\\\/\"]}]},{\"@type\":\"ImageObject\",\"inLanguage\":\"fi\",\"@id\":\"https:\\\/\\\/www.kktavastia.fi\\\/vanajaveden-opisto\\\/tapahtumat\\\/kevaan-konsertteja\\\/#primaryimage\",\"url\":\"https:\\\/\\\/www.kktavastia.fi\\\/media\\\/sites\\\/3\\\/vanajan-laulu-2025-213x300.jpg\",\"contentUrl\":\"https:\\\/\\\/www.kktavastia.fi\\\/media\\\/sites\\\/3\\\/vanajan-laulu-2025-213x300.jpg\"},{\"@type\":\"BreadcrumbList\",\"@id\":\"https:\\\/\\\/www.kktavastia.fi\\\/vanajaveden-opisto\\\/tapahtumat\\\/kevaan-konsertteja\\\/#breadcrumb\",\"itemListElement\":[{\"@type\":\"ListItem\",\"position\":1,\"name\":\"Home\",\"item\":\"https:\\\/\\\/www.kktavastia.fi\\\/vanajaveden-opisto\\\/\"},{\"@type\":\"ListItem\",\"position\":2,\"name\":\"Tapahtumat\",\"item\":\"https:\\\/\\\/www.kktavastia.fi\\\/vanajaveden-opisto\\\/tapahtumat\\\/\"},{\"@type\":\"ListItem\",\"position\":3,\"name\":\"Kev\u00e4\u00e4n konsertteja\"}]},{\"@type\":\"WebSite\",\"@id\":\"https:\\\/\\\/www.kktavastia.fi\\\/vanajaveden-opisto\\\/#website\",\"url\":\"https:\\\/\\\/www.kktavastia.fi\\\/vanajaveden-opisto\\\/\",\"name\":\"Vanajaveden Opisto\",\"description\":\"\",\"potentialAction\":[{\"@type\":\"SearchAction\",\"target\":{\"@type\":\"EntryPoint\",\"urlTemplate\":\"https:\\\/\\\/www.kktavastia.fi\\\/vanajaveden-opisto\\\/?s={search_term_string}\"},\"query-input\":{\"@type\":\"PropertyValueSpecification\",\"valueRequired\":true,\"valueName\":\"search_term_string\"}}],\"inLanguage\":\"fi\"}]}<\/script>","yoast_head_json":{"title":"Kev\u00e4\u00e4n konsertteja - Vanajaveden Opisto","robots":{"index":"index","follow":"follow","max-snippet":"max-snippet:-1","max-image-preview":"max-image-preview:large","max-video-preview":"max-video-preview:-1"},"canonical":"https:\/\/www.kktavastia.fi\/vanajaveden-opisto\/tapahtumat\/kevaan-konsertteja\/","og_locale":"fi_FI","og_type":"article","og_title":"Kev\u00e4\u00e4n konsertteja - Vanajaveden Opisto","og_description":"Tervetuloa Vanajaveden Opiston kev\u00e4\u00e4n 2025 konsertteihin, joihin on vapaa p\u00e4\u00e4sy ellei toisin mainita. Tulevat konsertit: Pelimanniyhtye-Kamuset Esiintyy potilaille Kanta-H\u00e4meen keskussairaalassa [&hellip;]","og_url":"https:\/\/www.kktavastia.fi\/vanajaveden-opisto\/tapahtumat\/kevaan-konsertteja\/","og_site_name":"Vanajaveden Opisto","article_modified_time":"2025-04-14T11:11:43+00:00","og_image":[{"width":1135,"height":1600,"url":"https:\/\/www.kktavastia.fi\/media\/sites\/3\/vanajan-laulu-2025.jpg","type":"image\/jpeg"}],"twitter_card":"summary_large_image","schema":{"@context":"https:\/\/schema.org","@graph":[{"@type":"WebPage","@id":"https:\/\/www.kktavastia.fi\/vanajaveden-opisto\/tapahtumat\/kevaan-konsertteja\/","url":"https:\/\/www.kktavastia.fi\/vanajaveden-opisto\/tapahtumat\/kevaan-konsertteja\/","name":"Kev\u00e4\u00e4n konsertteja - Vanajaveden Opisto","isPartOf":{"@id":"https:\/\/www.kktavastia.fi\/vanajaveden-opisto\/#website"},"primaryImageOfPage":{"@id":"https:\/\/www.kktavastia.fi\/vanajaveden-opisto\/tapahtumat\/kevaan-konsertteja\/#primaryimage"},"image":{"@id":"https:\/\/www.kktavastia.fi\/vanajaveden-opisto\/tapahtumat\/kevaan-konsertteja\/#primaryimage"},"thumbnailUrl":"https:\/\/www.kktavastia.fi\/media\/sites\/3\/vanajan-laulu-2025-213x300.jpg","datePublished":"2025-03-05T13:09:19+00:00","dateModified":"2025-04-14T11:11:43+00:00","breadcrumb":{"@id":"https:\/\/www.kktavastia.fi\/vanajaveden-opisto\/tapahtumat\/kevaan-konsertteja\/#breadcrumb"},"inLanguage":"fi","potentialAction":[{"@type":"ReadAction","target":["https:\/\/www.kktavastia.fi\/vanajaveden-opisto\/tapahtumat\/kevaan-konsertteja\/"]}]},{"@type":"ImageObject","inLanguage":"fi","@id":"https:\/\/www.kktavastia.fi\/vanajaveden-opisto\/tapahtumat\/kevaan-konsertteja\/#primaryimage","url":"https:\/\/www.kktavastia.fi\/media\/sites\/3\/vanajan-laulu-2025-213x300.jpg","contentUrl":"https:\/\/www.kktavastia.fi\/media\/sites\/3\/vanajan-laulu-2025-213x300.jpg"},{"@type":"BreadcrumbList","@id":"https:\/\/www.kktavastia.fi\/vanajaveden-opisto\/tapahtumat\/kevaan-konsertteja\/#breadcrumb","itemListElement":[{"@type":"ListItem","position":1,"name":"Home","item":"https:\/\/www.kktavastia.fi\/vanajaveden-opisto\/"},{"@type":"ListItem","position":2,"name":"Tapahtumat","item":"https:\/\/www.kktavastia.fi\/vanajaveden-opisto\/tapahtumat\/"},{"@type":"ListItem","position":3,"name":"Kev\u00e4\u00e4n konsertteja"}]},{"@type":"WebSite","@id":"https:\/\/www.kktavastia.fi\/vanajaveden-opisto\/#website","url":"https:\/\/www.kktavastia.fi\/vanajaveden-opisto\/","name":"Vanajaveden Opisto","description":"","potentialAction":[{"@type":"SearchAction","target":{"@type":"EntryPoint","urlTemplate":"https:\/\/www.kktavastia.fi\/vanajaveden-opisto\/?s={search_term_string}"},"query-input":{"@type":"PropertyValueSpecification","valueRequired":true,"valueName":"search_term_string"}}],"inLanguage":"fi"}]}},"_links":{"self":[{"href":"https:\/\/www.kktavastia.fi\/vanajaveden-opisto\/wp-json\/wp\/v2\/event\/19637","targetHints":{"allow":["GET"]}}],"collection":[{"href":"https:\/\/www.kktavastia.fi\/vanajaveden-opisto\/wp-json\/wp\/v2\/event"}],"about":[{"href":"https:\/\/www.kktavastia.fi\/vanajaveden-opisto\/wp-json\/wp\/v2\/types\/event"}],"version-history":[{"count":17,"href":"https:\/\/www.kktavastia.fi\/vanajaveden-opisto\/wp-json\/wp\/v2\/event\/19637\/revisions"}],"predecessor-version":[{"id":19793,"href":"https:\/\/www.kktavastia.fi\/vanajaveden-opisto\/wp-json\/wp\/v2\/event\/19637\/revisions\/19793"}],"wp:attachment":[{"href":"https:\/\/www.kktavastia.fi\/vanajaveden-opisto\/wp-json\/wp\/v2\/media?parent=19637"}],"curies":[{"name":"wp","href":"https:\/\/api.w.org\/{rel}","templated":true}]}}

Kevään konsertteja

<h2>Tervetuloa Vanajaveden Opiston kevään 2025 konsertteihin, joihin on vapaa pääsy ellei toisin mainita.</h2>
<h3><strong>Tulevat konsertit:</strong></h3>
<h3>Pelimanniyhtye-Kamuset</h3>
<p>Esiintyy potilaille Kanta-Hämeen keskussairaalassa <strong>ke 16.4.2025 klo 18 </strong></p>
<h3><strong><br />
Elokuvissa –</strong> elokuvamusiikkikonsertti</h3>
<p>Hattulan viihdesoittajat ja Hyvinkään harmonikkakerho<br />
<strong>pe 25.4. klo 18.30</strong> Idänpään torpalla Hämeenlinnassa ja <strong>la 26.4. klo 14</strong> Hyvinkään järjestötalolla</p>
<p>Hattulan viihdesoittajien solistina Jussi Rämö, johtaa Anita Lehto<br />
Liput: 20 €.</p>
<h3><strong><br />
Havinan</strong> juhlakonsertti:<strong> Havina 25 vuotta</strong></h3>
<p>Parhaita paloja vuosien varrelta sekä uusia suosikkeja taattuun Havina-tyyliin!</p>
<p><strong>la 26.4. klo 17</strong> Palokunnantalolla, Hämeenlinna<br />
Johtaa Annamaria Karhulahti, pianossa Anu Silvasti</p>
<p>Liput 25 e, sisältää väliaikatarjoilun.</p>
<p>Varmista paikkasi ja osta liput ennakkoon: ilmoita nimesi ja lippujen määrä <a href="mailto:havinaliput@gmail.com">havinaliput@gmail.com</a> (ennakkomyynti 18.4. saakka), niin saat ohjeet maksusta ja lippujen toimituksesta vastausviestinä.</p>
<p>&nbsp;</p>
<h3>Vanajan Laulu: Kesäyöt</h3>
<p>Palokunnantalo la 17.5. klo 13</p>
<p>johtaa Petrus Marjanen</p>
<p>Liput 20 e, opiskelijat ja 7-16 v. 10e, alle 7-vuotiaat ilmaiseksi</p>
<p>Lippuvaraukset puh. 040 708 3447</p>
<p>&nbsp;</p>
<p><img loading="lazy" decoding="async" class="alignnone  wp-image-19792" src="https://www.kktavastia.fi/media/sites/3/vanajan-laulu-2025-213x300.jpg" alt="" width="436" height="614" srcset="https://www.kktavastia.fi/media/sites/3/vanajan-laulu-2025-213x300.jpg 213w, https://www.kktavastia.fi/media/sites/3/vanajan-laulu-2025-726x1024.jpg 726w, https://www.kktavastia.fi/media/sites/3/vanajan-laulu-2025-768x1083.jpg 768w, https://www.kktavastia.fi/media/sites/3/vanajan-laulu-2025-1090x1536.jpg 1090w, https://www.kktavastia.fi/media/sites/3/vanajan-laulu-2025-326x460.jpg 326w, https://www.kktavastia.fi/media/sites/3/vanajan-laulu-2025-14x20.jpg 14w, https://www.kktavastia.fi/media/sites/3/vanajan-laulu-2025.jpg 1135w" sizes="auto, (max-width: 436px) 100vw, 436px" /></p>
<p>&nbsp;</p>
<p>&nbsp;</p>

<title>Kevään konsertteja - Vanajaveden Opisto</title>
<meta name="robots" content="index, follow, max-snippet:-1, max-image-preview:large, max-video-preview:-1" />
<link rel="canonical" href="https://www.kktavastia.fi/vanajaveden-opisto/tapahtumat/kevaan-konsertteja/" />
<meta property="og:locale" content="fi_FI" />
<meta property="og:type" content="article" />
<meta property="og:title" content="Kevään konsertteja - Vanajaveden Opisto" />
<meta property="og:description" content="Tervetuloa Vanajaveden Opiston kevään 2025 konsertteihin, joihin on vapaa pääsy ellei toisin mainita. Tulevat konsertit: Pelimanniyhtye-Kamuset Esiintyy potilaille Kanta-Hämeen keskussairaalassa [&hellip;]" />
<meta property="og:url" content="https://www.kktavastia.fi/vanajaveden-opisto/tapahtumat/kevaan-konsertteja/" />
<meta property="og:site_name" content="Vanajaveden Opisto" />
<meta property="article:modified_time" content="2025-04-14T11:11:43+00:00" />
<meta property="og:image" content="https://www.kktavastia.fi/media/sites/3/vanajan-laulu-2025.jpg" />
	<meta property="og:image:width" content="1135" />
	<meta property="og:image:height" content="1600" />
	<meta property="og:image:type" content="image/jpeg" />
<meta name="twitter:card" content="summary_large_image" />
<script type="application/ld+json" class="yoast-schema-graph">{"@context":"https:\/\/schema.org","@graph":[{"@type":"WebPage","@id":"https:\/\/www.kktavastia.fi\/vanajaveden-opisto\/tapahtumat\/kevaan-konsertteja\/","url":"https:\/\/www.kktavastia.fi\/vanajaveden-opisto\/tapahtumat\/kevaan-konsertteja\/","name":"Kevään konsertteja - Vanajaveden Opisto","isPartOf":{"@id":"https:\/\/www.kktavastia.fi\/vanajaveden-opisto\/#website"},"primaryImageOfPage":{"@id":"https:\/\/www.kktavastia.fi\/vanajaveden-opisto\/tapahtumat\/kevaan-konsertteja\/#primaryimage"},"image":{"@id":"https:\/\/www.kktavastia.fi\/vanajaveden-opisto\/tapahtumat\/kevaan-konsertteja\/#primaryimage"},"thumbnailUrl":"https:\/\/www.kktavastia.fi\/media\/sites\/3\/vanajan-laulu-2025-213x300.jpg","datePublished":"2025-03-05T13:09:19+00:00","dateModified":"2025-04-14T11:11:43+00:00","breadcrumb":{"@id":"https:\/\/www.kktavastia.fi\/vanajaveden-opisto\/tapahtumat\/kevaan-konsertteja\/#breadcrumb"},"inLanguage":"fi","potentialAction":[{"@type":"ReadAction","target":["https:\/\/www.kktavastia.fi\/vanajaveden-opisto\/tapahtumat\/kevaan-konsertteja\/"]}]},{"@type":"ImageObject","inLanguage":"fi","@id":"https:\/\/www.kktavastia.fi\/vanajaveden-opisto\/tapahtumat\/kevaan-konsertteja\/#primaryimage","url":"https:\/\/www.kktavastia.fi\/media\/sites\/3\/vanajan-laulu-2025-213x300.jpg","contentUrl":"https:\/\/www.kktavastia.fi\/media\/sites\/3\/vanajan-laulu-2025-213x300.jpg"},{"@type":"BreadcrumbList","@id":"https:\/\/www.kktavastia.fi\/vanajaveden-opisto\/tapahtumat\/kevaan-konsertteja\/#breadcrumb","itemListElement":[{"@type":"ListItem","position":1,"name":"Home","item":"https:\/\/www.kktavastia.fi\/vanajaveden-opisto\/"},{"@type":"ListItem","position":2,"name":"Tapahtumat","item":"https:\/\/www.kktavastia.fi\/vanajaveden-opisto\/tapahtumat\/"},{"@type":"ListItem","position":3,"name":"Kevään konsertteja"}]},{"@type":"WebSite","@id":"https:\/\/www.kktavastia.fi\/vanajaveden-opisto\/#website","url":"https:\/\/www.kktavastia.fi\/vanajaveden-opisto\/","name":"Vanajaveden Opisto","description":"","potentialAction":[{"@type":"SearchAction","target":{"@type":"EntryPoint","urlTemplate":"https:\/\/www.kktavastia.fi\/vanajaveden-opisto\/?s={search_term_string}"},"query-input":{"@type":"PropertyValueSpecification","valueRequired":true,"valueName":"search_term_string"}}],"inLanguage":"fi"}]}</script>

Kevään konsertteja - Vanajaveden Opisto

Tervetuloa Vanajaveden Opiston kevään 2025 konsertteihin, joihin on vapaa pääsy ellei toisin mainita. Tulevat konsertit: Pelimanniyhtye-Kamuset Esiintyy potilaille Kanta-Hämeen keskussairaalassa [&hellip;]
