{"id":231,"date":"2026-04-08T11:23:42","date_gmt":"2026-04-08T08:23:42","guid":{"rendered":"https:\/\/www.kktavastia.fi\/urheiluakatemia-tavastia\/?page_id=231"},"modified":"2026-04-14T10:20:08","modified_gmt":"2026-04-14T07:20:08","slug":"hieronta-ja-naprapatiapalvelut","status":"publish","type":"page","link":"https:\/\/www.kktavastia.fi\/urheiluakatemia-tavastia\/asiantuntijatoiminta\/hieronta-ja-naprapatiapalvelut\/","title":{"rendered":"Hieronta- ja naprapatiapalvelut"},"content":{"rendered":"\n<p>Apua mm. selk\u00e4rankaper\u00e4isiin ongelmiin, lihas- ja j\u00e4nnealueiden kiputiloihin, raajojen puutumisoireisiin ja urheiluvammoihin. My\u00f6s perinteiset hierontapalvelut urheilijoille.<\/p>\n\n\n\n<p>Hinnat urheiluakatemialaisille:<\/p>\n\n\n\n<ul class=\"wp-block-list\">\n<li>75 min\/80,10e (+ 3,70e Kanta-maksu): Ensik\u00e4ynti \u2013 Urheilijan kartoitus &amp; tilanteeseen muokattu harjoitusohjelma.<\/li>\n\n\n\n<li>50 min\/67,50e (+ 3,70e Kanta-maksu): Jatkok\u00e4ynti \u2013 Harjoitusohjelman ja tilanteen p\u00e4ivitys.<\/li>\n\n\n\n<li>30 min\/55e (+ 3,70e Kanta-maksu): Kontrollik\u00e4ynti, varattavissa erikseen sovittuna.<\/li>\n\n\n\n<li>My\u00f6s hieronnat 30, 50 tai 75 min. Sama hinnoittelu.<\/li>\n<\/ul>\n\n\n\n<h3 class=\"wp-block-heading\">Yhteystiedot<\/h3>\n\n\n\n<div class=\"wp-block-media-text is-stacked-on-mobile\" style=\"grid-template-columns:15% auto\"><figure class=\"wp-block-media-text__media\"><img loading=\"lazy\" decoding=\"async\" width=\"945\" height=\"1024\" src=\"https:\/\/www.kktavastia.fi\/media\/sites\/10\/juho-pitkanen-945x1024.jpg\" alt=\"\" class=\"wp-image-466 size-full\" srcset=\"https:\/\/www.kktavastia.fi\/media\/sites\/10\/juho-pitkanen-945x1024.jpg 945w, https:\/\/www.kktavastia.fi\/media\/sites\/10\/juho-pitkanen-277x300.jpg 277w, https:\/\/www.kktavastia.fi\/media\/sites\/10\/juho-pitkanen-768x832.jpg 768w, https:\/\/www.kktavastia.fi\/media\/sites\/10\/juho-pitkanen-1418x1536.jpg 1418w, https:\/\/www.kktavastia.fi\/media\/sites\/10\/juho-pitkanen-1890x2048.jpg 1890w, https:\/\/www.kktavastia.fi\/media\/sites\/10\/juho-pitkanen-425x460.jpg 425w, https:\/\/www.kktavastia.fi\/media\/sites\/10\/juho-pitkanen-18x20.jpg 18w\" sizes=\"auto, (max-width: 945px) 100vw, 945px\" \/><\/figure><div class=\"wp-block-media-text__content\">\n<p>Juho Pitk\u00e4nen, Naprapaatti (AMK)<br>Sibeliuksenkatu 4,\u00a013100 H\u00e4meenlinna\u00a0\u2013 Rela-Hierojat<br>Ajanvaraus:\u00a0<a href=\"https:\/\/www.naprapaattipitkanen.fi\/\">Naprapaatti Pitk\u00e4nen<\/a><br>p. 044 555 4274<br><a href=\"mailto:naprapaattipitkanen@gmail.com\">naprapaattipitkanen@gmail.com<\/a><\/p>\n<\/div><\/div>\n\n\n\n<p><\/p>\n","protected":false},"excerpt":{"rendered":"<p>Apua mm. selk\u00e4rankaper\u00e4isiin ongelmiin, lihas- ja j\u00e4nnealueiden kiputiloihin, raajojen puutumisoireisiin ja urheiluvammoihin. My\u00f6s perinteiset hierontapalvelut urheilijoille. Hinnat urheiluakatemialaisille: Yhteystiedot Juho [&hellip;]<\/p>\n","protected":false},"author":6,"featured_media":0,"parent":28,"menu_order":0,"comment_status":"closed","ping_status":"closed","template":"","meta":{"_acf_changed":false,"_relevanssi_hide_post":"","_relevanssi_hide_content":"","_relevanssi_pin_for_all":"","_relevanssi_pin_keywords":"","_relevanssi_unpin_keywords":"","_relevanssi_related_keywords":"","_relevanssi_related_include_ids":"","_relevanssi_related_exclude_ids":"","_relevanssi_related_no_append":"","_relevanssi_related_not_related":"","_relevanssi_related_posts":"129,119,122,127,124,116","_relevanssi_noindex_reason":"","footnotes":""},"class_list":["post-231","page","type-page","status-publish","hentry"],"acf":[],"yoast_head":"<title>Hieronta- ja naprapatiapalvelut - Urheiluakatemia Tavastia<\/title>\n<meta name=\"robots\" content=\"index, follow, max-snippet:-1, max-image-preview:large, max-video-preview:-1\" \/>\n<link rel=\"canonical\" href=\"https:\/\/www.kktavastia.fi\/urheiluakatemia-tavastia\/asiantuntijatoiminta\/hieronta-ja-naprapatiapalvelut\/\" \/>\n<meta property=\"og:locale\" content=\"fi_FI\" \/>\n<meta property=\"og:type\" content=\"article\" \/>\n<meta property=\"og:title\" content=\"Hieronta- ja naprapatiapalvelut - Urheiluakatemia Tavastia\" \/>\n<meta property=\"og:description\" content=\"Apua mm. selk\u00e4rankaper\u00e4isiin ongelmiin, lihas- ja j\u00e4nnealueiden kiputiloihin, raajojen puutumisoireisiin ja urheiluvammoihin. My\u00f6s perinteiset hierontapalvelut urheilijoille. Hinnat urheiluakatemialaisille: Yhteystiedot Juho [&hellip;]\" \/>\n<meta property=\"og:url\" content=\"https:\/\/www.kktavastia.fi\/urheiluakatemia-tavastia\/asiantuntijatoiminta\/hieronta-ja-naprapatiapalvelut\/\" \/>\n<meta property=\"og:site_name\" content=\"Urheiluakatemia Tavastia\" \/>\n<meta property=\"article:modified_time\" content=\"2026-04-14T07:20:08+00:00\" \/>\n<meta property=\"og:image\" content=\"https:\/\/www.kktavastia.fi\/media\/sites\/10\/juho-pitkanen-scaled.jpg\" \/>\n\t<meta property=\"og:image:width\" content=\"2363\" \/>\n\t<meta property=\"og:image:height\" content=\"2560\" \/>\n\t<meta property=\"og:image:type\" content=\"image\/jpeg\" \/>\n<meta name=\"twitter:card\" content=\"summary_large_image\" \/>\n<script type=\"application\/ld+json\" class=\"yoast-schema-graph\">{\"@context\":\"https:\\\/\\\/schema.org\",\"@graph\":[{\"@type\":\"WebPage\",\"@id\":\"https:\\\/\\\/www.kktavastia.fi\\\/urheiluakatemia-tavastia\\\/asiantuntijatoiminta\\\/hieronta-ja-naprapatiapalvelut\\\/\",\"url\":\"https:\\\/\\\/www.kktavastia.fi\\\/urheiluakatemia-tavastia\\\/asiantuntijatoiminta\\\/hieronta-ja-naprapatiapalvelut\\\/\",\"name\":\"Hieronta- ja naprapatiapalvelut - Urheiluakatemia Tavastia\",\"isPartOf\":{\"@id\":\"https:\\\/\\\/www.kktavastia.fi\\\/urheiluakatemia-tavastia\\\/#website\"},\"primaryImageOfPage\":{\"@id\":\"https:\\\/\\\/www.kktavastia.fi\\\/urheiluakatemia-tavastia\\\/asiantuntijatoiminta\\\/hieronta-ja-naprapatiapalvelut\\\/#primaryimage\"},\"image\":{\"@id\":\"https:\\\/\\\/www.kktavastia.fi\\\/urheiluakatemia-tavastia\\\/asiantuntijatoiminta\\\/hieronta-ja-naprapatiapalvelut\\\/#primaryimage\"},\"thumbnailUrl\":\"https:\\\/\\\/www.kktavastia.fi\\\/media\\\/sites\\\/10\\\/juho-pitkanen-945x1024.jpg\",\"datePublished\":\"2026-04-08T08:23:42+00:00\",\"dateModified\":\"2026-04-14T07:20:08+00:00\",\"breadcrumb\":{\"@id\":\"https:\\\/\\\/www.kktavastia.fi\\\/urheiluakatemia-tavastia\\\/asiantuntijatoiminta\\\/hieronta-ja-naprapatiapalvelut\\\/#breadcrumb\"},\"inLanguage\":\"fi\",\"potentialAction\":[{\"@type\":\"ReadAction\",\"target\":[\"https:\\\/\\\/www.kktavastia.fi\\\/urheiluakatemia-tavastia\\\/asiantuntijatoiminta\\\/hieronta-ja-naprapatiapalvelut\\\/\"]}]},{\"@type\":\"ImageObject\",\"inLanguage\":\"fi\",\"@id\":\"https:\\\/\\\/www.kktavastia.fi\\\/urheiluakatemia-tavastia\\\/asiantuntijatoiminta\\\/hieronta-ja-naprapatiapalvelut\\\/#primaryimage\",\"url\":\"https:\\\/\\\/www.kktavastia.fi\\\/media\\\/sites\\\/10\\\/juho-pitkanen-945x1024.jpg\",\"contentUrl\":\"https:\\\/\\\/www.kktavastia.fi\\\/media\\\/sites\\\/10\\\/juho-pitkanen-945x1024.jpg\"},{\"@type\":\"BreadcrumbList\",\"@id\":\"https:\\\/\\\/www.kktavastia.fi\\\/urheiluakatemia-tavastia\\\/asiantuntijatoiminta\\\/hieronta-ja-naprapatiapalvelut\\\/#breadcrumb\",\"itemListElement\":[{\"@type\":\"ListItem\",\"position\":1,\"name\":\"Home\",\"item\":\"https:\\\/\\\/www.kktavastia.fi\\\/urheiluakatemia-tavastia\\\/\"},{\"@type\":\"ListItem\",\"position\":2,\"name\":\"Asiantuntijatoiminta\",\"item\":\"https:\\\/\\\/www.kktavastia.fi\\\/urheiluakatemia-tavastia\\\/asiantuntijatoiminta\\\/\"},{\"@type\":\"ListItem\",\"position\":3,\"name\":\"Hieronta- ja naprapatiapalvelut\"}]},{\"@type\":\"WebSite\",\"@id\":\"https:\\\/\\\/www.kktavastia.fi\\\/urheiluakatemia-tavastia\\\/#website\",\"url\":\"https:\\\/\\\/www.kktavastia.fi\\\/urheiluakatemia-tavastia\\\/\",\"name\":\"Urheiluakatemia Tavastia\",\"description\":\"\",\"potentialAction\":[{\"@type\":\"SearchAction\",\"target\":{\"@type\":\"EntryPoint\",\"urlTemplate\":\"https:\\\/\\\/www.kktavastia.fi\\\/urheiluakatemia-tavastia\\\/?s={search_term_string}\"},\"query-input\":{\"@type\":\"PropertyValueSpecification\",\"valueRequired\":true,\"valueName\":\"search_term_string\"}}],\"inLanguage\":\"fi\"}]}<\/script>","yoast_head_json":{"title":"Hieronta- ja naprapatiapalvelut - Urheiluakatemia Tavastia","robots":{"index":"index","follow":"follow","max-snippet":"max-snippet:-1","max-image-preview":"max-image-preview:large","max-video-preview":"max-video-preview:-1"},"canonical":"https:\/\/www.kktavastia.fi\/urheiluakatemia-tavastia\/asiantuntijatoiminta\/hieronta-ja-naprapatiapalvelut\/","og_locale":"fi_FI","og_type":"article","og_title":"Hieronta- ja naprapatiapalvelut - Urheiluakatemia Tavastia","og_description":"Apua mm. selk\u00e4rankaper\u00e4isiin ongelmiin, lihas- ja j\u00e4nnealueiden kiputiloihin, raajojen puutumisoireisiin ja urheiluvammoihin. My\u00f6s perinteiset hierontapalvelut urheilijoille. Hinnat urheiluakatemialaisille: Yhteystiedot Juho [&hellip;]","og_url":"https:\/\/www.kktavastia.fi\/urheiluakatemia-tavastia\/asiantuntijatoiminta\/hieronta-ja-naprapatiapalvelut\/","og_site_name":"Urheiluakatemia Tavastia","article_modified_time":"2026-04-14T07:20:08+00:00","og_image":[{"width":2363,"height":2560,"url":"https:\/\/www.kktavastia.fi\/media\/sites\/10\/juho-pitkanen-scaled.jpg","type":"image\/jpeg"}],"twitter_card":"summary_large_image","schema":{"@context":"https:\/\/schema.org","@graph":[{"@type":"WebPage","@id":"https:\/\/www.kktavastia.fi\/urheiluakatemia-tavastia\/asiantuntijatoiminta\/hieronta-ja-naprapatiapalvelut\/","url":"https:\/\/www.kktavastia.fi\/urheiluakatemia-tavastia\/asiantuntijatoiminta\/hieronta-ja-naprapatiapalvelut\/","name":"Hieronta- ja naprapatiapalvelut - Urheiluakatemia Tavastia","isPartOf":{"@id":"https:\/\/www.kktavastia.fi\/urheiluakatemia-tavastia\/#website"},"primaryImageOfPage":{"@id":"https:\/\/www.kktavastia.fi\/urheiluakatemia-tavastia\/asiantuntijatoiminta\/hieronta-ja-naprapatiapalvelut\/#primaryimage"},"image":{"@id":"https:\/\/www.kktavastia.fi\/urheiluakatemia-tavastia\/asiantuntijatoiminta\/hieronta-ja-naprapatiapalvelut\/#primaryimage"},"thumbnailUrl":"https:\/\/www.kktavastia.fi\/media\/sites\/10\/juho-pitkanen-945x1024.jpg","datePublished":"2026-04-08T08:23:42+00:00","dateModified":"2026-04-14T07:20:08+00:00","breadcrumb":{"@id":"https:\/\/www.kktavastia.fi\/urheiluakatemia-tavastia\/asiantuntijatoiminta\/hieronta-ja-naprapatiapalvelut\/#breadcrumb"},"inLanguage":"fi","potentialAction":[{"@type":"ReadAction","target":["https:\/\/www.kktavastia.fi\/urheiluakatemia-tavastia\/asiantuntijatoiminta\/hieronta-ja-naprapatiapalvelut\/"]}]},{"@type":"ImageObject","inLanguage":"fi","@id":"https:\/\/www.kktavastia.fi\/urheiluakatemia-tavastia\/asiantuntijatoiminta\/hieronta-ja-naprapatiapalvelut\/#primaryimage","url":"https:\/\/www.kktavastia.fi\/media\/sites\/10\/juho-pitkanen-945x1024.jpg","contentUrl":"https:\/\/www.kktavastia.fi\/media\/sites\/10\/juho-pitkanen-945x1024.jpg"},{"@type":"BreadcrumbList","@id":"https:\/\/www.kktavastia.fi\/urheiluakatemia-tavastia\/asiantuntijatoiminta\/hieronta-ja-naprapatiapalvelut\/#breadcrumb","itemListElement":[{"@type":"ListItem","position":1,"name":"Home","item":"https:\/\/www.kktavastia.fi\/urheiluakatemia-tavastia\/"},{"@type":"ListItem","position":2,"name":"Asiantuntijatoiminta","item":"https:\/\/www.kktavastia.fi\/urheiluakatemia-tavastia\/asiantuntijatoiminta\/"},{"@type":"ListItem","position":3,"name":"Hieronta- ja naprapatiapalvelut"}]},{"@type":"WebSite","@id":"https:\/\/www.kktavastia.fi\/urheiluakatemia-tavastia\/#website","url":"https:\/\/www.kktavastia.fi\/urheiluakatemia-tavastia\/","name":"Urheiluakatemia Tavastia","description":"","potentialAction":[{"@type":"SearchAction","target":{"@type":"EntryPoint","urlTemplate":"https:\/\/www.kktavastia.fi\/urheiluakatemia-tavastia\/?s={search_term_string}"},"query-input":{"@type":"PropertyValueSpecification","valueRequired":true,"valueName":"search_term_string"}}],"inLanguage":"fi"}]}},"_links":{"self":[{"href":"https:\/\/www.kktavastia.fi\/urheiluakatemia-tavastia\/wp-json\/wp\/v2\/pages\/231","targetHints":{"allow":["GET"]}}],"collection":[{"href":"https:\/\/www.kktavastia.fi\/urheiluakatemia-tavastia\/wp-json\/wp\/v2\/pages"}],"about":[{"href":"https:\/\/www.kktavastia.fi\/urheiluakatemia-tavastia\/wp-json\/wp\/v2\/types\/page"}],"author":[{"embeddable":true,"href":"https:\/\/www.kktavastia.fi\/urheiluakatemia-tavastia\/wp-json\/wp\/v2\/users\/6"}],"replies":[{"embeddable":true,"href":"https:\/\/www.kktavastia.fi\/urheiluakatemia-tavastia\/wp-json\/wp\/v2\/comments?post=231"}],"version-history":[{"count":3,"href":"https:\/\/www.kktavastia.fi\/urheiluakatemia-tavastia\/wp-json\/wp\/v2\/pages\/231\/revisions"}],"predecessor-version":[{"id":467,"href":"https:\/\/www.kktavastia.fi\/urheiluakatemia-tavastia\/wp-json\/wp\/v2\/pages\/231\/revisions\/467"}],"up":[{"embeddable":true,"href":"https:\/\/www.kktavastia.fi\/urheiluakatemia-tavastia\/wp-json\/wp\/v2\/pages\/28"}],"wp:attachment":[{"href":"https:\/\/www.kktavastia.fi\/urheiluakatemia-tavastia\/wp-json\/wp\/v2\/media?parent=231"}],"curies":[{"name":"wp","href":"https:\/\/api.w.org\/{rel}","templated":true}]}}