{"id":179,"date":"2026-03-25T11:59:06","date_gmt":"2026-03-25T09:59:06","guid":{"rendered":"https:\/\/www.kktavastia.fi\/urheiluakatemia-tavastia\/?page_id=179"},"modified":"2026-04-10T13:40:14","modified_gmt":"2026-04-10T10:40:14","slug":"ylakoulut","status":"publish","type":"page","link":"https:\/\/www.kktavastia.fi\/urheiluakatemia-tavastia\/opiskelu\/ylakoulut\/","title":{"rendered":"Yl\u00e4koulut"},"content":{"rendered":"\n<p class=\"is-style-ingress\">Yl\u00e4koulutoiminnan tavoitteena on, ett\u00e4 urheilusta innostunut nuori saa hyv\u00e4t valmiudet ja edellytykset urheilijan uralle sek\u00e4 toisen asteen opintoihin. T\u00e4t\u00e4 ajattelutapaa kutsutaan kaksoisuraksi. <\/p>\n\n\n\n<p>Useassa urheilulajissa\u202fpanostukset urheiluun k\u00e4ynnistyv\u00e4t yl\u00e4koului\u00e4ss\u00e4, jolloin\u202fharjoittelun ja kilpailemisen m\u00e4\u00e4r\u00e4 usein kasvaa. Koulun, urheiluseuran, lajiliiton, urheiluakatemian ja muiden toimijoiden teht\u00e4v\u00e4n\u00e4 on tukea nuorta opiskelun ja urheilun yhdist\u00e4misess\u00e4 sek\u00e4\u202fsit\u00e4 kautta kasvamisessa tasapainoiseksi ja\u202fhyvinvoivaksi urheilijaksi.&nbsp;Urheiluakatemia Tavastia j\u00e4rjest\u00e4\u00e4 yl\u00e4koululaisille sek\u00e4 aamuvalmennusta ett\u00e4 akatemialeirej\u00e4.<\/p>\n\n\n\n<h4 class=\"wp-block-heading\">H\u00e4meenlinna<\/h4>\n\n\n\n<p>H\u00e4meenlinnan yl\u00e4kouluissa (liikuntal\u00e4hikoulut) on torstain ensimm\u00e4inen tunti (klo 8\u20139) vapautettu urheiluakatemia- ja muulle harrastustoiminnalle. Urheiluakatemian aamuvalmennusta toteutetaan useissa lajeissa klo 7.45\u20138.45. Lis\u00e4ksi kaikissa kouluissa on mahdollisuus valita Kasva Urheilijaksi -valinnaisainekurssi 8. ja 9. luokalla.<\/p>\n\n\n\n<p>Koulut:&nbsp;Hakkalan koulu (Lammi), Hauhon yhten\u00e4iskoulu, H\u00e4meenlinnan yhteiskoulu, Iittalan yhten\u00e4iskoulu, Kaurialan koulu, Lyseon koulu, Nummen yhten\u00e4iskoulu<\/p>\n\n\n\n<h4 class=\"wp-block-heading\">Hattula ja Janakkala<\/h4>\n\n\n\n<p>Hattulan ja Janakkalan yl\u00e4koululaisilla on mahdollisuus osallistua Urheiluakatemia Tavastian j\u00e4rjest\u00e4m\u00e4\u00e4n aamuvalmennukseen ja akatemialeiritykseen H\u00e4meenlinnassa.<\/p>\n\n\n\n<p>Koulut: Parolan yhteiskoulu, Turengin yhteiskoulu (liikuntaluokka), Tervakosken yhteiskoulu<\/p>\n\n\n\n<h4 class=\"wp-block-heading\">Forssa, Jokioinen, Tammela<\/h4>\n\n\n\n<p>Forssan, Jokioisten ja Tammelan yl\u00e4koululaiset voivat osallistua urheiluakatemian j\u00e4rjest\u00e4miin aamuharjoituksiin Forssassa\/Tammelassa yhten\u00e4 aamuna viikossa. Osa laji- tai yleisvalmennuksesta toteutetaan yhdess\u00e4 toisen asteen urheilijoiden kanssa.<\/p>\n\n\n\n<p>Koulut: Akvarellin koulu ja Keskuskoulu (Forssa), Paanan koulu (Jokioinen), Yhten\u00e4iskoulu Harmonia (Tammela)<\/p>\n\n\n\n<h3 class=\"wp-block-heading\">Yhteystiedot<\/h3>\n\n\n\n<p>Jari Myllykoski (HML)<br>Liikunnanopettaja, urheiluakatemiayhteyshenkil\u00f6 (HYK)<br>p. 050 587 7511<br><a href=\"mailto:jari.myllykoski@edu.hml.fi\">jari.myllykoski@edu.hml.fi<\/a><\/p>\n\n\n\n<p>Ky\u00f6sti Ypy\u00e4 (Hattula)<br>Rehtori (Parolan yhteiskoulu)<br>p. 050 344 2026<br><a href=\"mailto:kyosti.ypya@hattula.fi\">kyosti.ypya@hattula.fi<\/a><\/p>\n\n\n\n<p>Mika Saarinen (Janakkala)<br>Rehtori (Turengin yhteiskoulu)<br>p. 050 529 1979<br><a href=\"mailto:mika.saarinen@janakkala.fi\">mika.saarinen@janakkala.fi<\/a><\/p>\n\n\n\n<div class=\"wp-block-media-text is-stacked-on-mobile\" style=\"grid-template-columns:15% auto\"><figure class=\"wp-block-media-text__media\"><img loading=\"lazy\" decoding=\"async\" width=\"768\" height=\"1024\" src=\"https:\/\/www.kktavastia.fi\/media\/sites\/10\/mikko-lilja-768x1024.jpeg\" alt=\"\" class=\"wp-image-426 size-full\" srcset=\"https:\/\/www.kktavastia.fi\/media\/sites\/10\/mikko-lilja-768x1024.jpeg 768w, https:\/\/www.kktavastia.fi\/media\/sites\/10\/mikko-lilja-225x300.jpeg 225w, https:\/\/www.kktavastia.fi\/media\/sites\/10\/mikko-lilja-1152x1536.jpeg 1152w, https:\/\/www.kktavastia.fi\/media\/sites\/10\/mikko-lilja-345x460.jpeg 345w, https:\/\/www.kktavastia.fi\/media\/sites\/10\/mikko-lilja-15x20.jpeg 15w, https:\/\/www.kktavastia.fi\/media\/sites\/10\/mikko-lilja.jpeg 1536w\" sizes=\"auto, (max-width: 768px) 100vw, 768px\" \/><\/figure><div class=\"wp-block-media-text__content\">\n<p>Mikko Lilja (Forssa)<br>akatemiakoordinaattori<br>puh. 050 4657414<br><a href=\"mailto:info@suvi-ilta.fi\">info@suvi-ilta.fi<\/a><\/p>\n<\/div><\/div>\n","protected":false},"excerpt":{"rendered":"<p>Yl\u00e4koulutoiminnan tavoitteena on, ett\u00e4 urheilusta innostunut nuori saa hyv\u00e4t valmiudet ja edellytykset urheilijan uralle sek\u00e4 toisen asteen opintoihin. T\u00e4t\u00e4 ajattelutapaa [&hellip;]<\/p>\n","protected":false},"author":6,"featured_media":0,"parent":19,"menu_order":0,"comment_status":"closed","ping_status":"closed","template":"","meta":{"_acf_changed":false,"_relevanssi_hide_post":"","_relevanssi_hide_content":"","_relevanssi_pin_for_all":"","_relevanssi_pin_keywords":"","_relevanssi_unpin_keywords":"","_relevanssi_related_keywords":"","_relevanssi_related_include_ids":"","_relevanssi_related_exclude_ids":"","_relevanssi_related_no_append":"","_relevanssi_related_not_related":"","_relevanssi_related_posts":"130,133,122,129,132,124","_relevanssi_noindex_reason":"","footnotes":""},"class_list":["post-179","page","type-page","status-publish","hentry"],"acf":[],"yoast_head":"<title>Yl\u00e4koulut - Urheiluakatemia Tavastia<\/title>\n<meta name=\"robots\" content=\"index, follow, max-snippet:-1, max-image-preview:large, max-video-preview:-1\" \/>\n<link rel=\"canonical\" href=\"https:\/\/www.kktavastia.fi\/urheiluakatemia-tavastia\/opiskelu\/ylakoulut\/\" \/>\n<meta property=\"og:locale\" content=\"fi_FI\" \/>\n<meta property=\"og:type\" content=\"article\" \/>\n<meta property=\"og:title\" content=\"Yl\u00e4koulut - Urheiluakatemia Tavastia\" \/>\n<meta property=\"og:description\" content=\"Yl\u00e4koulutoiminnan tavoitteena on, ett\u00e4 urheilusta innostunut nuori saa hyv\u00e4t valmiudet ja edellytykset urheilijan uralle sek\u00e4 toisen asteen opintoihin. T\u00e4t\u00e4 ajattelutapaa [&hellip;]\" \/>\n<meta property=\"og:url\" content=\"https:\/\/www.kktavastia.fi\/urheiluakatemia-tavastia\/opiskelu\/ylakoulut\/\" \/>\n<meta property=\"og:site_name\" content=\"Urheiluakatemia Tavastia\" \/>\n<meta property=\"article:modified_time\" content=\"2026-04-10T10:40:14+00:00\" \/>\n<meta property=\"og:image\" content=\"https:\/\/www.kktavastia.fi\/media\/sites\/10\/mikko-lilja.jpeg\" \/>\n\t<meta property=\"og:image:width\" content=\"1536\" \/>\n\t<meta property=\"og:image:height\" content=\"2048\" \/>\n\t<meta property=\"og:image:type\" content=\"image\/jpeg\" \/>\n<meta name=\"twitter:card\" content=\"summary_large_image\" \/>\n<script type=\"application\/ld+json\" class=\"yoast-schema-graph\">{\"@context\":\"https:\\\/\\\/schema.org\",\"@graph\":[{\"@type\":\"WebPage\",\"@id\":\"https:\\\/\\\/www.kktavastia.fi\\\/urheiluakatemia-tavastia\\\/opiskelu\\\/ylakoulut\\\/\",\"url\":\"https:\\\/\\\/www.kktavastia.fi\\\/urheiluakatemia-tavastia\\\/opiskelu\\\/ylakoulut\\\/\",\"name\":\"Yl\u00e4koulut - Urheiluakatemia Tavastia\",\"isPartOf\":{\"@id\":\"https:\\\/\\\/www.kktavastia.fi\\\/urheiluakatemia-tavastia\\\/#website\"},\"primaryImageOfPage\":{\"@id\":\"https:\\\/\\\/www.kktavastia.fi\\\/urheiluakatemia-tavastia\\\/opiskelu\\\/ylakoulut\\\/#primaryimage\"},\"image\":{\"@id\":\"https:\\\/\\\/www.kktavastia.fi\\\/urheiluakatemia-tavastia\\\/opiskelu\\\/ylakoulut\\\/#primaryimage\"},\"thumbnailUrl\":\"https:\\\/\\\/www.kktavastia.fi\\\/media\\\/sites\\\/10\\\/mikko-lilja-768x1024.jpeg\",\"datePublished\":\"2026-03-25T09:59:06+00:00\",\"dateModified\":\"2026-04-10T10:40:14+00:00\",\"breadcrumb\":{\"@id\":\"https:\\\/\\\/www.kktavastia.fi\\\/urheiluakatemia-tavastia\\\/opiskelu\\\/ylakoulut\\\/#breadcrumb\"},\"inLanguage\":\"fi\",\"potentialAction\":[{\"@type\":\"ReadAction\",\"target\":[\"https:\\\/\\\/www.kktavastia.fi\\\/urheiluakatemia-tavastia\\\/opiskelu\\\/ylakoulut\\\/\"]}]},{\"@type\":\"ImageObject\",\"inLanguage\":\"fi\",\"@id\":\"https:\\\/\\\/www.kktavastia.fi\\\/urheiluakatemia-tavastia\\\/opiskelu\\\/ylakoulut\\\/#primaryimage\",\"url\":\"https:\\\/\\\/www.kktavastia.fi\\\/media\\\/sites\\\/10\\\/mikko-lilja-768x1024.jpeg\",\"contentUrl\":\"https:\\\/\\\/www.kktavastia.fi\\\/media\\\/sites\\\/10\\\/mikko-lilja-768x1024.jpeg\"},{\"@type\":\"BreadcrumbList\",\"@id\":\"https:\\\/\\\/www.kktavastia.fi\\\/urheiluakatemia-tavastia\\\/opiskelu\\\/ylakoulut\\\/#breadcrumb\",\"itemListElement\":[{\"@type\":\"ListItem\",\"position\":1,\"name\":\"Home\",\"item\":\"https:\\\/\\\/www.kktavastia.fi\\\/urheiluakatemia-tavastia\\\/\"},{\"@type\":\"ListItem\",\"position\":2,\"name\":\"Opiskelu\",\"item\":\"https:\\\/\\\/www.kktavastia.fi\\\/urheiluakatemia-tavastia\\\/opiskelu\\\/\"},{\"@type\":\"ListItem\",\"position\":3,\"name\":\"Yl\u00e4koulut\"}]},{\"@type\":\"WebSite\",\"@id\":\"https:\\\/\\\/www.kktavastia.fi\\\/urheiluakatemia-tavastia\\\/#website\",\"url\":\"https:\\\/\\\/www.kktavastia.fi\\\/urheiluakatemia-tavastia\\\/\",\"name\":\"Urheiluakatemia Tavastia\",\"description\":\"\",\"potentialAction\":[{\"@type\":\"SearchAction\",\"target\":{\"@type\":\"EntryPoint\",\"urlTemplate\":\"https:\\\/\\\/www.kktavastia.fi\\\/urheiluakatemia-tavastia\\\/?s={search_term_string}\"},\"query-input\":{\"@type\":\"PropertyValueSpecification\",\"valueRequired\":true,\"valueName\":\"search_term_string\"}}],\"inLanguage\":\"fi\"}]}<\/script>","yoast_head_json":{"title":"Yl\u00e4koulut - Urheiluakatemia Tavastia","robots":{"index":"index","follow":"follow","max-snippet":"max-snippet:-1","max-image-preview":"max-image-preview:large","max-video-preview":"max-video-preview:-1"},"canonical":"https:\/\/www.kktavastia.fi\/urheiluakatemia-tavastia\/opiskelu\/ylakoulut\/","og_locale":"fi_FI","og_type":"article","og_title":"Yl\u00e4koulut - Urheiluakatemia Tavastia","og_description":"Yl\u00e4koulutoiminnan tavoitteena on, ett\u00e4 urheilusta innostunut nuori saa hyv\u00e4t valmiudet ja edellytykset urheilijan uralle sek\u00e4 toisen asteen opintoihin. T\u00e4t\u00e4 ajattelutapaa [&hellip;]","og_url":"https:\/\/www.kktavastia.fi\/urheiluakatemia-tavastia\/opiskelu\/ylakoulut\/","og_site_name":"Urheiluakatemia Tavastia","article_modified_time":"2026-04-10T10:40:14+00:00","og_image":[{"width":1536,"height":2048,"url":"https:\/\/www.kktavastia.fi\/media\/sites\/10\/mikko-lilja.jpeg","type":"image\/jpeg"}],"twitter_card":"summary_large_image","schema":{"@context":"https:\/\/schema.org","@graph":[{"@type":"WebPage","@id":"https:\/\/www.kktavastia.fi\/urheiluakatemia-tavastia\/opiskelu\/ylakoulut\/","url":"https:\/\/www.kktavastia.fi\/urheiluakatemia-tavastia\/opiskelu\/ylakoulut\/","name":"Yl\u00e4koulut - Urheiluakatemia Tavastia","isPartOf":{"@id":"https:\/\/www.kktavastia.fi\/urheiluakatemia-tavastia\/#website"},"primaryImageOfPage":{"@id":"https:\/\/www.kktavastia.fi\/urheiluakatemia-tavastia\/opiskelu\/ylakoulut\/#primaryimage"},"image":{"@id":"https:\/\/www.kktavastia.fi\/urheiluakatemia-tavastia\/opiskelu\/ylakoulut\/#primaryimage"},"thumbnailUrl":"https:\/\/www.kktavastia.fi\/media\/sites\/10\/mikko-lilja-768x1024.jpeg","datePublished":"2026-03-25T09:59:06+00:00","dateModified":"2026-04-10T10:40:14+00:00","breadcrumb":{"@id":"https:\/\/www.kktavastia.fi\/urheiluakatemia-tavastia\/opiskelu\/ylakoulut\/#breadcrumb"},"inLanguage":"fi","potentialAction":[{"@type":"ReadAction","target":["https:\/\/www.kktavastia.fi\/urheiluakatemia-tavastia\/opiskelu\/ylakoulut\/"]}]},{"@type":"ImageObject","inLanguage":"fi","@id":"https:\/\/www.kktavastia.fi\/urheiluakatemia-tavastia\/opiskelu\/ylakoulut\/#primaryimage","url":"https:\/\/www.kktavastia.fi\/media\/sites\/10\/mikko-lilja-768x1024.jpeg","contentUrl":"https:\/\/www.kktavastia.fi\/media\/sites\/10\/mikko-lilja-768x1024.jpeg"},{"@type":"BreadcrumbList","@id":"https:\/\/www.kktavastia.fi\/urheiluakatemia-tavastia\/opiskelu\/ylakoulut\/#breadcrumb","itemListElement":[{"@type":"ListItem","position":1,"name":"Home","item":"https:\/\/www.kktavastia.fi\/urheiluakatemia-tavastia\/"},{"@type":"ListItem","position":2,"name":"Opiskelu","item":"https:\/\/www.kktavastia.fi\/urheiluakatemia-tavastia\/opiskelu\/"},{"@type":"ListItem","position":3,"name":"Yl\u00e4koulut"}]},{"@type":"WebSite","@id":"https:\/\/www.kktavastia.fi\/urheiluakatemia-tavastia\/#website","url":"https:\/\/www.kktavastia.fi\/urheiluakatemia-tavastia\/","name":"Urheiluakatemia Tavastia","description":"","potentialAction":[{"@type":"SearchAction","target":{"@type":"EntryPoint","urlTemplate":"https:\/\/www.kktavastia.fi\/urheiluakatemia-tavastia\/?s={search_term_string}"},"query-input":{"@type":"PropertyValueSpecification","valueRequired":true,"valueName":"search_term_string"}}],"inLanguage":"fi"}]}},"_links":{"self":[{"href":"https:\/\/www.kktavastia.fi\/urheiluakatemia-tavastia\/wp-json\/wp\/v2\/pages\/179","targetHints":{"allow":["GET"]}}],"collection":[{"href":"https:\/\/www.kktavastia.fi\/urheiluakatemia-tavastia\/wp-json\/wp\/v2\/pages"}],"about":[{"href":"https:\/\/www.kktavastia.fi\/urheiluakatemia-tavastia\/wp-json\/wp\/v2\/types\/page"}],"author":[{"embeddable":true,"href":"https:\/\/www.kktavastia.fi\/urheiluakatemia-tavastia\/wp-json\/wp\/v2\/users\/6"}],"replies":[{"embeddable":true,"href":"https:\/\/www.kktavastia.fi\/urheiluakatemia-tavastia\/wp-json\/wp\/v2\/comments?post=179"}],"version-history":[{"count":4,"href":"https:\/\/www.kktavastia.fi\/urheiluakatemia-tavastia\/wp-json\/wp\/v2\/pages\/179\/revisions"}],"predecessor-version":[{"id":444,"href":"https:\/\/www.kktavastia.fi\/urheiluakatemia-tavastia\/wp-json\/wp\/v2\/pages\/179\/revisions\/444"}],"up":[{"embeddable":true,"href":"https:\/\/www.kktavastia.fi\/urheiluakatemia-tavastia\/wp-json\/wp\/v2\/pages\/19"}],"wp:attachment":[{"href":"https:\/\/www.kktavastia.fi\/urheiluakatemia-tavastia\/wp-json\/wp\/v2\/media?parent=179"}],"curies":[{"name":"wp","href":"https:\/\/api.w.org\/{rel}","templated":true}]}}