{"id":170,"date":"2026-03-25T11:52:02","date_gmt":"2026-03-25T09:52:02","guid":{"rendered":"https:\/\/www.kktavastia.fi\/urheiluakatemia-tavastia\/?page_id=170"},"modified":"2026-04-10T13:41:12","modified_gmt":"2026-04-10T10:41:12","slug":"ammattiopisto-tavastia","status":"publish","type":"page","link":"https:\/\/www.kktavastia.fi\/urheiluakatemia-tavastia\/opiskelu\/toinen-aste\/ammattiopisto-tavastia\/","title":{"rendered":"Ammattiopisto Tavastia"},"content":{"rendered":"\n<p>Ammattiopisto Tavastiassa opiskeleva tavoitteellinen urheilija voi hakeutua kilpaurheilupolulle ja Urheiluakatemian j\u00e4seneksi. Aamuvalmennusta toteutetaan kolmena aamuna viikossa yhdess\u00e4 lukion urheilulinjan kanssa.<\/p>\n\n\n\n<p>Ammattiopiston kilpaurheilupolulla opiskelija voi urheiluvalmennuksella suorittaa yhteens\u00e4 15 osaamispistett\u00e4 ammatillisten tutkinnon osien valinnaisia opintoja (ty\u00f6kyvyn ja hyvinvoinnin yll\u00e4pit\u00e4minen). Lis\u00e4ksi opiskelijan on mahdollista valita kilpaurheilijan verkkokurssi (4 osp).<\/p>\n\n\n\n<p><a href=\"https:\/\/www.kktavastia.fi\/ammattiopisto\/opiskelijalle\/opiskelu\/hoks-ja-opiskelupolut\/\">Lis\u00e4tietoa kilpaurheilupolusta t\u00e4\u00e4lt\u00e4<\/a>.<\/p>\n\n\n\n<h3 class=\"wp-block-heading\">Yhteystiedot<\/h3>\n\n\n\n<div class=\"wp-block-media-text is-stacked-on-mobile\" style=\"grid-template-columns:15% auto\"><figure class=\"wp-block-media-text__media\"><img loading=\"lazy\" decoding=\"async\" width=\"768\" height=\"1024\" src=\"https:\/\/www.kktavastia.fi\/media\/sites\/10\/o-p-768x1024.jpeg\" alt=\"\" class=\"wp-image-421 size-full\" srcset=\"https:\/\/www.kktavastia.fi\/media\/sites\/10\/o-p-768x1024.jpeg 768w, https:\/\/www.kktavastia.fi\/media\/sites\/10\/o-p-225x300.jpeg 225w, https:\/\/www.kktavastia.fi\/media\/sites\/10\/o-p-1152x1536.jpeg 1152w, https:\/\/www.kktavastia.fi\/media\/sites\/10\/o-p-1536x2048.jpeg 1536w, https:\/\/www.kktavastia.fi\/media\/sites\/10\/o-p-345x460.jpeg 345w, https:\/\/www.kktavastia.fi\/media\/sites\/10\/o-p-15x20.jpeg 15w, https:\/\/www.kktavastia.fi\/media\/sites\/10\/o-p-scaled.jpeg 1920w\" sizes=\"auto, (max-width: 768px) 100vw, 768px\" \/><\/figure><div class=\"wp-block-media-text__content\">\n<p>Urheiluakatemian koordinaattori <br>Olli-Pekka Hakala<br><a href=\"mailto:olli-pekka.hakala@kktavastia.fi\">olli-pekka.hakala@kktavastia.fi<\/a><\/p>\n<\/div><\/div>\n\n\n\n<p>Ammattiopisto Tavastian k\u00e4yntiosoite:<br>Hattelmalantie 8, A-rakennus, H\u00e4meenlinna<\/p>\n\n\n\n<h4 class=\"wp-block-heading\">Kysytt\u00e4v\u00e4\u00e4? Ohjauspiste auttaa!<\/h4>\n\n\n\n<p><a href=\"https:\/\/www.kktavastia.fi\/ammattiopisto\/hakijalle\/ohjauspiste\/\">Ohjauspiste<\/a><br>Aukioloajat ja yhteystiedot<br>Palvelemme puhelimitse ja s\u00e4hk\u00f6postilla sek\u00e4 kasvokkain ajanvarauksella<br>\u2022 ma\u2013to klo 9\u201315, pe suljettu<br>\u2022 puh. 03 6581 500<br>\u2022 ohjauspiste@kktavastia.fi<\/p>\n\n\n\n<p><\/p>\n","protected":false},"excerpt":{"rendered":"<p>Ammattiopisto Tavastiassa opiskeleva tavoitteellinen urheilija voi hakeutua kilpaurheilupolulle ja Urheiluakatemian j\u00e4seneksi. Aamuvalmennusta toteutetaan kolmena aamuna viikossa yhdess\u00e4 lukion urheilulinjan kanssa. [&hellip;]<\/p>\n","protected":false},"author":6,"featured_media":0,"parent":163,"menu_order":0,"comment_status":"closed","ping_status":"closed","template":"","meta":{"_acf_changed":false,"_relevanssi_hide_post":"","_relevanssi_hide_content":"","_relevanssi_pin_for_all":"","_relevanssi_pin_keywords":"","_relevanssi_unpin_keywords":"","_relevanssi_related_keywords":"","_relevanssi_related_include_ids":"","_relevanssi_related_exclude_ids":"","_relevanssi_related_no_append":"","_relevanssi_related_not_related":"","_relevanssi_related_posts":"111,129,122,132,116,124","_relevanssi_noindex_reason":"","footnotes":""},"class_list":["post-170","page","type-page","status-publish","hentry"],"acf":[],"yoast_head":"<title>Ammattiopisto Tavastia - Urheiluakatemia Tavastia<\/title>\n<meta name=\"robots\" content=\"index, follow, max-snippet:-1, max-image-preview:large, max-video-preview:-1\" \/>\n<link rel=\"canonical\" href=\"https:\/\/www.kktavastia.fi\/urheiluakatemia-tavastia\/opiskelu\/toinen-aste\/ammattiopisto-tavastia\/\" \/>\n<meta property=\"og:locale\" content=\"fi_FI\" \/>\n<meta property=\"og:type\" content=\"article\" \/>\n<meta property=\"og:title\" content=\"Ammattiopisto Tavastia - Urheiluakatemia Tavastia\" \/>\n<meta property=\"og:description\" content=\"Ammattiopisto Tavastiassa opiskeleva tavoitteellinen urheilija voi hakeutua kilpaurheilupolulle ja Urheiluakatemian j\u00e4seneksi. Aamuvalmennusta toteutetaan kolmena aamuna viikossa yhdess\u00e4 lukion urheilulinjan kanssa. [&hellip;]\" \/>\n<meta property=\"og:url\" content=\"https:\/\/www.kktavastia.fi\/urheiluakatemia-tavastia\/opiskelu\/toinen-aste\/ammattiopisto-tavastia\/\" \/>\n<meta property=\"og:site_name\" content=\"Urheiluakatemia Tavastia\" \/>\n<meta property=\"article:modified_time\" content=\"2026-04-10T10:41:12+00:00\" \/>\n<meta property=\"og:image\" content=\"https:\/\/www.kktavastia.fi\/media\/sites\/10\/o-p-scaled.jpeg\" \/>\n\t<meta property=\"og:image:width\" content=\"1920\" \/>\n\t<meta property=\"og:image:height\" content=\"2560\" \/>\n\t<meta property=\"og:image:type\" content=\"image\/jpeg\" \/>\n<meta name=\"twitter:card\" content=\"summary_large_image\" \/>\n<script type=\"application\/ld+json\" class=\"yoast-schema-graph\">{\"@context\":\"https:\\\/\\\/schema.org\",\"@graph\":[{\"@type\":\"WebPage\",\"@id\":\"https:\\\/\\\/www.kktavastia.fi\\\/urheiluakatemia-tavastia\\\/opiskelu\\\/toinen-aste\\\/ammattiopisto-tavastia\\\/\",\"url\":\"https:\\\/\\\/www.kktavastia.fi\\\/urheiluakatemia-tavastia\\\/opiskelu\\\/toinen-aste\\\/ammattiopisto-tavastia\\\/\",\"name\":\"Ammattiopisto Tavastia - Urheiluakatemia Tavastia\",\"isPartOf\":{\"@id\":\"https:\\\/\\\/www.kktavastia.fi\\\/urheiluakatemia-tavastia\\\/#website\"},\"primaryImageOfPage\":{\"@id\":\"https:\\\/\\\/www.kktavastia.fi\\\/urheiluakatemia-tavastia\\\/opiskelu\\\/toinen-aste\\\/ammattiopisto-tavastia\\\/#primaryimage\"},\"image\":{\"@id\":\"https:\\\/\\\/www.kktavastia.fi\\\/urheiluakatemia-tavastia\\\/opiskelu\\\/toinen-aste\\\/ammattiopisto-tavastia\\\/#primaryimage\"},\"thumbnailUrl\":\"https:\\\/\\\/www.kktavastia.fi\\\/media\\\/sites\\\/10\\\/o-p-768x1024.jpeg\",\"datePublished\":\"2026-03-25T09:52:02+00:00\",\"dateModified\":\"2026-04-10T10:41:12+00:00\",\"breadcrumb\":{\"@id\":\"https:\\\/\\\/www.kktavastia.fi\\\/urheiluakatemia-tavastia\\\/opiskelu\\\/toinen-aste\\\/ammattiopisto-tavastia\\\/#breadcrumb\"},\"inLanguage\":\"fi\",\"potentialAction\":[{\"@type\":\"ReadAction\",\"target\":[\"https:\\\/\\\/www.kktavastia.fi\\\/urheiluakatemia-tavastia\\\/opiskelu\\\/toinen-aste\\\/ammattiopisto-tavastia\\\/\"]}]},{\"@type\":\"ImageObject\",\"inLanguage\":\"fi\",\"@id\":\"https:\\\/\\\/www.kktavastia.fi\\\/urheiluakatemia-tavastia\\\/opiskelu\\\/toinen-aste\\\/ammattiopisto-tavastia\\\/#primaryimage\",\"url\":\"https:\\\/\\\/www.kktavastia.fi\\\/media\\\/sites\\\/10\\\/o-p-768x1024.jpeg\",\"contentUrl\":\"https:\\\/\\\/www.kktavastia.fi\\\/media\\\/sites\\\/10\\\/o-p-768x1024.jpeg\"},{\"@type\":\"BreadcrumbList\",\"@id\":\"https:\\\/\\\/www.kktavastia.fi\\\/urheiluakatemia-tavastia\\\/opiskelu\\\/toinen-aste\\\/ammattiopisto-tavastia\\\/#breadcrumb\",\"itemListElement\":[{\"@type\":\"ListItem\",\"position\":1,\"name\":\"Home\",\"item\":\"https:\\\/\\\/www.kktavastia.fi\\\/urheiluakatemia-tavastia\\\/\"},{\"@type\":\"ListItem\",\"position\":2,\"name\":\"Opiskelu\",\"item\":\"https:\\\/\\\/www.kktavastia.fi\\\/urheiluakatemia-tavastia\\\/opiskelu\\\/\"},{\"@type\":\"ListItem\",\"position\":3,\"name\":\"Toinen aste\",\"item\":\"https:\\\/\\\/www.kktavastia.fi\\\/urheiluakatemia-tavastia\\\/opiskelu\\\/toinen-aste\\\/\"},{\"@type\":\"ListItem\",\"position\":4,\"name\":\"Ammattiopisto Tavastia\"}]},{\"@type\":\"WebSite\",\"@id\":\"https:\\\/\\\/www.kktavastia.fi\\\/urheiluakatemia-tavastia\\\/#website\",\"url\":\"https:\\\/\\\/www.kktavastia.fi\\\/urheiluakatemia-tavastia\\\/\",\"name\":\"Urheiluakatemia Tavastia\",\"description\":\"\",\"potentialAction\":[{\"@type\":\"SearchAction\",\"target\":{\"@type\":\"EntryPoint\",\"urlTemplate\":\"https:\\\/\\\/www.kktavastia.fi\\\/urheiluakatemia-tavastia\\\/?s={search_term_string}\"},\"query-input\":{\"@type\":\"PropertyValueSpecification\",\"valueRequired\":true,\"valueName\":\"search_term_string\"}}],\"inLanguage\":\"fi\"}]}<\/script>","yoast_head_json":{"title":"Ammattiopisto Tavastia - Urheiluakatemia Tavastia","robots":{"index":"index","follow":"follow","max-snippet":"max-snippet:-1","max-image-preview":"max-image-preview:large","max-video-preview":"max-video-preview:-1"},"canonical":"https:\/\/www.kktavastia.fi\/urheiluakatemia-tavastia\/opiskelu\/toinen-aste\/ammattiopisto-tavastia\/","og_locale":"fi_FI","og_type":"article","og_title":"Ammattiopisto Tavastia - Urheiluakatemia Tavastia","og_description":"Ammattiopisto Tavastiassa opiskeleva tavoitteellinen urheilija voi hakeutua kilpaurheilupolulle ja Urheiluakatemian j\u00e4seneksi. Aamuvalmennusta toteutetaan kolmena aamuna viikossa yhdess\u00e4 lukion urheilulinjan kanssa. [&hellip;]","og_url":"https:\/\/www.kktavastia.fi\/urheiluakatemia-tavastia\/opiskelu\/toinen-aste\/ammattiopisto-tavastia\/","og_site_name":"Urheiluakatemia Tavastia","article_modified_time":"2026-04-10T10:41:12+00:00","og_image":[{"width":1920,"height":2560,"url":"https:\/\/www.kktavastia.fi\/media\/sites\/10\/o-p-scaled.jpeg","type":"image\/jpeg"}],"twitter_card":"summary_large_image","schema":{"@context":"https:\/\/schema.org","@graph":[{"@type":"WebPage","@id":"https:\/\/www.kktavastia.fi\/urheiluakatemia-tavastia\/opiskelu\/toinen-aste\/ammattiopisto-tavastia\/","url":"https:\/\/www.kktavastia.fi\/urheiluakatemia-tavastia\/opiskelu\/toinen-aste\/ammattiopisto-tavastia\/","name":"Ammattiopisto Tavastia - Urheiluakatemia Tavastia","isPartOf":{"@id":"https:\/\/www.kktavastia.fi\/urheiluakatemia-tavastia\/#website"},"primaryImageOfPage":{"@id":"https:\/\/www.kktavastia.fi\/urheiluakatemia-tavastia\/opiskelu\/toinen-aste\/ammattiopisto-tavastia\/#primaryimage"},"image":{"@id":"https:\/\/www.kktavastia.fi\/urheiluakatemia-tavastia\/opiskelu\/toinen-aste\/ammattiopisto-tavastia\/#primaryimage"},"thumbnailUrl":"https:\/\/www.kktavastia.fi\/media\/sites\/10\/o-p-768x1024.jpeg","datePublished":"2026-03-25T09:52:02+00:00","dateModified":"2026-04-10T10:41:12+00:00","breadcrumb":{"@id":"https:\/\/www.kktavastia.fi\/urheiluakatemia-tavastia\/opiskelu\/toinen-aste\/ammattiopisto-tavastia\/#breadcrumb"},"inLanguage":"fi","potentialAction":[{"@type":"ReadAction","target":["https:\/\/www.kktavastia.fi\/urheiluakatemia-tavastia\/opiskelu\/toinen-aste\/ammattiopisto-tavastia\/"]}]},{"@type":"ImageObject","inLanguage":"fi","@id":"https:\/\/www.kktavastia.fi\/urheiluakatemia-tavastia\/opiskelu\/toinen-aste\/ammattiopisto-tavastia\/#primaryimage","url":"https:\/\/www.kktavastia.fi\/media\/sites\/10\/o-p-768x1024.jpeg","contentUrl":"https:\/\/www.kktavastia.fi\/media\/sites\/10\/o-p-768x1024.jpeg"},{"@type":"BreadcrumbList","@id":"https:\/\/www.kktavastia.fi\/urheiluakatemia-tavastia\/opiskelu\/toinen-aste\/ammattiopisto-tavastia\/#breadcrumb","itemListElement":[{"@type":"ListItem","position":1,"name":"Home","item":"https:\/\/www.kktavastia.fi\/urheiluakatemia-tavastia\/"},{"@type":"ListItem","position":2,"name":"Opiskelu","item":"https:\/\/www.kktavastia.fi\/urheiluakatemia-tavastia\/opiskelu\/"},{"@type":"ListItem","position":3,"name":"Toinen aste","item":"https:\/\/www.kktavastia.fi\/urheiluakatemia-tavastia\/opiskelu\/toinen-aste\/"},{"@type":"ListItem","position":4,"name":"Ammattiopisto Tavastia"}]},{"@type":"WebSite","@id":"https:\/\/www.kktavastia.fi\/urheiluakatemia-tavastia\/#website","url":"https:\/\/www.kktavastia.fi\/urheiluakatemia-tavastia\/","name":"Urheiluakatemia Tavastia","description":"","potentialAction":[{"@type":"SearchAction","target":{"@type":"EntryPoint","urlTemplate":"https:\/\/www.kktavastia.fi\/urheiluakatemia-tavastia\/?s={search_term_string}"},"query-input":{"@type":"PropertyValueSpecification","valueRequired":true,"valueName":"search_term_string"}}],"inLanguage":"fi"}]}},"_links":{"self":[{"href":"https:\/\/www.kktavastia.fi\/urheiluakatemia-tavastia\/wp-json\/wp\/v2\/pages\/170","targetHints":{"allow":["GET"]}}],"collection":[{"href":"https:\/\/www.kktavastia.fi\/urheiluakatemia-tavastia\/wp-json\/wp\/v2\/pages"}],"about":[{"href":"https:\/\/www.kktavastia.fi\/urheiluakatemia-tavastia\/wp-json\/wp\/v2\/types\/page"}],"author":[{"embeddable":true,"href":"https:\/\/www.kktavastia.fi\/urheiluakatemia-tavastia\/wp-json\/wp\/v2\/users\/6"}],"replies":[{"embeddable":true,"href":"https:\/\/www.kktavastia.fi\/urheiluakatemia-tavastia\/wp-json\/wp\/v2\/comments?post=170"}],"version-history":[{"count":3,"href":"https:\/\/www.kktavastia.fi\/urheiluakatemia-tavastia\/wp-json\/wp\/v2\/pages\/170\/revisions"}],"predecessor-version":[{"id":445,"href":"https:\/\/www.kktavastia.fi\/urheiluakatemia-tavastia\/wp-json\/wp\/v2\/pages\/170\/revisions\/445"}],"up":[{"embeddable":true,"href":"https:\/\/www.kktavastia.fi\/urheiluakatemia-tavastia\/wp-json\/wp\/v2\/pages\/163"}],"wp:attachment":[{"href":"https:\/\/www.kktavastia.fi\/urheiluakatemia-tavastia\/wp-json\/wp\/v2\/media?parent=170"}],"curies":[{"name":"wp","href":"https:\/\/api.w.org\/{rel}","templated":true}]}}