{"id":167,"date":"2026-03-25T11:47:09","date_gmt":"2026-03-25T09:47:09","guid":{"rendered":"https:\/\/www.kktavastia.fi\/urheiluakatemia-tavastia\/?page_id=167"},"modified":"2026-04-14T10:15:41","modified_gmt":"2026-04-14T07:15:41","slug":"hameenlinnan-lyseon-lukio-urheilulinja","status":"publish","type":"page","link":"https:\/\/www.kktavastia.fi\/urheiluakatemia-tavastia\/opiskelu\/toinen-aste\/hameenlinnan-lyseon-lukio-urheilulinja\/","title":{"rendered":"H\u00e4meenlinnan lyseon lukio, urheilulinja"},"content":{"rendered":"\n<p>H\u00e4meenlinnan lyseon lukion urheilulinja tarjoaa huipulle pyrkiville nuorille mahdollisuuden\u202fjoustavaan lukio-opiskelun sek\u00e4\u202furheiluvalmennuksen yhdist\u00e4miseen. Urheilulinjalle valitaan vuosittain 36 opiskelijaa. Lajivalmennusta j\u00e4rjestet\u00e4\u00e4n viidess\u00e4 painopistelajissa ja lis\u00e4ksi muiden lajien edustajille on tarjolla yleisvalmennusta. <\/p>\n\n\n\n<p>Valmennusta toteutetaan kolmena aamuna viikossa ja valmennusryhmiss\u00e4 on mukana my\u00f6s Ammattiopisto Tavastian kilpaurheilupolun ja korkea-asteen urheilijoita. &nbsp;<\/p>\n\n\n\n<p>Urheilulinjalla opiskelija voi valita lukio-opintoihinsa enint\u00e4\u00e4n kuusitoista kouluaikana suoritettavaa urheiluvalmennuksen opintojaksoa, jotka lasketaan mukaan valinnaisina opintoina lukion p\u00e4\u00e4tt\u00f6todistukseen vaadittaviin 150 opintopisteeseen. <\/p>\n\n\n\n<p>Valmennusopinnoista suurin osa on lajivalmennusta, mutta opintoihin kuuluu my\u00f6s kaikkien lajien urheilijoille suunnatut \u201dKehity huippu-urheilijaksi\u201d -opintojakso sek\u00e4 henkisen valmennuksen ja lihashuollon opintojakso. Jokaiselle opiskelijalle tehd\u00e4\u00e4n henkil\u00f6kohtainen opiskelusuunnitelma, joka tarkistetaan s\u00e4\u00e4nn\u00f6llisesti. <\/p>\n\n\n\n<p><a href=\"https:\/\/www.kktavastia.fi\/lukiot-hameenlinnan-lyseo\/erityislinjat\/urheilulinja\/\">Lue lis\u00e4\u00e4 urheilulinjasta t\u00e4\u00e4lt\u00e4.<\/a><\/p>\n\n\n\n<h3 class=\"wp-block-heading\">Yhteystiedot<\/h3>\n\n\n\n<div class=\"wp-block-media-text is-stacked-on-mobile\" style=\"grid-template-columns:17% auto\"><figure class=\"wp-block-media-text__media\"><img loading=\"lazy\" decoding=\"async\" width=\"814\" height=\"749\" src=\"https:\/\/www.kktavastia.fi\/media\/sites\/10\/tiina-kivinen.jpeg\" alt=\"\" class=\"wp-image-454 size-full\" srcset=\"https:\/\/www.kktavastia.fi\/media\/sites\/10\/tiina-kivinen.jpeg 814w, https:\/\/www.kktavastia.fi\/media\/sites\/10\/tiina-kivinen-300x276.jpeg 300w, https:\/\/www.kktavastia.fi\/media\/sites\/10\/tiina-kivinen-768x707.jpeg 768w, https:\/\/www.kktavastia.fi\/media\/sites\/10\/tiina-kivinen-460x423.jpeg 460w, https:\/\/www.kktavastia.fi\/media\/sites\/10\/tiina-kivinen-20x18.jpeg 20w\" sizes=\"auto, (max-width: 814px) 100vw, 814px\" \/><\/figure><div class=\"wp-block-media-text__content\">\n<p>Urheilulinjan koordinaattori, apulaisrehtori Tiina Kivinen<br><a href=\"mailto:tiina.kivinen@kktavastia.fi\">tiina.kivinen@kktavastia.fi<\/a><br>p. 040 500 8913<br>Hattelmalantie 6, G-rakennus, H\u00e4meenlinna<\/p>\n<\/div><\/div>\n\n\n\n<p><\/p>\n","protected":false},"excerpt":{"rendered":"<p>H\u00e4meenlinnan lyseon lukion urheilulinja tarjoaa huipulle pyrkiville nuorille mahdollisuuden\u202fjoustavaan lukio-opiskelun sek\u00e4\u202furheiluvalmennuksen yhdist\u00e4miseen. Urheilulinjalle valitaan vuosittain 36 opiskelijaa. Lajivalmennusta j\u00e4rjestet\u00e4\u00e4n viidess\u00e4 [&hellip;]<\/p>\n","protected":false},"author":6,"featured_media":0,"parent":163,"menu_order":0,"comment_status":"closed","ping_status":"closed","template":"","meta":{"_acf_changed":false,"_relevanssi_hide_post":"","_relevanssi_hide_content":"","_relevanssi_pin_for_all":"","_relevanssi_pin_keywords":"","_relevanssi_unpin_keywords":"","_relevanssi_related_keywords":"","_relevanssi_related_include_ids":"","_relevanssi_related_exclude_ids":"","_relevanssi_related_no_append":"","_relevanssi_related_not_related":"","_relevanssi_related_posts":"129,114,113,126,131,133","_relevanssi_noindex_reason":"","footnotes":""},"class_list":["post-167","page","type-page","status-publish","hentry"],"acf":[],"yoast_head":"<title>H\u00e4meenlinnan lyseon lukio, urheilulinja - Urheiluakatemia Tavastia<\/title>\n<meta name=\"robots\" content=\"index, follow, max-snippet:-1, max-image-preview:large, max-video-preview:-1\" \/>\n<link rel=\"canonical\" href=\"https:\/\/www.kktavastia.fi\/urheiluakatemia-tavastia\/opiskelu\/toinen-aste\/hameenlinnan-lyseon-lukio-urheilulinja\/\" \/>\n<meta property=\"og:locale\" content=\"fi_FI\" \/>\n<meta property=\"og:type\" content=\"article\" \/>\n<meta property=\"og:title\" content=\"H\u00e4meenlinnan lyseon lukio, urheilulinja - Urheiluakatemia Tavastia\" \/>\n<meta property=\"og:description\" content=\"H\u00e4meenlinnan lyseon lukion urheilulinja tarjoaa huipulle pyrkiville nuorille mahdollisuuden\u202fjoustavaan lukio-opiskelun sek\u00e4\u202furheiluvalmennuksen yhdist\u00e4miseen. Urheilulinjalle valitaan vuosittain 36 opiskelijaa. Lajivalmennusta j\u00e4rjestet\u00e4\u00e4n viidess\u00e4 [&hellip;]\" \/>\n<meta property=\"og:url\" content=\"https:\/\/www.kktavastia.fi\/urheiluakatemia-tavastia\/opiskelu\/toinen-aste\/hameenlinnan-lyseon-lukio-urheilulinja\/\" \/>\n<meta property=\"og:site_name\" content=\"Urheiluakatemia Tavastia\" \/>\n<meta property=\"article:modified_time\" content=\"2026-04-14T07:15:41+00:00\" \/>\n<meta property=\"og:image\" content=\"https:\/\/www.kktavastia.fi\/media\/sites\/10\/tiina-kivinen.jpeg\" \/>\n\t<meta property=\"og:image:width\" content=\"814\" \/>\n\t<meta property=\"og:image:height\" content=\"749\" \/>\n\t<meta property=\"og:image:type\" content=\"image\/jpeg\" \/>\n<meta name=\"twitter:card\" content=\"summary_large_image\" \/>\n<script type=\"application\/ld+json\" class=\"yoast-schema-graph\">{\"@context\":\"https:\\\/\\\/schema.org\",\"@graph\":[{\"@type\":\"WebPage\",\"@id\":\"https:\\\/\\\/www.kktavastia.fi\\\/urheiluakatemia-tavastia\\\/opiskelu\\\/toinen-aste\\\/hameenlinnan-lyseon-lukio-urheilulinja\\\/\",\"url\":\"https:\\\/\\\/www.kktavastia.fi\\\/urheiluakatemia-tavastia\\\/opiskelu\\\/toinen-aste\\\/hameenlinnan-lyseon-lukio-urheilulinja\\\/\",\"name\":\"H\u00e4meenlinnan lyseon lukio, urheilulinja - Urheiluakatemia Tavastia\",\"isPartOf\":{\"@id\":\"https:\\\/\\\/www.kktavastia.fi\\\/urheiluakatemia-tavastia\\\/#website\"},\"primaryImageOfPage\":{\"@id\":\"https:\\\/\\\/www.kktavastia.fi\\\/urheiluakatemia-tavastia\\\/opiskelu\\\/toinen-aste\\\/hameenlinnan-lyseon-lukio-urheilulinja\\\/#primaryimage\"},\"image\":{\"@id\":\"https:\\\/\\\/www.kktavastia.fi\\\/urheiluakatemia-tavastia\\\/opiskelu\\\/toinen-aste\\\/hameenlinnan-lyseon-lukio-urheilulinja\\\/#primaryimage\"},\"thumbnailUrl\":\"https:\\\/\\\/www.kktavastia.fi\\\/media\\\/sites\\\/10\\\/tiina-kivinen.jpeg\",\"datePublished\":\"2026-03-25T09:47:09+00:00\",\"dateModified\":\"2026-04-14T07:15:41+00:00\",\"breadcrumb\":{\"@id\":\"https:\\\/\\\/www.kktavastia.fi\\\/urheiluakatemia-tavastia\\\/opiskelu\\\/toinen-aste\\\/hameenlinnan-lyseon-lukio-urheilulinja\\\/#breadcrumb\"},\"inLanguage\":\"fi\",\"potentialAction\":[{\"@type\":\"ReadAction\",\"target\":[\"https:\\\/\\\/www.kktavastia.fi\\\/urheiluakatemia-tavastia\\\/opiskelu\\\/toinen-aste\\\/hameenlinnan-lyseon-lukio-urheilulinja\\\/\"]}]},{\"@type\":\"ImageObject\",\"inLanguage\":\"fi\",\"@id\":\"https:\\\/\\\/www.kktavastia.fi\\\/urheiluakatemia-tavastia\\\/opiskelu\\\/toinen-aste\\\/hameenlinnan-lyseon-lukio-urheilulinja\\\/#primaryimage\",\"url\":\"https:\\\/\\\/www.kktavastia.fi\\\/media\\\/sites\\\/10\\\/tiina-kivinen.jpeg\",\"contentUrl\":\"https:\\\/\\\/www.kktavastia.fi\\\/media\\\/sites\\\/10\\\/tiina-kivinen.jpeg\"},{\"@type\":\"BreadcrumbList\",\"@id\":\"https:\\\/\\\/www.kktavastia.fi\\\/urheiluakatemia-tavastia\\\/opiskelu\\\/toinen-aste\\\/hameenlinnan-lyseon-lukio-urheilulinja\\\/#breadcrumb\",\"itemListElement\":[{\"@type\":\"ListItem\",\"position\":1,\"name\":\"Home\",\"item\":\"https:\\\/\\\/www.kktavastia.fi\\\/urheiluakatemia-tavastia\\\/\"},{\"@type\":\"ListItem\",\"position\":2,\"name\":\"Opiskelu\",\"item\":\"https:\\\/\\\/www.kktavastia.fi\\\/urheiluakatemia-tavastia\\\/opiskelu\\\/\"},{\"@type\":\"ListItem\",\"position\":3,\"name\":\"Toinen aste\",\"item\":\"https:\\\/\\\/www.kktavastia.fi\\\/urheiluakatemia-tavastia\\\/opiskelu\\\/toinen-aste\\\/\"},{\"@type\":\"ListItem\",\"position\":4,\"name\":\"H\u00e4meenlinnan lyseon lukio, urheilulinja\"}]},{\"@type\":\"WebSite\",\"@id\":\"https:\\\/\\\/www.kktavastia.fi\\\/urheiluakatemia-tavastia\\\/#website\",\"url\":\"https:\\\/\\\/www.kktavastia.fi\\\/urheiluakatemia-tavastia\\\/\",\"name\":\"Urheiluakatemia Tavastia\",\"description\":\"\",\"potentialAction\":[{\"@type\":\"SearchAction\",\"target\":{\"@type\":\"EntryPoint\",\"urlTemplate\":\"https:\\\/\\\/www.kktavastia.fi\\\/urheiluakatemia-tavastia\\\/?s={search_term_string}\"},\"query-input\":{\"@type\":\"PropertyValueSpecification\",\"valueRequired\":true,\"valueName\":\"search_term_string\"}}],\"inLanguage\":\"fi\"}]}<\/script>","yoast_head_json":{"title":"H\u00e4meenlinnan lyseon lukio, urheilulinja - Urheiluakatemia Tavastia","robots":{"index":"index","follow":"follow","max-snippet":"max-snippet:-1","max-image-preview":"max-image-preview:large","max-video-preview":"max-video-preview:-1"},"canonical":"https:\/\/www.kktavastia.fi\/urheiluakatemia-tavastia\/opiskelu\/toinen-aste\/hameenlinnan-lyseon-lukio-urheilulinja\/","og_locale":"fi_FI","og_type":"article","og_title":"H\u00e4meenlinnan lyseon lukio, urheilulinja - Urheiluakatemia Tavastia","og_description":"H\u00e4meenlinnan lyseon lukion urheilulinja tarjoaa huipulle pyrkiville nuorille mahdollisuuden\u202fjoustavaan lukio-opiskelun sek\u00e4\u202furheiluvalmennuksen yhdist\u00e4miseen. Urheilulinjalle valitaan vuosittain 36 opiskelijaa. Lajivalmennusta j\u00e4rjestet\u00e4\u00e4n viidess\u00e4 [&hellip;]","og_url":"https:\/\/www.kktavastia.fi\/urheiluakatemia-tavastia\/opiskelu\/toinen-aste\/hameenlinnan-lyseon-lukio-urheilulinja\/","og_site_name":"Urheiluakatemia Tavastia","article_modified_time":"2026-04-14T07:15:41+00:00","og_image":[{"width":814,"height":749,"url":"https:\/\/www.kktavastia.fi\/media\/sites\/10\/tiina-kivinen.jpeg","type":"image\/jpeg"}],"twitter_card":"summary_large_image","schema":{"@context":"https:\/\/schema.org","@graph":[{"@type":"WebPage","@id":"https:\/\/www.kktavastia.fi\/urheiluakatemia-tavastia\/opiskelu\/toinen-aste\/hameenlinnan-lyseon-lukio-urheilulinja\/","url":"https:\/\/www.kktavastia.fi\/urheiluakatemia-tavastia\/opiskelu\/toinen-aste\/hameenlinnan-lyseon-lukio-urheilulinja\/","name":"H\u00e4meenlinnan lyseon lukio, urheilulinja - Urheiluakatemia Tavastia","isPartOf":{"@id":"https:\/\/www.kktavastia.fi\/urheiluakatemia-tavastia\/#website"},"primaryImageOfPage":{"@id":"https:\/\/www.kktavastia.fi\/urheiluakatemia-tavastia\/opiskelu\/toinen-aste\/hameenlinnan-lyseon-lukio-urheilulinja\/#primaryimage"},"image":{"@id":"https:\/\/www.kktavastia.fi\/urheiluakatemia-tavastia\/opiskelu\/toinen-aste\/hameenlinnan-lyseon-lukio-urheilulinja\/#primaryimage"},"thumbnailUrl":"https:\/\/www.kktavastia.fi\/media\/sites\/10\/tiina-kivinen.jpeg","datePublished":"2026-03-25T09:47:09+00:00","dateModified":"2026-04-14T07:15:41+00:00","breadcrumb":{"@id":"https:\/\/www.kktavastia.fi\/urheiluakatemia-tavastia\/opiskelu\/toinen-aste\/hameenlinnan-lyseon-lukio-urheilulinja\/#breadcrumb"},"inLanguage":"fi","potentialAction":[{"@type":"ReadAction","target":["https:\/\/www.kktavastia.fi\/urheiluakatemia-tavastia\/opiskelu\/toinen-aste\/hameenlinnan-lyseon-lukio-urheilulinja\/"]}]},{"@type":"ImageObject","inLanguage":"fi","@id":"https:\/\/www.kktavastia.fi\/urheiluakatemia-tavastia\/opiskelu\/toinen-aste\/hameenlinnan-lyseon-lukio-urheilulinja\/#primaryimage","url":"https:\/\/www.kktavastia.fi\/media\/sites\/10\/tiina-kivinen.jpeg","contentUrl":"https:\/\/www.kktavastia.fi\/media\/sites\/10\/tiina-kivinen.jpeg"},{"@type":"BreadcrumbList","@id":"https:\/\/www.kktavastia.fi\/urheiluakatemia-tavastia\/opiskelu\/toinen-aste\/hameenlinnan-lyseon-lukio-urheilulinja\/#breadcrumb","itemListElement":[{"@type":"ListItem","position":1,"name":"Home","item":"https:\/\/www.kktavastia.fi\/urheiluakatemia-tavastia\/"},{"@type":"ListItem","position":2,"name":"Opiskelu","item":"https:\/\/www.kktavastia.fi\/urheiluakatemia-tavastia\/opiskelu\/"},{"@type":"ListItem","position":3,"name":"Toinen aste","item":"https:\/\/www.kktavastia.fi\/urheiluakatemia-tavastia\/opiskelu\/toinen-aste\/"},{"@type":"ListItem","position":4,"name":"H\u00e4meenlinnan lyseon lukio, urheilulinja"}]},{"@type":"WebSite","@id":"https:\/\/www.kktavastia.fi\/urheiluakatemia-tavastia\/#website","url":"https:\/\/www.kktavastia.fi\/urheiluakatemia-tavastia\/","name":"Urheiluakatemia Tavastia","description":"","potentialAction":[{"@type":"SearchAction","target":{"@type":"EntryPoint","urlTemplate":"https:\/\/www.kktavastia.fi\/urheiluakatemia-tavastia\/?s={search_term_string}"},"query-input":{"@type":"PropertyValueSpecification","valueRequired":true,"valueName":"search_term_string"}}],"inLanguage":"fi"}]}},"_links":{"self":[{"href":"https:\/\/www.kktavastia.fi\/urheiluakatemia-tavastia\/wp-json\/wp\/v2\/pages\/167","targetHints":{"allow":["GET"]}}],"collection":[{"href":"https:\/\/www.kktavastia.fi\/urheiluakatemia-tavastia\/wp-json\/wp\/v2\/pages"}],"about":[{"href":"https:\/\/www.kktavastia.fi\/urheiluakatemia-tavastia\/wp-json\/wp\/v2\/types\/page"}],"author":[{"embeddable":true,"href":"https:\/\/www.kktavastia.fi\/urheiluakatemia-tavastia\/wp-json\/wp\/v2\/users\/6"}],"replies":[{"embeddable":true,"href":"https:\/\/www.kktavastia.fi\/urheiluakatemia-tavastia\/wp-json\/wp\/v2\/comments?post=167"}],"version-history":[{"count":3,"href":"https:\/\/www.kktavastia.fi\/urheiluakatemia-tavastia\/wp-json\/wp\/v2\/pages\/167\/revisions"}],"predecessor-version":[{"id":460,"href":"https:\/\/www.kktavastia.fi\/urheiluakatemia-tavastia\/wp-json\/wp\/v2\/pages\/167\/revisions\/460"}],"up":[{"embeddable":true,"href":"https:\/\/www.kktavastia.fi\/urheiluakatemia-tavastia\/wp-json\/wp\/v2\/pages\/163"}],"wp:attachment":[{"href":"https:\/\/www.kktavastia.fi\/urheiluakatemia-tavastia\/wp-json\/wp\/v2\/media?parent=167"}],"curies":[{"name":"wp","href":"https:\/\/api.w.org\/{rel}","templated":true}]}}