{"id":51,"date":"2020-12-03T13:45:08","date_gmt":"2020-12-03T11:45:08","guid":{"rendered":"https:\/\/kktavastia.vaiheessa.fi\/lukiot-parola\/?page_id=51"},"modified":"2025-08-05T10:35:47","modified_gmt":"2025-08-05T07:35:47","slug":"tyo-ja-loma-ajat","status":"publish","type":"page","link":"https:\/\/www.kktavastia.fi\/lukiot-parola\/opiskelijalle\/tyo-ja-loma-ajat\/","title":{"rendered":"Ty\u00f6- ja loma-ajat"},"content":{"rendered":"\n<h3 class=\"wp-block-heading\"><strong>Lukuvuosi 2025\u2013202<\/strong>6<\/h3>\n\n\n\n<h4 class=\"wp-block-heading\">Syyslukukausi ke 6.8. \u2013 pe 19.12.2025<\/h4>\n\n\n\n<ul class=\"wp-block-list\">\n<li>syysloma 13.\u201317.10.2025<\/li>\n\n\n\n<li>joululoma 22.12.2025\u20136.1.2026<\/li>\n<\/ul>\n\n\n\n<h4 class=\"wp-block-heading\">Kev\u00e4tlukukausi ti 7.1. \u2013 la 30.5.2026<\/h4>\n\n\n\n<ul class=\"wp-block-list\">\n<li>talviloma 23.\u201327.2.2026<\/li>\n\n\n\n<li>p\u00e4\u00e4si\u00e4isloma 3.\u20136.4.2026<\/li>\n\n\n\n<li>vapun p\u00e4iv\u00e4 1.5.2026<\/li>\n\n\n\n<li>helatorstai 14.5.2026<\/li>\n<\/ul>\n\n\n\n<h3 class=\"wp-block-heading\"><strong>Lukuvuoden jaksot<\/strong> <\/h3>\n\n\n\n<figure class=\"wp-block-table is-style-stripes\"><table><tbody><tr><td>1. jakso: 6.8.\u201326.9.2025<\/td><td><\/td><\/tr><tr><td>2. jakso: 29.9.\u201324.11.2025<\/td><td><\/td><\/tr><tr><td>3. jakso: 25.11.2025\u201330.1.2026<\/td><td><\/td><\/tr><tr><td>4. jakso: 2.2.\u201331.3.2026<\/td><td><\/td><\/tr><tr><td>5. jakso: 1.4.\u201330.5.2026<\/td><td><\/td><\/tr><\/tbody><\/table><\/figure>\n\n\n\n<p><\/p>\n","protected":false},"excerpt":{"rendered":"<p>Lukuvuosi 2025\u20132026 Syyslukukausi ke 6.8. \u2013 pe 19.12.2025 Kev\u00e4tlukukausi ti 7.1. \u2013 la 30.5.2026 Lukuvuoden jaksot 1. jakso: 6.8.\u201326.9.2025 2. [&hellip;]<\/p>\n","protected":false},"author":6,"featured_media":0,"parent":10,"menu_order":0,"comment_status":"closed","ping_status":"closed","template":"","meta":{"_acf_changed":false,"_relevanssi_hide_post":"","_relevanssi_hide_content":"","_relevanssi_pin_for_all":"","_relevanssi_pin_keywords":"","_relevanssi_unpin_keywords":"","_relevanssi_related_keywords":"","_relevanssi_related_include_ids":"","_relevanssi_related_exclude_ids":"","_relevanssi_related_no_append":"","_relevanssi_related_not_related":"","_relevanssi_related_posts":"56,10,28,13,1053,8","_relevanssi_noindex_reason":"","footnotes":""},"class_list":["post-51","page","type-page","status-publish","hentry"],"acf":[],"yoast_head":"<title>Ty\u00f6- ja loma-ajat Parolan lukiossa | Lukuvuoden pituus | Jaksot<\/title>\n<meta name=\"description\" content=\"Ty\u00f6- ja loma-ajat Parolan lukiossa sek\u00e4 jaksojen vaihtumis- ja alkamisajankohdat l\u00f6yd\u00e4t t\u00e4\u00e4lt\u00e4. Katso lukuvuoden t\u00e4rke\u00e4t p\u00e4iv\u00e4m\u00e4\u00e4r\u00e4t.\" \/>\n<meta name=\"robots\" content=\"index, follow, max-snippet:-1, max-image-preview:large, max-video-preview:-1\" \/>\n<link rel=\"canonical\" href=\"https:\/\/www.kktavastia.fi\/lukiot-parola\/opiskelijalle\/tyo-ja-loma-ajat\/\" \/>\n<meta property=\"og:locale\" content=\"fi_FI\" \/>\n<meta property=\"og:type\" content=\"article\" \/>\n<meta property=\"og:title\" content=\"Ty\u00f6- ja loma-ajat Parolan lukiossa | Lukuvuoden pituus | Jaksot\" \/>\n<meta property=\"og:description\" content=\"Ty\u00f6- ja loma-ajat Parolan lukiossa sek\u00e4 jaksojen vaihtumis- ja alkamisajankohdat l\u00f6yd\u00e4t t\u00e4\u00e4lt\u00e4. Katso lukuvuoden t\u00e4rke\u00e4t p\u00e4iv\u00e4m\u00e4\u00e4r\u00e4t.\" \/>\n<meta property=\"og:url\" content=\"https:\/\/www.kktavastia.fi\/lukiot-parola\/opiskelijalle\/tyo-ja-loma-ajat\/\" \/>\n<meta property=\"og:site_name\" content=\"Parolan lukio\" \/>\n<meta property=\"article:modified_time\" content=\"2025-08-05T07:35:47+00:00\" \/>\n<meta name=\"twitter:card\" content=\"summary_large_image\" \/>\n<script type=\"application\/ld+json\" class=\"yoast-schema-graph\">{\"@context\":\"https:\\\/\\\/schema.org\",\"@graph\":[{\"@type\":\"WebPage\",\"@id\":\"https:\\\/\\\/www.kktavastia.fi\\\/lukiot-parola\\\/opiskelijalle\\\/tyo-ja-loma-ajat\\\/\",\"url\":\"https:\\\/\\\/www.kktavastia.fi\\\/lukiot-parola\\\/opiskelijalle\\\/tyo-ja-loma-ajat\\\/\",\"name\":\"Ty\u00f6- ja loma-ajat Parolan lukiossa | Lukuvuoden pituus | Jaksot\",\"isPartOf\":{\"@id\":\"https:\\\/\\\/www.kktavastia.fi\\\/lukiot-parola\\\/#website\"},\"datePublished\":\"2020-12-03T11:45:08+00:00\",\"dateModified\":\"2025-08-05T07:35:47+00:00\",\"description\":\"Ty\u00f6- ja loma-ajat Parolan lukiossa sek\u00e4 jaksojen vaihtumis- ja alkamisajankohdat l\u00f6yd\u00e4t t\u00e4\u00e4lt\u00e4. Katso lukuvuoden t\u00e4rke\u00e4t p\u00e4iv\u00e4m\u00e4\u00e4r\u00e4t.\",\"breadcrumb\":{\"@id\":\"https:\\\/\\\/www.kktavastia.fi\\\/lukiot-parola\\\/opiskelijalle\\\/tyo-ja-loma-ajat\\\/#breadcrumb\"},\"inLanguage\":\"fi\",\"potentialAction\":[{\"@type\":\"ReadAction\",\"target\":[\"https:\\\/\\\/www.kktavastia.fi\\\/lukiot-parola\\\/opiskelijalle\\\/tyo-ja-loma-ajat\\\/\"]}]},{\"@type\":\"BreadcrumbList\",\"@id\":\"https:\\\/\\\/www.kktavastia.fi\\\/lukiot-parola\\\/opiskelijalle\\\/tyo-ja-loma-ajat\\\/#breadcrumb\",\"itemListElement\":[{\"@type\":\"ListItem\",\"position\":1,\"name\":\"Home\",\"item\":\"https:\\\/\\\/www.kktavastia.fi\\\/lukiot-parola\\\/\"},{\"@type\":\"ListItem\",\"position\":2,\"name\":\"Opiskelijalle\",\"item\":\"https:\\\/\\\/www.kktavastia.fi\\\/lukiot-parola\\\/opiskelijalle\\\/\"},{\"@type\":\"ListItem\",\"position\":3,\"name\":\"Ty\u00f6- ja loma-ajat\"}]},{\"@type\":\"WebSite\",\"@id\":\"https:\\\/\\\/www.kktavastia.fi\\\/lukiot-parola\\\/#website\",\"url\":\"https:\\\/\\\/www.kktavastia.fi\\\/lukiot-parola\\\/\",\"name\":\"Parolan lukio\",\"description\":\"\",\"potentialAction\":[{\"@type\":\"SearchAction\",\"target\":{\"@type\":\"EntryPoint\",\"urlTemplate\":\"https:\\\/\\\/www.kktavastia.fi\\\/lukiot-parola\\\/?s={search_term_string}\"},\"query-input\":{\"@type\":\"PropertyValueSpecification\",\"valueRequired\":true,\"valueName\":\"search_term_string\"}}],\"inLanguage\":\"fi\"}]}<\/script>","yoast_head_json":{"title":"Ty\u00f6- ja loma-ajat Parolan lukiossa | Lukuvuoden pituus | Jaksot","description":"Ty\u00f6- ja loma-ajat Parolan lukiossa sek\u00e4 jaksojen vaihtumis- ja alkamisajankohdat l\u00f6yd\u00e4t t\u00e4\u00e4lt\u00e4. Katso lukuvuoden t\u00e4rke\u00e4t p\u00e4iv\u00e4m\u00e4\u00e4r\u00e4t.","robots":{"index":"index","follow":"follow","max-snippet":"max-snippet:-1","max-image-preview":"max-image-preview:large","max-video-preview":"max-video-preview:-1"},"canonical":"https:\/\/www.kktavastia.fi\/lukiot-parola\/opiskelijalle\/tyo-ja-loma-ajat\/","og_locale":"fi_FI","og_type":"article","og_title":"Ty\u00f6- ja loma-ajat Parolan lukiossa | Lukuvuoden pituus | Jaksot","og_description":"Ty\u00f6- ja loma-ajat Parolan lukiossa sek\u00e4 jaksojen vaihtumis- ja alkamisajankohdat l\u00f6yd\u00e4t t\u00e4\u00e4lt\u00e4. Katso lukuvuoden t\u00e4rke\u00e4t p\u00e4iv\u00e4m\u00e4\u00e4r\u00e4t.","og_url":"https:\/\/www.kktavastia.fi\/lukiot-parola\/opiskelijalle\/tyo-ja-loma-ajat\/","og_site_name":"Parolan lukio","article_modified_time":"2025-08-05T07:35:47+00:00","twitter_card":"summary_large_image","schema":{"@context":"https:\/\/schema.org","@graph":[{"@type":"WebPage","@id":"https:\/\/www.kktavastia.fi\/lukiot-parola\/opiskelijalle\/tyo-ja-loma-ajat\/","url":"https:\/\/www.kktavastia.fi\/lukiot-parola\/opiskelijalle\/tyo-ja-loma-ajat\/","name":"Ty\u00f6- ja loma-ajat Parolan lukiossa | Lukuvuoden pituus | Jaksot","isPartOf":{"@id":"https:\/\/www.kktavastia.fi\/lukiot-parola\/#website"},"datePublished":"2020-12-03T11:45:08+00:00","dateModified":"2025-08-05T07:35:47+00:00","description":"Ty\u00f6- ja loma-ajat Parolan lukiossa sek\u00e4 jaksojen vaihtumis- ja alkamisajankohdat l\u00f6yd\u00e4t t\u00e4\u00e4lt\u00e4. Katso lukuvuoden t\u00e4rke\u00e4t p\u00e4iv\u00e4m\u00e4\u00e4r\u00e4t.","breadcrumb":{"@id":"https:\/\/www.kktavastia.fi\/lukiot-parola\/opiskelijalle\/tyo-ja-loma-ajat\/#breadcrumb"},"inLanguage":"fi","potentialAction":[{"@type":"ReadAction","target":["https:\/\/www.kktavastia.fi\/lukiot-parola\/opiskelijalle\/tyo-ja-loma-ajat\/"]}]},{"@type":"BreadcrumbList","@id":"https:\/\/www.kktavastia.fi\/lukiot-parola\/opiskelijalle\/tyo-ja-loma-ajat\/#breadcrumb","itemListElement":[{"@type":"ListItem","position":1,"name":"Home","item":"https:\/\/www.kktavastia.fi\/lukiot-parola\/"},{"@type":"ListItem","position":2,"name":"Opiskelijalle","item":"https:\/\/www.kktavastia.fi\/lukiot-parola\/opiskelijalle\/"},{"@type":"ListItem","position":3,"name":"Ty\u00f6- ja loma-ajat"}]},{"@type":"WebSite","@id":"https:\/\/www.kktavastia.fi\/lukiot-parola\/#website","url":"https:\/\/www.kktavastia.fi\/lukiot-parola\/","name":"Parolan lukio","description":"","potentialAction":[{"@type":"SearchAction","target":{"@type":"EntryPoint","urlTemplate":"https:\/\/www.kktavastia.fi\/lukiot-parola\/?s={search_term_string}"},"query-input":{"@type":"PropertyValueSpecification","valueRequired":true,"valueName":"search_term_string"}}],"inLanguage":"fi"}]}},"_links":{"self":[{"href":"https:\/\/www.kktavastia.fi\/lukiot-parola\/wp-json\/wp\/v2\/pages\/51","targetHints":{"allow":["GET"]}}],"collection":[{"href":"https:\/\/www.kktavastia.fi\/lukiot-parola\/wp-json\/wp\/v2\/pages"}],"about":[{"href":"https:\/\/www.kktavastia.fi\/lukiot-parola\/wp-json\/wp\/v2\/types\/page"}],"author":[{"embeddable":true,"href":"https:\/\/www.kktavastia.fi\/lukiot-parola\/wp-json\/wp\/v2\/users\/6"}],"replies":[{"embeddable":true,"href":"https:\/\/www.kktavastia.fi\/lukiot-parola\/wp-json\/wp\/v2\/comments?post=51"}],"version-history":[{"count":21,"href":"https:\/\/www.kktavastia.fi\/lukiot-parola\/wp-json\/wp\/v2\/pages\/51\/revisions"}],"predecessor-version":[{"id":1622,"href":"https:\/\/www.kktavastia.fi\/lukiot-parola\/wp-json\/wp\/v2\/pages\/51\/revisions\/1622"}],"up":[{"embeddable":true,"href":"https:\/\/www.kktavastia.fi\/lukiot-parola\/wp-json\/wp\/v2\/pages\/10"}],"wp:attachment":[{"href":"https:\/\/www.kktavastia.fi\/lukiot-parola\/wp-json\/wp\/v2\/media?parent=51"}],"curies":[{"name":"wp","href":"https:\/\/api.w.org\/{rel}","templated":true}]}}

Työ- ja loma-ajat

<h3 class="wp-block-heading"><strong>Lukuvuosi 2025–202</strong>6</h3>



<h4 class="wp-block-heading">Syyslukukausi ke 6.8. – pe 19.12.2025</h4>



<ul class="wp-block-list">
<li>syysloma 13.–17.10.2025</li>



<li>joululoma 22.12.2025–6.1.2026</li>
</ul>



<h4 class="wp-block-heading">Kevätlukukausi ti 7.1. – la 30.5.2026</h4>



<ul class="wp-block-list">
<li>talviloma 23.–27.2.2026</li>



<li>pääsiäisloma 3.–6.4.2026</li>



<li>vapun päivä 1.5.2026</li>



<li>helatorstai 14.5.2026</li>
</ul>



<h3 class="wp-block-heading"><strong>Lukuvuoden jaksot</strong> </h3>



<figure class="wp-block-table is-style-stripes"><table><tbody><tr><td>1. jakso: 6.8.–26.9.2025</td><td></td></tr><tr><td>2. jakso: 29.9.–24.11.2025</td><td></td></tr><tr><td>3. jakso: 25.11.2025–30.1.2026</td><td></td></tr><tr><td>4. jakso: 2.2.–31.3.2026</td><td></td></tr><tr><td>5. jakso: 1.4.–30.5.2026</td><td></td></tr></tbody></table></figure>



<p></p>

<p>Lukuvuosi 2025–2026 Syyslukukausi ke 6.8. – pe 19.12.2025 Kevätlukukausi ti 7.1. – la 30.5.2026 Lukuvuoden jaksot 1. jakso: 6.8.–26.9.2025 2. [&hellip;]</p>

<title>Työ- ja loma-ajat Parolan lukiossa | Lukuvuoden pituus | Jaksot</title>
<meta name="description" content="Työ- ja loma-ajat Parolan lukiossa sekä jaksojen vaihtumis- ja alkamisajankohdat löydät täältä. Katso lukuvuoden tärkeät päivämäärät." />
<meta name="robots" content="index, follow, max-snippet:-1, max-image-preview:large, max-video-preview:-1" />
<link rel="canonical" href="https://www.kktavastia.fi/lukiot-parola/opiskelijalle/tyo-ja-loma-ajat/" />
<meta property="og:locale" content="fi_FI" />
<meta property="og:type" content="article" />
<meta property="og:title" content="Työ- ja loma-ajat Parolan lukiossa | Lukuvuoden pituus | Jaksot" />
<meta property="og:description" content="Työ- ja loma-ajat Parolan lukiossa sekä jaksojen vaihtumis- ja alkamisajankohdat löydät täältä. Katso lukuvuoden tärkeät päivämäärät." />
<meta property="og:url" content="https://www.kktavastia.fi/lukiot-parola/opiskelijalle/tyo-ja-loma-ajat/" />
<meta property="og:site_name" content="Parolan lukio" />
<meta property="article:modified_time" content="2025-08-05T07:35:47+00:00" />
<meta name="twitter:card" content="summary_large_image" />
<script type="application/ld+json" class="yoast-schema-graph">{"@context":"https:\/\/schema.org","@graph":[{"@type":"WebPage","@id":"https:\/\/www.kktavastia.fi\/lukiot-parola\/opiskelijalle\/tyo-ja-loma-ajat\/","url":"https:\/\/www.kktavastia.fi\/lukiot-parola\/opiskelijalle\/tyo-ja-loma-ajat\/","name":"Työ- ja loma-ajat Parolan lukiossa | Lukuvuoden pituus | Jaksot","isPartOf":{"@id":"https:\/\/www.kktavastia.fi\/lukiot-parola\/#website"},"datePublished":"2020-12-03T11:45:08+00:00","dateModified":"2025-08-05T07:35:47+00:00","description":"Työ- ja loma-ajat Parolan lukiossa sekä jaksojen vaihtumis- ja alkamisajankohdat löydät täältä. Katso lukuvuoden tärkeät päivämäärät.","breadcrumb":{"@id":"https:\/\/www.kktavastia.fi\/lukiot-parola\/opiskelijalle\/tyo-ja-loma-ajat\/#breadcrumb"},"inLanguage":"fi","potentialAction":[{"@type":"ReadAction","target":["https:\/\/www.kktavastia.fi\/lukiot-parola\/opiskelijalle\/tyo-ja-loma-ajat\/"]}]},{"@type":"BreadcrumbList","@id":"https:\/\/www.kktavastia.fi\/lukiot-parola\/opiskelijalle\/tyo-ja-loma-ajat\/#breadcrumb","itemListElement":[{"@type":"ListItem","position":1,"name":"Home","item":"https:\/\/www.kktavastia.fi\/lukiot-parola\/"},{"@type":"ListItem","position":2,"name":"Opiskelijalle","item":"https:\/\/www.kktavastia.fi\/lukiot-parola\/opiskelijalle\/"},{"@type":"ListItem","position":3,"name":"Työ- ja loma-ajat"}]},{"@type":"WebSite","@id":"https:\/\/www.kktavastia.fi\/lukiot-parola\/#website","url":"https:\/\/www.kktavastia.fi\/lukiot-parola\/","name":"Parolan lukio","description":"","potentialAction":[{"@type":"SearchAction","target":{"@type":"EntryPoint","urlTemplate":"https:\/\/www.kktavastia.fi\/lukiot-parola\/?s={search_term_string}"},"query-input":{"@type":"PropertyValueSpecification","valueRequired":true,"valueName":"search_term_string"}}],"inLanguage":"fi"}]}</script>

Työ- ja loma-ajat Parolan lukiossa | Lukuvuoden pituus | Jaksot

Työ- ja loma-ajat Parolan lukiossa sekä jaksojen vaihtumis- ja alkamisajankohdat löydät täältä. Katso lukuvuoden tärkeät päivämäärät.
