{"id":168,"date":"2021-01-27T10:44:59","date_gmt":"2021-01-27T08:44:59","guid":{"rendered":"https:\/\/kktavastia.vaiheessa.fi\/lukiot-parola\/?page_id=168"},"modified":"2021-01-27T10:44:59","modified_gmt":"2021-01-27T08:44:59","slug":"opiskelijakunta","status":"publish","type":"page","link":"https:\/\/www.kktavastia.fi\/lukiot-parola\/opiskelijalle\/opiskelijakunta\/","title":{"rendered":"Opiskelijakunta"},"content":{"rendered":"\n<p class=\"is-style-ingress\">Opiskelijakuntaan kuuluvat kaikki koulun opiskelijat. <\/p>\n\n\n\n<p>Opiskelijakunnan teht\u00e4v\u00e4 on osallistua kouluty\u00f6n suunnitteluun, valvoa opiskelijoiden etuja, pit\u00e4\u00e4 yhteytt\u00e4 opettajakuntaan ja j\u00e4rjest\u00e4\u00e4 erilaisia tapahtumia, esim. taksv\u00e4rkkiker\u00e4ykset, teemap\u00e4iv\u00e4t. Tavoitteena on yleinen viihtyvyys, hyv\u00e4 kouluhenki ja yhteydet my\u00f6s muihin oppilaitoksiin.\u00ad\u00ad Opiskelijakunnan hallitus valitaan syyslukukauden alussa luokkien puheenjohtajista ja sihteereist\u00e4. \u00ad<\/p>\n","protected":false},"excerpt":{"rendered":"<p>Opiskelijakuntaan kuuluvat kaikki koulun opiskelijat. Opiskelijakunnan teht\u00e4v\u00e4 on osallistua kouluty\u00f6n suunnitteluun, valvoa opiskelijoiden etuja, pit\u00e4\u00e4 yhteytt\u00e4 opettajakuntaan ja j\u00e4rjest\u00e4\u00e4 erilaisia [&hellip;]<\/p>\n","protected":false},"author":6,"featured_media":0,"parent":10,"menu_order":0,"comment_status":"closed","ping_status":"closed","template":"","meta":{"_acf_changed":false,"_relevanssi_hide_post":"","_relevanssi_hide_content":"","_relevanssi_pin_for_all":"","_relevanssi_pin_keywords":"","_relevanssi_unpin_keywords":"","_relevanssi_related_keywords":"","_relevanssi_related_include_ids":"","_relevanssi_related_exclude_ids":"","_relevanssi_related_no_append":"","_relevanssi_related_not_related":"","_relevanssi_related_posts":"","_relevanssi_noindex_reason":"","footnotes":""},"class_list":["post-168","page","type-page","status-publish","hentry"],"acf":[],"yoast_head":"<title>Opiskelijakunta - Parolan lukio<\/title>\n<meta name=\"robots\" content=\"index, follow, max-snippet:-1, max-image-preview:large, max-video-preview:-1\" \/>\n<link rel=\"canonical\" href=\"https:\/\/www.kktavastia.fi\/lukiot-parola\/opiskelijalle\/opiskelijakunta\/\" \/>\n<meta property=\"og:locale\" content=\"fi_FI\" \/>\n<meta property=\"og:type\" content=\"article\" \/>\n<meta property=\"og:title\" content=\"Opiskelijakunta - Parolan lukio\" \/>\n<meta property=\"og:description\" content=\"Opiskelijakuntaan kuuluvat kaikki koulun opiskelijat. Opiskelijakunnan teht\u00e4v\u00e4 on osallistua kouluty\u00f6n suunnitteluun, valvoa opiskelijoiden etuja, pit\u00e4\u00e4 yhteytt\u00e4 opettajakuntaan ja j\u00e4rjest\u00e4\u00e4 erilaisia [&hellip;]\" \/>\n<meta property=\"og:url\" content=\"https:\/\/www.kktavastia.fi\/lukiot-parola\/opiskelijalle\/opiskelijakunta\/\" \/>\n<meta property=\"og:site_name\" content=\"Parolan lukio\" \/>\n<meta name=\"twitter:card\" content=\"summary_large_image\" \/>\n<script type=\"application\/ld+json\" class=\"yoast-schema-graph\">{\"@context\":\"https:\\\/\\\/schema.org\",\"@graph\":[{\"@type\":\"WebPage\",\"@id\":\"https:\\\/\\\/www.kktavastia.fi\\\/lukiot-parola\\\/opiskelijalle\\\/opiskelijakunta\\\/\",\"url\":\"https:\\\/\\\/www.kktavastia.fi\\\/lukiot-parola\\\/opiskelijalle\\\/opiskelijakunta\\\/\",\"name\":\"Opiskelijakunta - Parolan lukio\",\"isPartOf\":{\"@id\":\"https:\\\/\\\/www.kktavastia.fi\\\/lukiot-parola\\\/#website\"},\"datePublished\":\"2021-01-27T08:44:59+00:00\",\"breadcrumb\":{\"@id\":\"https:\\\/\\\/www.kktavastia.fi\\\/lukiot-parola\\\/opiskelijalle\\\/opiskelijakunta\\\/#breadcrumb\"},\"inLanguage\":\"fi\",\"potentialAction\":[{\"@type\":\"ReadAction\",\"target\":[\"https:\\\/\\\/www.kktavastia.fi\\\/lukiot-parola\\\/opiskelijalle\\\/opiskelijakunta\\\/\"]}]},{\"@type\":\"BreadcrumbList\",\"@id\":\"https:\\\/\\\/www.kktavastia.fi\\\/lukiot-parola\\\/opiskelijalle\\\/opiskelijakunta\\\/#breadcrumb\",\"itemListElement\":[{\"@type\":\"ListItem\",\"position\":1,\"name\":\"Home\",\"item\":\"https:\\\/\\\/www.kktavastia.fi\\\/lukiot-parola\\\/\"},{\"@type\":\"ListItem\",\"position\":2,\"name\":\"Opiskelijalle\",\"item\":\"https:\\\/\\\/www.kktavastia.fi\\\/lukiot-parola\\\/opiskelijalle\\\/\"},{\"@type\":\"ListItem\",\"position\":3,\"name\":\"Opiskelijakunta\"}]},{\"@type\":\"WebSite\",\"@id\":\"https:\\\/\\\/www.kktavastia.fi\\\/lukiot-parola\\\/#website\",\"url\":\"https:\\\/\\\/www.kktavastia.fi\\\/lukiot-parola\\\/\",\"name\":\"Parolan lukio\",\"description\":\"\",\"potentialAction\":[{\"@type\":\"SearchAction\",\"target\":{\"@type\":\"EntryPoint\",\"urlTemplate\":\"https:\\\/\\\/www.kktavastia.fi\\\/lukiot-parola\\\/?s={search_term_string}\"},\"query-input\":{\"@type\":\"PropertyValueSpecification\",\"valueRequired\":true,\"valueName\":\"search_term_string\"}}],\"inLanguage\":\"fi\"}]}<\/script>","yoast_head_json":{"title":"Opiskelijakunta - Parolan lukio","robots":{"index":"index","follow":"follow","max-snippet":"max-snippet:-1","max-image-preview":"max-image-preview:large","max-video-preview":"max-video-preview:-1"},"canonical":"https:\/\/www.kktavastia.fi\/lukiot-parola\/opiskelijalle\/opiskelijakunta\/","og_locale":"fi_FI","og_type":"article","og_title":"Opiskelijakunta - Parolan lukio","og_description":"Opiskelijakuntaan kuuluvat kaikki koulun opiskelijat. Opiskelijakunnan teht\u00e4v\u00e4 on osallistua kouluty\u00f6n suunnitteluun, valvoa opiskelijoiden etuja, pit\u00e4\u00e4 yhteytt\u00e4 opettajakuntaan ja j\u00e4rjest\u00e4\u00e4 erilaisia [&hellip;]","og_url":"https:\/\/www.kktavastia.fi\/lukiot-parola\/opiskelijalle\/opiskelijakunta\/","og_site_name":"Parolan lukio","twitter_card":"summary_large_image","schema":{"@context":"https:\/\/schema.org","@graph":[{"@type":"WebPage","@id":"https:\/\/www.kktavastia.fi\/lukiot-parola\/opiskelijalle\/opiskelijakunta\/","url":"https:\/\/www.kktavastia.fi\/lukiot-parola\/opiskelijalle\/opiskelijakunta\/","name":"Opiskelijakunta - Parolan lukio","isPartOf":{"@id":"https:\/\/www.kktavastia.fi\/lukiot-parola\/#website"},"datePublished":"2021-01-27T08:44:59+00:00","breadcrumb":{"@id":"https:\/\/www.kktavastia.fi\/lukiot-parola\/opiskelijalle\/opiskelijakunta\/#breadcrumb"},"inLanguage":"fi","potentialAction":[{"@type":"ReadAction","target":["https:\/\/www.kktavastia.fi\/lukiot-parola\/opiskelijalle\/opiskelijakunta\/"]}]},{"@type":"BreadcrumbList","@id":"https:\/\/www.kktavastia.fi\/lukiot-parola\/opiskelijalle\/opiskelijakunta\/#breadcrumb","itemListElement":[{"@type":"ListItem","position":1,"name":"Home","item":"https:\/\/www.kktavastia.fi\/lukiot-parola\/"},{"@type":"ListItem","position":2,"name":"Opiskelijalle","item":"https:\/\/www.kktavastia.fi\/lukiot-parola\/opiskelijalle\/"},{"@type":"ListItem","position":3,"name":"Opiskelijakunta"}]},{"@type":"WebSite","@id":"https:\/\/www.kktavastia.fi\/lukiot-parola\/#website","url":"https:\/\/www.kktavastia.fi\/lukiot-parola\/","name":"Parolan lukio","description":"","potentialAction":[{"@type":"SearchAction","target":{"@type":"EntryPoint","urlTemplate":"https:\/\/www.kktavastia.fi\/lukiot-parola\/?s={search_term_string}"},"query-input":{"@type":"PropertyValueSpecification","valueRequired":true,"valueName":"search_term_string"}}],"inLanguage":"fi"}]}},"_links":{"self":[{"href":"https:\/\/www.kktavastia.fi\/lukiot-parola\/wp-json\/wp\/v2\/pages\/168","targetHints":{"allow":["GET"]}}],"collection":[{"href":"https:\/\/www.kktavastia.fi\/lukiot-parola\/wp-json\/wp\/v2\/pages"}],"about":[{"href":"https:\/\/www.kktavastia.fi\/lukiot-parola\/wp-json\/wp\/v2\/types\/page"}],"author":[{"embeddable":true,"href":"https:\/\/www.kktavastia.fi\/lukiot-parola\/wp-json\/wp\/v2\/users\/6"}],"replies":[{"embeddable":true,"href":"https:\/\/www.kktavastia.fi\/lukiot-parola\/wp-json\/wp\/v2\/comments?post=168"}],"version-history":[{"count":1,"href":"https:\/\/www.kktavastia.fi\/lukiot-parola\/wp-json\/wp\/v2\/pages\/168\/revisions"}],"predecessor-version":[{"id":169,"href":"https:\/\/www.kktavastia.fi\/lukiot-parola\/wp-json\/wp\/v2\/pages\/168\/revisions\/169"}],"up":[{"embeddable":true,"href":"https:\/\/www.kktavastia.fi\/lukiot-parola\/wp-json\/wp\/v2\/pages\/10"}],"wp:attachment":[{"href":"https:\/\/www.kktavastia.fi\/lukiot-parola\/wp-json\/wp\/v2\/media?parent=168"}],"curies":[{"name":"wp","href":"https:\/\/api.w.org\/{rel}","templated":true}]}}