{"id":1376,"date":"2023-01-31T09:14:33","date_gmt":"2023-01-31T07:14:33","guid":{"rendered":"https:\/\/www.kktavastia.fi\/lukiot-parola\/?post_type=event&#038;p=1376"},"modified":"2023-01-31T14:48:50","modified_gmt":"2023-01-31T12:48:50","slug":"penkkarit-2","status":"publish","type":"event","link":"https:\/\/www.kktavastia.fi\/lukiot-parola\/tapahtumat\/penkkarit-2\/","title":{"rendered":"Penkkarit"},"content":{"rendered":"<p>Parolan lukion abiturientit viett\u00e4v\u00e4t viimeist\u00e4 koulup\u00e4iv\u00e4\u00e4ns\u00e4 penkinpainajaisten merkeiss\u00e4 to 9.2.2023. P\u00e4iv\u00e4\u00e4n sis\u00e4ltyy perinteist\u00e4 penkkariohjelmaa koulussa aamun aikana. Ohjelmassaan abiturientit j\u00e4tt\u00e4v\u00e4t \u201dj\u00e4\u00e4hyv\u00e4iset\u201d koululle. Ohjelmassa muistetaan etenkin koulun opettajia sek\u00e4 nuorempia opiskelijoita.<\/p>\n<h3>Penkkariajelun aikataulu<\/h3>\n<p>Penkkarip\u00e4iv\u00e4 huipentuu penkkariajeluun ja karkkisateeseen. Iskulausein koristeltu abirekat valmistellaan Merventien pys\u00e4kill\u00e4 klo 11.00 alkaen. Ajelu l\u00e4htee liikkeelle klo 11.25. Abirekat ovat Juteinin koulun parkkialueella klo 11.30. Sielt\u00e4 matka jatkuu Parolantien ja P\u00e4lk\u00e4neentien kautta Pappilanniemeen, jossa ollaan klo 11.45. Pappilanniemen j\u00e4lkeen abirekat pys\u00e4htyv\u00e4t Pekolan koululla klo 11.50. Sielt\u00e4 matka vie H\u00e4meenlinnan torille, jossa Parolan lukion sek\u00e4 H\u00e4meenlinnan kantakaupungin abiturientit suorittavat yhteisajelun klo 12.15.<\/p>\n<figure id=\"attachment_1380\" aria-describedby=\"caption-attachment-1380\" style=\"width: 300px\" class=\"wp-caption alignnone\"><img loading=\"lazy\" decoding=\"async\" class=\"size-medium wp-image-1380\" src=\"https:\/\/www.kktavastia.fi\/media\/sites\/5\/parolapenkkarit-300x181.png\" alt=\"penkkariajelu 70-luvulla\" width=\"300\" height=\"181\" srcset=\"https:\/\/www.kktavastia.fi\/media\/sites\/5\/parolapenkkarit-300x181.png 300w, https:\/\/www.kktavastia.fi\/media\/sites\/5\/parolapenkkarit-1024x619.png 1024w, https:\/\/www.kktavastia.fi\/media\/sites\/5\/parolapenkkarit-768x464.png 768w, https:\/\/www.kktavastia.fi\/media\/sites\/5\/parolapenkkarit-20x12.png 20w, https:\/\/www.kktavastia.fi\/media\/sites\/5\/parolapenkkarit.png 1379w\" sizes=\"auto, (max-width: 300px) 100vw, 300px\" \/><figcaption id=\"caption-attachment-1380\" class=\"wp-caption-text\">Kuvassa Parolan lukion abimuotia 1970-luvulta. (Kuva: Timo Kujalan kokoelma)<\/figcaption><\/figure>\n","protected":false},"featured_media":0,"template":"","meta":{"_acf_changed":false,"_relevanssi_hide_post":"","_relevanssi_hide_content":"","_relevanssi_pin_for_all":"","_relevanssi_pin_keywords":"","_relevanssi_unpin_keywords":"","_relevanssi_related_keywords":"","_relevanssi_related_include_ids":"","_relevanssi_related_exclude_ids":"","_relevanssi_related_no_append":"","_relevanssi_related_not_related":"","_relevanssi_related_posts":"","_relevanssi_noindex_reason":"","footnotes":""},"class_list":["post-1376","event","type-event","status-publish","hentry"],"acf":[],"yoast_head":"<title>Penkkarit - Parolan lukio<\/title>\n<meta name=\"robots\" content=\"index, follow, max-snippet:-1, max-image-preview:large, max-video-preview:-1\" \/>\n<link rel=\"canonical\" href=\"https:\/\/www.kktavastia.fi\/lukiot-parola\/tapahtumat\/penkkarit-2\/\" \/>\n<meta property=\"og:locale\" content=\"fi_FI\" \/>\n<meta property=\"og:type\" content=\"article\" \/>\n<meta property=\"og:title\" content=\"Penkkarit - Parolan lukio\" \/>\n<meta property=\"og:description\" content=\"Parolan lukion abiturientit viett\u00e4v\u00e4t viimeist\u00e4 koulup\u00e4iv\u00e4\u00e4ns\u00e4 penkinpainajaisten merkeiss\u00e4 to 9.2.2023. P\u00e4iv\u00e4\u00e4n sis\u00e4ltyy perinteist\u00e4 penkkariohjelmaa koulussa aamun aikana. Ohjelmassaan abiturientit j\u00e4tt\u00e4v\u00e4t [&hellip;]\" \/>\n<meta property=\"og:url\" content=\"https:\/\/www.kktavastia.fi\/lukiot-parola\/tapahtumat\/penkkarit-2\/\" \/>\n<meta property=\"og:site_name\" content=\"Parolan lukio\" \/>\n<meta property=\"article:modified_time\" content=\"2023-01-31T12:48:50+00:00\" \/>\n<meta property=\"og:image\" content=\"https:\/\/www.kktavastia.fi\/media\/sites\/5\/parolapenkkarit-300x181.png\" \/>\n<meta name=\"twitter:card\" content=\"summary_large_image\" \/>\n<script type=\"application\/ld+json\" class=\"yoast-schema-graph\">{\"@context\":\"https:\\\/\\\/schema.org\",\"@graph\":[{\"@type\":\"WebPage\",\"@id\":\"https:\\\/\\\/www.kktavastia.fi\\\/lukiot-parola\\\/tapahtumat\\\/penkkarit-2\\\/\",\"url\":\"https:\\\/\\\/www.kktavastia.fi\\\/lukiot-parola\\\/tapahtumat\\\/penkkarit-2\\\/\",\"name\":\"Penkkarit - Parolan lukio\",\"isPartOf\":{\"@id\":\"https:\\\/\\\/www.kktavastia.fi\\\/lukiot-parola\\\/#website\"},\"primaryImageOfPage\":{\"@id\":\"https:\\\/\\\/www.kktavastia.fi\\\/lukiot-parola\\\/tapahtumat\\\/penkkarit-2\\\/#primaryimage\"},\"image\":{\"@id\":\"https:\\\/\\\/www.kktavastia.fi\\\/lukiot-parola\\\/tapahtumat\\\/penkkarit-2\\\/#primaryimage\"},\"thumbnailUrl\":\"https:\\\/\\\/www.kktavastia.fi\\\/media\\\/sites\\\/5\\\/parolapenkkarit-300x181.png\",\"datePublished\":\"2023-01-31T07:14:33+00:00\",\"dateModified\":\"2023-01-31T12:48:50+00:00\",\"breadcrumb\":{\"@id\":\"https:\\\/\\\/www.kktavastia.fi\\\/lukiot-parola\\\/tapahtumat\\\/penkkarit-2\\\/#breadcrumb\"},\"inLanguage\":\"fi\",\"potentialAction\":[{\"@type\":\"ReadAction\",\"target\":[\"https:\\\/\\\/www.kktavastia.fi\\\/lukiot-parola\\\/tapahtumat\\\/penkkarit-2\\\/\"]}]},{\"@type\":\"ImageObject\",\"inLanguage\":\"fi\",\"@id\":\"https:\\\/\\\/www.kktavastia.fi\\\/lukiot-parola\\\/tapahtumat\\\/penkkarit-2\\\/#primaryimage\",\"url\":\"https:\\\/\\\/www.kktavastia.fi\\\/media\\\/sites\\\/5\\\/parolapenkkarit-300x181.png\",\"contentUrl\":\"https:\\\/\\\/www.kktavastia.fi\\\/media\\\/sites\\\/5\\\/parolapenkkarit-300x181.png\"},{\"@type\":\"BreadcrumbList\",\"@id\":\"https:\\\/\\\/www.kktavastia.fi\\\/lukiot-parola\\\/tapahtumat\\\/penkkarit-2\\\/#breadcrumb\",\"itemListElement\":[{\"@type\":\"ListItem\",\"position\":1,\"name\":\"Home\",\"item\":\"https:\\\/\\\/www.kktavastia.fi\\\/lukiot-parola\\\/\"},{\"@type\":\"ListItem\",\"position\":2,\"name\":\"Tapahtumat\",\"item\":\"https:\\\/\\\/www.kktavastia.fi\\\/lukiot-parola\\\/tapahtumat\\\/\"},{\"@type\":\"ListItem\",\"position\":3,\"name\":\"Penkkarit\"}]},{\"@type\":\"WebSite\",\"@id\":\"https:\\\/\\\/www.kktavastia.fi\\\/lukiot-parola\\\/#website\",\"url\":\"https:\\\/\\\/www.kktavastia.fi\\\/lukiot-parola\\\/\",\"name\":\"Parolan lukio\",\"description\":\"\",\"potentialAction\":[{\"@type\":\"SearchAction\",\"target\":{\"@type\":\"EntryPoint\",\"urlTemplate\":\"https:\\\/\\\/www.kktavastia.fi\\\/lukiot-parola\\\/?s={search_term_string}\"},\"query-input\":{\"@type\":\"PropertyValueSpecification\",\"valueRequired\":true,\"valueName\":\"search_term_string\"}}],\"inLanguage\":\"fi\"}]}<\/script>","yoast_head_json":{"title":"Penkkarit - Parolan lukio","robots":{"index":"index","follow":"follow","max-snippet":"max-snippet:-1","max-image-preview":"max-image-preview:large","max-video-preview":"max-video-preview:-1"},"canonical":"https:\/\/www.kktavastia.fi\/lukiot-parola\/tapahtumat\/penkkarit-2\/","og_locale":"fi_FI","og_type":"article","og_title":"Penkkarit - Parolan lukio","og_description":"Parolan lukion abiturientit viett\u00e4v\u00e4t viimeist\u00e4 koulup\u00e4iv\u00e4\u00e4ns\u00e4 penkinpainajaisten merkeiss\u00e4 to 9.2.2023. P\u00e4iv\u00e4\u00e4n sis\u00e4ltyy perinteist\u00e4 penkkariohjelmaa koulussa aamun aikana. Ohjelmassaan abiturientit j\u00e4tt\u00e4v\u00e4t [&hellip;]","og_url":"https:\/\/www.kktavastia.fi\/lukiot-parola\/tapahtumat\/penkkarit-2\/","og_site_name":"Parolan lukio","article_modified_time":"2023-01-31T12:48:50+00:00","og_image":[{"url":"https:\/\/www.kktavastia.fi\/media\/sites\/5\/parolapenkkarit-300x181.png","type":"","width":"","height":""}],"twitter_card":"summary_large_image","schema":{"@context":"https:\/\/schema.org","@graph":[{"@type":"WebPage","@id":"https:\/\/www.kktavastia.fi\/lukiot-parola\/tapahtumat\/penkkarit-2\/","url":"https:\/\/www.kktavastia.fi\/lukiot-parola\/tapahtumat\/penkkarit-2\/","name":"Penkkarit - Parolan lukio","isPartOf":{"@id":"https:\/\/www.kktavastia.fi\/lukiot-parola\/#website"},"primaryImageOfPage":{"@id":"https:\/\/www.kktavastia.fi\/lukiot-parola\/tapahtumat\/penkkarit-2\/#primaryimage"},"image":{"@id":"https:\/\/www.kktavastia.fi\/lukiot-parola\/tapahtumat\/penkkarit-2\/#primaryimage"},"thumbnailUrl":"https:\/\/www.kktavastia.fi\/media\/sites\/5\/parolapenkkarit-300x181.png","datePublished":"2023-01-31T07:14:33+00:00","dateModified":"2023-01-31T12:48:50+00:00","breadcrumb":{"@id":"https:\/\/www.kktavastia.fi\/lukiot-parola\/tapahtumat\/penkkarit-2\/#breadcrumb"},"inLanguage":"fi","potentialAction":[{"@type":"ReadAction","target":["https:\/\/www.kktavastia.fi\/lukiot-parola\/tapahtumat\/penkkarit-2\/"]}]},{"@type":"ImageObject","inLanguage":"fi","@id":"https:\/\/www.kktavastia.fi\/lukiot-parola\/tapahtumat\/penkkarit-2\/#primaryimage","url":"https:\/\/www.kktavastia.fi\/media\/sites\/5\/parolapenkkarit-300x181.png","contentUrl":"https:\/\/www.kktavastia.fi\/media\/sites\/5\/parolapenkkarit-300x181.png"},{"@type":"BreadcrumbList","@id":"https:\/\/www.kktavastia.fi\/lukiot-parola\/tapahtumat\/penkkarit-2\/#breadcrumb","itemListElement":[{"@type":"ListItem","position":1,"name":"Home","item":"https:\/\/www.kktavastia.fi\/lukiot-parola\/"},{"@type":"ListItem","position":2,"name":"Tapahtumat","item":"https:\/\/www.kktavastia.fi\/lukiot-parola\/tapahtumat\/"},{"@type":"ListItem","position":3,"name":"Penkkarit"}]},{"@type":"WebSite","@id":"https:\/\/www.kktavastia.fi\/lukiot-parola\/#website","url":"https:\/\/www.kktavastia.fi\/lukiot-parola\/","name":"Parolan lukio","description":"","potentialAction":[{"@type":"SearchAction","target":{"@type":"EntryPoint","urlTemplate":"https:\/\/www.kktavastia.fi\/lukiot-parola\/?s={search_term_string}"},"query-input":{"@type":"PropertyValueSpecification","valueRequired":true,"valueName":"search_term_string"}}],"inLanguage":"fi"}]}},"_links":{"self":[{"href":"https:\/\/www.kktavastia.fi\/lukiot-parola\/wp-json\/wp\/v2\/event\/1376","targetHints":{"allow":["GET"]}}],"collection":[{"href":"https:\/\/www.kktavastia.fi\/lukiot-parola\/wp-json\/wp\/v2\/event"}],"about":[{"href":"https:\/\/www.kktavastia.fi\/lukiot-parola\/wp-json\/wp\/v2\/types\/event"}],"version-history":[{"count":3,"href":"https:\/\/www.kktavastia.fi\/lukiot-parola\/wp-json\/wp\/v2\/event\/1376\/revisions"}],"predecessor-version":[{"id":1381,"href":"https:\/\/www.kktavastia.fi\/lukiot-parola\/wp-json\/wp\/v2\/event\/1376\/revisions\/1381"}],"wp:attachment":[{"href":"https:\/\/www.kktavastia.fi\/lukiot-parola\/wp-json\/wp\/v2\/media?parent=1376"}],"curies":[{"name":"wp","href":"https:\/\/api.w.org\/{rel}","templated":true}]}}

<p>Parolan lukion abiturientit viettävät viimeistä koulupäiväänsä penkinpainajaisten merkeissä to 9.2.2023. Päivään sisältyy perinteistä penkkariohjelmaa koulussa aamun aikana. Ohjelmassaan abiturientit jättävät ”jäähyväiset” koululle. Ohjelmassa muistetaan etenkin koulun opettajia sekä nuorempia opiskelijoita.</p>
<h3>Penkkariajelun aikataulu</h3>
<p>Penkkaripäivä huipentuu penkkariajeluun ja karkkisateeseen. Iskulausein koristeltu abirekat valmistellaan Merventien pysäkillä klo 11.00 alkaen. Ajelu lähtee liikkeelle klo 11.25. Abirekat ovat Juteinin koulun parkkialueella klo 11.30. Sieltä matka jatkuu Parolantien ja Pälkäneentien kautta Pappilanniemeen, jossa ollaan klo 11.45. Pappilanniemen jälkeen abirekat pysähtyvät Pekolan koululla klo 11.50. Sieltä matka vie Hämeenlinnan torille, jossa Parolan lukion sekä Hämeenlinnan kantakaupungin abiturientit suorittavat yhteisajelun klo 12.15.</p>
<figure id="attachment_1380" aria-describedby="caption-attachment-1380" style="width: 300px" class="wp-caption alignnone"><img loading="lazy" decoding="async" class="size-medium wp-image-1380" src="https://www.kktavastia.fi/media/sites/5/parolapenkkarit-300x181.png" alt="penkkariajelu 70-luvulla" width="300" height="181" srcset="https://www.kktavastia.fi/media/sites/5/parolapenkkarit-300x181.png 300w, https://www.kktavastia.fi/media/sites/5/parolapenkkarit-1024x619.png 1024w, https://www.kktavastia.fi/media/sites/5/parolapenkkarit-768x464.png 768w, https://www.kktavastia.fi/media/sites/5/parolapenkkarit-20x12.png 20w, https://www.kktavastia.fi/media/sites/5/parolapenkkarit.png 1379w" sizes="auto, (max-width: 300px) 100vw, 300px" /><figcaption id="caption-attachment-1380" class="wp-caption-text">Kuvassa Parolan lukion abimuotia 1970-luvulta. (Kuva: Timo Kujalan kokoelma)</figcaption></figure>

<title>Penkkarit - Parolan lukio</title>
<meta name="robots" content="index, follow, max-snippet:-1, max-image-preview:large, max-video-preview:-1" />
<link rel="canonical" href="https://www.kktavastia.fi/lukiot-parola/tapahtumat/penkkarit-2/" />
<meta property="og:locale" content="fi_FI" />
<meta property="og:type" content="article" />
<meta property="og:title" content="Penkkarit - Parolan lukio" />
<meta property="og:description" content="Parolan lukion abiturientit viettävät viimeistä koulupäiväänsä penkinpainajaisten merkeissä to 9.2.2023. Päivään sisältyy perinteistä penkkariohjelmaa koulussa aamun aikana. Ohjelmassaan abiturientit jättävät [&hellip;]" />
<meta property="og:url" content="https://www.kktavastia.fi/lukiot-parola/tapahtumat/penkkarit-2/" />
<meta property="og:site_name" content="Parolan lukio" />
<meta property="article:modified_time" content="2023-01-31T12:48:50+00:00" />
<meta property="og:image" content="https://www.kktavastia.fi/media/sites/5/parolapenkkarit-300x181.png" />
<meta name="twitter:card" content="summary_large_image" />
<script type="application/ld+json" class="yoast-schema-graph">{"@context":"https:\/\/schema.org","@graph":[{"@type":"WebPage","@id":"https:\/\/www.kktavastia.fi\/lukiot-parola\/tapahtumat\/penkkarit-2\/","url":"https:\/\/www.kktavastia.fi\/lukiot-parola\/tapahtumat\/penkkarit-2\/","name":"Penkkarit - Parolan lukio","isPartOf":{"@id":"https:\/\/www.kktavastia.fi\/lukiot-parola\/#website"},"primaryImageOfPage":{"@id":"https:\/\/www.kktavastia.fi\/lukiot-parola\/tapahtumat\/penkkarit-2\/#primaryimage"},"image":{"@id":"https:\/\/www.kktavastia.fi\/lukiot-parola\/tapahtumat\/penkkarit-2\/#primaryimage"},"thumbnailUrl":"https:\/\/www.kktavastia.fi\/media\/sites\/5\/parolapenkkarit-300x181.png","datePublished":"2023-01-31T07:14:33+00:00","dateModified":"2023-01-31T12:48:50+00:00","breadcrumb":{"@id":"https:\/\/www.kktavastia.fi\/lukiot-parola\/tapahtumat\/penkkarit-2\/#breadcrumb"},"inLanguage":"fi","potentialAction":[{"@type":"ReadAction","target":["https:\/\/www.kktavastia.fi\/lukiot-parola\/tapahtumat\/penkkarit-2\/"]}]},{"@type":"ImageObject","inLanguage":"fi","@id":"https:\/\/www.kktavastia.fi\/lukiot-parola\/tapahtumat\/penkkarit-2\/#primaryimage","url":"https:\/\/www.kktavastia.fi\/media\/sites\/5\/parolapenkkarit-300x181.png","contentUrl":"https:\/\/www.kktavastia.fi\/media\/sites\/5\/parolapenkkarit-300x181.png"},{"@type":"BreadcrumbList","@id":"https:\/\/www.kktavastia.fi\/lukiot-parola\/tapahtumat\/penkkarit-2\/#breadcrumb","itemListElement":[{"@type":"ListItem","position":1,"name":"Home","item":"https:\/\/www.kktavastia.fi\/lukiot-parola\/"},{"@type":"ListItem","position":2,"name":"Tapahtumat","item":"https:\/\/www.kktavastia.fi\/lukiot-parola\/tapahtumat\/"},{"@type":"ListItem","position":3,"name":"Penkkarit"}]},{"@type":"WebSite","@id":"https:\/\/www.kktavastia.fi\/lukiot-parola\/#website","url":"https:\/\/www.kktavastia.fi\/lukiot-parola\/","name":"Parolan lukio","description":"","potentialAction":[{"@type":"SearchAction","target":{"@type":"EntryPoint","urlTemplate":"https:\/\/www.kktavastia.fi\/lukiot-parola\/?s={search_term_string}"},"query-input":{"@type":"PropertyValueSpecification","valueRequired":true,"valueName":"search_term_string"}}],"inLanguage":"fi"}]}</script>

Parolan lukion abiturientit viettävät viimeistä koulupäiväänsä penkinpainajaisten merkeissä to 9.2.2023. Päivään sisältyy perinteistä penkkariohjelmaa koulussa aamun aikana. Ohjelmassaan abiturientit jättävät [&hellip;]
