{"id":5,"date":"2020-12-31T10:39:57","date_gmt":"2020-12-31T08:39:57","guid":{"rendered":"https:\/\/kktavastia.vaiheessa.fi\/lukiot-lammi\/?page_id=5"},"modified":"2025-10-30T23:02:46","modified_gmt":"2025-10-30T21:02:46","slug":"tule-opiskelijaksi","status":"publish","type":"page","link":"https:\/\/www.kktavastia.fi\/lukiot-lammi\/tule-opiskelijaksi\/","title":{"rendered":"Tule opiskelijaksi"},"content":{"rendered":"\n<p class=\"is-style-ingress\">Lammin lukioon haetaan valtakunnallisessa yhteishaussa Opintopolku.fi-sivuston kautta. <\/p>\n\n\n\n<p>Seuraava yhteishaku on 17.2.\u201317.3.2026. Tervetuloa opiskelemaan Lammille!<\/p>\n\n\n\n<div class=\"wp-block-buttons is-layout-flex wp-block-buttons-is-layout-flex\">\n<div class=\"wp-block-button\"><a class=\"wp-block-button__link wp-element-button\" href=\"https:\/\/opintopolku.fi\/konfo\/fi\/\">Opintopolku-sivustolle<\/a><\/div>\n<\/div>\n\n\n\n<section class=\"block block-image-content-upsell right-image\">\n  <div class=\"container\">\n\n    <div class=\"cols\">\n      <div class=\"col col-content\">\n        <div class=\"content content-dark\">\n          <h3>Luonto- ja ymp\u00e4rist\u00f6linja<\/h3>\n          <p>Tartu tilaisuuteen ja painota opintojasi luontoon ja ymp\u00e4rist\u00f6\u00f6n jo lukioaikana. Parasta on, ett\u00e4 saat my\u00f6s kaikki muut Lammin lukion edut erityislinjan lis\u00e4ksi.<\/p>\n                      <a href=\"https:\/\/www.kktavastia.fi\/lukiot-lammi\/uutta-lammin-lukion-luonto-ja-ymparistolinja\/\" class=\"button button-light\">Lue lis\u00e4\u00e4<svg xmlns=\"http:\/\/www.w3.org\/2000\/svg\" width=\"23\" height=\"8\" viewBox=\"0 0 23 8\"><path d=\"M1 3.818h21.23m0 0L19.153.764m3.077 3.054l-3.077 3.055\" stroke=\"currentColor\" stroke-width=\"1.5\" fill=\"none\" fill-rule=\"evenodd\" stroke-linecap=\"round\" stroke-linejoin=\"round\"\/><\/svg>\n<\/a>\n                  <\/div>\n      <\/div>\n\n      <div class=\"col col-image\">\n            <div class=\"lazy\"\n      data-bg=\"https:\/\/www.kktavastia.fi\/media\/sites\/7\/sennut-biologisella-asemalla-vaaka-scaled.jpg\"\n          >\n    <\/div>\n\n          <\/div>\n    <\/div>\n\n  <\/div>\n<\/section>\n\n\n\n<h4 class=\"wp-block-heading\">Opintosuunnitelmalomakkeet<\/h4>\n\n\n\n<ul class=\"wp-block-list\">\n<li><a href=\"https:\/\/www.kktavastia.fi\/media\/sites\/7\/opintosuunnitelmalomake-yleislinja-1.pdf\">Opintosuunnitelmalomake, yleislinja<\/a><\/li>\n\n\n\n<li><a href=\"https:\/\/www.kktavastia.fi\/media\/sites\/7\/opintosuunnitelmalomake-luonto-ja-ymparistolinja-1.pdf\">Opintosuunnitelmalomake, luonto- ja ymp\u00e4rist\u00f6linja<\/a><\/li>\n<\/ul>\n\n\n\n<p><a href=\"https:\/\/www.kktavastia.fi\/media\/sites\/7\/opintotarjotin_lammin_lukio_25-26_mv_1308.pdf\">Opintotarjotin lukuvuodelle 2025-2026<\/a><\/p>\n\n\n\n<p>Luonto- ja ymp\u00e4rist\u00f6linjan opintojaksokuvaukset <\/p>\n\n\n\n<ul class=\"wp-block-list\">\n<li><a href=\"https:\/\/www.kktavastia.fi\/media\/sites\/7\/luonto-ja-ymparistolinjan-ops-2.pdf\">Luonto- ja ymp\u00e4rist\u00f6linjan ops<\/a><\/li>\n<\/ul>\n\n\n\n<hr class=\"wp-block-separator has-alpha-channel-opacity\" \/>\n\n\n\n<h3 class=\"wp-block-heading\" id=\"lammin-lukion-historiaa\">Lammin lukion historiaa<\/h3>\n\n\n\n<p>Lammille saatiin lukio, kun Lammin yhteiskoulu laajeni kahdeksanvuotiseksi oppikouluksi 1.9.1961, siis 65 vuotta sitten. Elettiin suurten ik\u00e4luokkien aikaa, ja hiljalleen oli kypsynyt ajatus voida kouluttaa paikkakunnan nuoret my\u00f6s lukio-opintojen osalta Lammilla, jossa oppikoulu oli toiminut jo vuodesta 1928.<\/p>\n\n\n\n<p>Ensimm\u00e4isen\u00e4 vuonna lukion oppilaiksi otettiin 28 opiskelijaa, joista kolmen vuoden p\u00e4\u00e4st\u00e4 kirjoitti ylioppilaiksi 11. Juhlajulkaisuumme on koottu artikkeleita ja haastatteluja koulustamme eri vuosikymmenin\u00e4 valmistuneilta ylioppilailta, entisilt\u00e4 opettajilta ja rehtorilta sek\u00e4 nykyopiskelijoittemme mietteit\u00e4. Moni mielenkiintoinen entinen opiskelijamme on valitettavasti j\u00e4\u00e4nyt tavoittamatta.<\/p>\n","protected":false},"excerpt":{"rendered":"<p>Lammin lukioon haetaan valtakunnallisessa yhteishaussa Opintopolku.fi-sivuston kautta. Seuraava yhteishaku on 17.2.\u201317.3.2026. Tervetuloa opiskelemaan Lammille! Opintosuunnitelmalomakkeet Opintotarjotin lukuvuodelle 2025-2026 Luonto- ja [&hellip;]<\/p>\n","protected":false},"author":6,"featured_media":0,"parent":0,"menu_order":0,"comment_status":"closed","ping_status":"closed","template":"","meta":{"_acf_changed":false,"_relevanssi_hide_post":"","_relevanssi_hide_content":"","_relevanssi_pin_for_all":"","_relevanssi_pin_keywords":"","_relevanssi_unpin_keywords":"","_relevanssi_related_keywords":"","_relevanssi_related_include_ids":"","_relevanssi_related_exclude_ids":"","_relevanssi_related_no_append":"","_relevanssi_related_not_related":"","_relevanssi_related_posts":"1178,616,265,1085,1306,1398","_relevanssi_noindex_reason":"","footnotes":""},"class_list":["post-5","page","type-page","status-publish","hentry"],"acf":[],"yoast_head":"<title>Opiskelijaksi Lammin lukioon | Hae Lammin lukioon yhteishaussa<\/title>\n<meta name=\"description\" content=\"Opiskelijaksi Lammin lukioon voi hakea yhteishaussa. Yhteishaku j\u00e4rjestet\u00e4\u00e4n kev\u00e4isin. Lammin lukioon kannattaa hakea!\" \/>\n<meta name=\"robots\" content=\"index, follow, max-snippet:-1, max-image-preview:large, max-video-preview:-1\" \/>\n<link rel=\"canonical\" href=\"https:\/\/www.kktavastia.fi\/lukiot-lammi\/tule-opiskelijaksi\/\" \/>\n<meta property=\"og:locale\" content=\"fi_FI\" \/>\n<meta property=\"og:type\" content=\"article\" \/>\n<meta property=\"og:title\" content=\"Opiskelijaksi Lammin lukioon | Hae Lammin lukioon yhteishaussa\" \/>\n<meta property=\"og:description\" content=\"Opiskelijaksi Lammin lukioon voi hakea yhteishaussa. Yhteishaku j\u00e4rjestet\u00e4\u00e4n kev\u00e4isin. Lammin lukioon kannattaa hakea!\" \/>\n<meta property=\"og:url\" content=\"https:\/\/www.kktavastia.fi\/lukiot-lammi\/tule-opiskelijaksi\/\" \/>\n<meta property=\"og:site_name\" content=\"Lammin lukio\" \/>\n<meta property=\"article:modified_time\" content=\"2025-10-30T21:02:46+00:00\" \/>\n<meta name=\"twitter:card\" content=\"summary_large_image\" \/>\n<script type=\"application\/ld+json\" class=\"yoast-schema-graph\">{\"@context\":\"https:\\\/\\\/schema.org\",\"@graph\":[{\"@type\":\"WebPage\",\"@id\":\"https:\\\/\\\/www.kktavastia.fi\\\/lukiot-lammi\\\/tule-opiskelijaksi\\\/\",\"url\":\"https:\\\/\\\/www.kktavastia.fi\\\/lukiot-lammi\\\/tule-opiskelijaksi\\\/\",\"name\":\"Opiskelijaksi Lammin lukioon | Hae Lammin lukioon yhteishaussa\",\"isPartOf\":{\"@id\":\"https:\\\/\\\/www.kktavastia.fi\\\/lukiot-lammi\\\/#website\"},\"datePublished\":\"2020-12-31T08:39:57+00:00\",\"dateModified\":\"2025-10-30T21:02:46+00:00\",\"description\":\"Opiskelijaksi Lammin lukioon voi hakea yhteishaussa. Yhteishaku j\u00e4rjestet\u00e4\u00e4n kev\u00e4isin. Lammin lukioon kannattaa hakea!\",\"breadcrumb\":{\"@id\":\"https:\\\/\\\/www.kktavastia.fi\\\/lukiot-lammi\\\/tule-opiskelijaksi\\\/#breadcrumb\"},\"inLanguage\":\"fi\",\"potentialAction\":[{\"@type\":\"ReadAction\",\"target\":[\"https:\\\/\\\/www.kktavastia.fi\\\/lukiot-lammi\\\/tule-opiskelijaksi\\\/\"]}]},{\"@type\":\"BreadcrumbList\",\"@id\":\"https:\\\/\\\/www.kktavastia.fi\\\/lukiot-lammi\\\/tule-opiskelijaksi\\\/#breadcrumb\",\"itemListElement\":[{\"@type\":\"ListItem\",\"position\":1,\"name\":\"Home\",\"item\":\"https:\\\/\\\/www.kktavastia.fi\\\/lukiot-lammi\\\/\"},{\"@type\":\"ListItem\",\"position\":2,\"name\":\"Tule opiskelijaksi\"}]},{\"@type\":\"WebSite\",\"@id\":\"https:\\\/\\\/www.kktavastia.fi\\\/lukiot-lammi\\\/#website\",\"url\":\"https:\\\/\\\/www.kktavastia.fi\\\/lukiot-lammi\\\/\",\"name\":\"Lammin lukio\",\"description\":\"\",\"potentialAction\":[{\"@type\":\"SearchAction\",\"target\":{\"@type\":\"EntryPoint\",\"urlTemplate\":\"https:\\\/\\\/www.kktavastia.fi\\\/lukiot-lammi\\\/?s={search_term_string}\"},\"query-input\":{\"@type\":\"PropertyValueSpecification\",\"valueRequired\":true,\"valueName\":\"search_term_string\"}}],\"inLanguage\":\"fi\"}]}<\/script>","yoast_head_json":{"title":"Opiskelijaksi Lammin lukioon | Hae Lammin lukioon yhteishaussa","description":"Opiskelijaksi Lammin lukioon voi hakea yhteishaussa. Yhteishaku j\u00e4rjestet\u00e4\u00e4n kev\u00e4isin. Lammin lukioon kannattaa hakea!","robots":{"index":"index","follow":"follow","max-snippet":"max-snippet:-1","max-image-preview":"max-image-preview:large","max-video-preview":"max-video-preview:-1"},"canonical":"https:\/\/www.kktavastia.fi\/lukiot-lammi\/tule-opiskelijaksi\/","og_locale":"fi_FI","og_type":"article","og_title":"Opiskelijaksi Lammin lukioon | Hae Lammin lukioon yhteishaussa","og_description":"Opiskelijaksi Lammin lukioon voi hakea yhteishaussa. Yhteishaku j\u00e4rjestet\u00e4\u00e4n kev\u00e4isin. Lammin lukioon kannattaa hakea!","og_url":"https:\/\/www.kktavastia.fi\/lukiot-lammi\/tule-opiskelijaksi\/","og_site_name":"Lammin lukio","article_modified_time":"2025-10-30T21:02:46+00:00","twitter_card":"summary_large_image","schema":{"@context":"https:\/\/schema.org","@graph":[{"@type":"WebPage","@id":"https:\/\/www.kktavastia.fi\/lukiot-lammi\/tule-opiskelijaksi\/","url":"https:\/\/www.kktavastia.fi\/lukiot-lammi\/tule-opiskelijaksi\/","name":"Opiskelijaksi Lammin lukioon | Hae Lammin lukioon yhteishaussa","isPartOf":{"@id":"https:\/\/www.kktavastia.fi\/lukiot-lammi\/#website"},"datePublished":"2020-12-31T08:39:57+00:00","dateModified":"2025-10-30T21:02:46+00:00","description":"Opiskelijaksi Lammin lukioon voi hakea yhteishaussa. Yhteishaku j\u00e4rjestet\u00e4\u00e4n kev\u00e4isin. Lammin lukioon kannattaa hakea!","breadcrumb":{"@id":"https:\/\/www.kktavastia.fi\/lukiot-lammi\/tule-opiskelijaksi\/#breadcrumb"},"inLanguage":"fi","potentialAction":[{"@type":"ReadAction","target":["https:\/\/www.kktavastia.fi\/lukiot-lammi\/tule-opiskelijaksi\/"]}]},{"@type":"BreadcrumbList","@id":"https:\/\/www.kktavastia.fi\/lukiot-lammi\/tule-opiskelijaksi\/#breadcrumb","itemListElement":[{"@type":"ListItem","position":1,"name":"Home","item":"https:\/\/www.kktavastia.fi\/lukiot-lammi\/"},{"@type":"ListItem","position":2,"name":"Tule opiskelijaksi"}]},{"@type":"WebSite","@id":"https:\/\/www.kktavastia.fi\/lukiot-lammi\/#website","url":"https:\/\/www.kktavastia.fi\/lukiot-lammi\/","name":"Lammin lukio","description":"","potentialAction":[{"@type":"SearchAction","target":{"@type":"EntryPoint","urlTemplate":"https:\/\/www.kktavastia.fi\/lukiot-lammi\/?s={search_term_string}"},"query-input":{"@type":"PropertyValueSpecification","valueRequired":true,"valueName":"search_term_string"}}],"inLanguage":"fi"}]}},"_links":{"self":[{"href":"https:\/\/www.kktavastia.fi\/lukiot-lammi\/wp-json\/wp\/v2\/pages\/5","targetHints":{"allow":["GET"]}}],"collection":[{"href":"https:\/\/www.kktavastia.fi\/lukiot-lammi\/wp-json\/wp\/v2\/pages"}],"about":[{"href":"https:\/\/www.kktavastia.fi\/lukiot-lammi\/wp-json\/wp\/v2\/types\/page"}],"author":[{"embeddable":true,"href":"https:\/\/www.kktavastia.fi\/lukiot-lammi\/wp-json\/wp\/v2\/users\/6"}],"replies":[{"embeddable":true,"href":"https:\/\/www.kktavastia.fi\/lukiot-lammi\/wp-json\/wp\/v2\/comments?post=5"}],"version-history":[{"count":25,"href":"https:\/\/www.kktavastia.fi\/lukiot-lammi\/wp-json\/wp\/v2\/pages\/5\/revisions"}],"predecessor-version":[{"id":2464,"href":"https:\/\/www.kktavastia.fi\/lukiot-lammi\/wp-json\/wp\/v2\/pages\/5\/revisions\/2464"}],"wp:attachment":[{"href":"https:\/\/www.kktavastia.fi\/lukiot-lammi\/wp-json\/wp\/v2\/media?parent=5"}],"curies":[{"name":"wp","href":"https:\/\/api.w.org\/{rel}","templated":true}]}}