{"id":48,"date":"2020-12-31T11:14:08","date_gmt":"2020-12-31T09:14:08","guid":{"rendered":"https:\/\/kktavastia.vaiheessa.fi\/lukiot-lammi\/?page_id=48"},"modified":"2025-09-02T11:44:33","modified_gmt":"2025-09-02T08:44:33","slug":"opiskelijakunta","status":"publish","type":"page","link":"https:\/\/www.kktavastia.fi\/lukiot-lammi\/opiskelijalle\/opiskelijakunta\/","title":{"rendered":"Opiskelijakunta"},"content":{"rendered":"\n<p class=\"is-style-ingress\">Lukiolain mukaan lukiossa on opiskelijakunta,&nbsp;johon kuuluvat kaikki lukion opiskelijat.<br>Opiskelijakunnalle kuuluvia teht\u00e4vi\u00e4 hoitaa opiskelijakunnan&nbsp;hallitus, johon kuuluvat kaikkien ohjausryhmien valitsemat&nbsp;ryhm\u00e4nvastaavat.<\/p>\n\n\n\n<h3 class=\"wp-block-heading\">Opiskelijakunnan hallitus<\/h3>\n\n\n\n<ul class=\"wp-block-list\">\n<li>hoitaa opiskelijoiden yhteisi\u00e4 asioita ja valvoo opiskelijoiden etuja<\/li>\n\n\n\n<li>osallistuu aktiivisesti kouluyhteis\u00f6n kehitt\u00e4miseen ja tekee ehdotuksen koulun j\u00e4rjestyss\u00e4\u00e4nn\u00f6ist\u00e4<\/li>\n\n\n\n<li>voi tehd\u00e4 ehdotuksia ja antaa lausuntoja opetussuunnitelmasta, oppikirjoista sek\u00e4 opetusv\u00e4line- ja kirjastohankinnoista<\/li>\n\n\n\n<li>j\u00e4rjest\u00e4\u00e4 koulussa opiskelijoiden virkistys- ja harrastustoimintaa ja erilaisia tapahtumia, kuten juhlia ja teemap\u00e4ivi\u00e4 my\u00f6nteisen ilmapiirin luomiseksi kouluyhteis\u00f6\u00f6n (Untulan eliittikisat, ruusukonva, penkkarit, Helmirieha, taksv\u00e4rkkip\u00e4iv\u00e4 jne.)<\/li>\n\n\n\n<li>organisoi erilaisia vaaleja (esim. nuorisovaalit) ja osallistuu H\u00e4meenlinnan kaupungin j\u00e4rjest\u00e4m\u00e4\u00e4n&nbsp;V-p\u00e4iv\u00e4\u00e4n<\/li>\n\n\n\n<li>osallistuu kummilapsitoimintaan<\/li>\n\n\n\n<li>toimii yhteisty\u00f6ss\u00e4 muiden lukioiden opiskelijakuntien ja&nbsp;lukiolaisten liiton sek\u00e4 Hakkalan koulun oppilaskunnan kanssa.<\/li>\n<\/ul>\n\n\n\n<p>Opettajat nimitt\u00e4v\u00e4t opiskelijakunnan hallitukseen oman edustajansa, joka osallistuu kokouksiin ja tuo tarvittaessa opettajakunnan n\u00e4kemyksen k\u00e4sitelt\u00e4viin asioihin. Opettajien edustajana hallituksessa toimii lehtori Janne Taanila.<\/p>\n\n\n\n<h3 class=\"wp-block-heading\">Opiskelijakunnan hallitus 2025\u20132026<\/h3>\n\n\n\n<ul class=\"wp-block-list\">\n<li>Puheenjohtaja: Rasmus Rintama\u00a0\u00a0\u00a0\u00a0\u00a0\u00a0\u00a0\u00a0<\/li>\n\n\n\n<li>Varapuheenjohtaja: Hilda Pitk\u00e4lahti\u00a0\u00a0\u00a0\u00a0\u00a0\u00a0\u00a0<\/li>\n\n\n\n<li>Sihteerit: Sofia Oksanen, Severi Pakarinen\u00a0\u00a0\u00a0\u00a0\u00a0<\/li>\n\n\n\n<li>Yhteiskuntasuhteiden johtaja: Henni Hoppania\u00a0\u00a0\u00a0\u00a0\u00a0\u00a0\u00a0<\/li>\n\n\n\n<li>Kansainv\u00e4listen asioiden johtaja: Eelis K\u00e4rkk\u00e4inen\u00a0\u00a0\u00a0<\/li>\n\n\n\n<li>Logistiikka-, tilapalvelu- ja edunvalvontajohtaja: Teemu Oksanen\u00a0<\/li>\n<\/ul>\n\n\n\n<h3 class=\"wp-block-heading\">Opiskelijakunnan eettiset ohjeet<\/h3>\n\n\n\n<h4 class=\"wp-block-heading\">Terveys ja turvallisuus<\/h4>\n\n\n\n<ul class=\"wp-block-list\">\n<li>Kaikilla on oikeus sek\u00e4 henkiseen ett\u00e4 fyysiseen loukkaamattomuuteen.<\/li>\n\n\n\n<li>My\u00f6s toisten omaisuutta pit\u00e4\u00e4 kunnioittaa; toiselta ei saa varastaa eik\u00e4 lainata luvatta mit\u00e4\u00e4n, ei takkia, polkupy\u00f6r\u00e4\u00e4 eik\u00e4 edes huomiokyn\u00e4\u00e4.<\/li>\n<\/ul>\n\n\n\n<h4 class=\"wp-block-heading\">Tasa-arvo<\/h4>\n\n\n\n<ul class=\"wp-block-list\">\n<li>Ket\u00e4\u00e4n ei saa syrji\u00e4, vaan kaikkia on kohdeltava tasa-arvoisesti ja oikeudenmukaisesti esim. sukupuoleen, ulkon\u00e4k\u00f6\u00f6n, aatteisiin tai syntyper\u00e4\u00e4n katsomatta. Jokaisella on yht\u00e4 suuri oikeus olla olemassa.<\/li>\n\n\n\n<li>Jokaisella on oikeus hakea ja saada apua. Jokainen voi my\u00f6s itse auttaa toisia parhaansa mukaan.<\/li>\n\n\n\n<li>Jokaisella on oikeus tehd\u00e4 aloitteita kouluymp\u00e4rist\u00f6n kehitt\u00e4miseksi, ja esitt\u00e4\u00e4 mielipiteens\u00e4.<\/li>\n<\/ul>\n\n\n\n<h4 class=\"wp-block-heading\">Toisten huomioonottaminen<\/h4>\n\n\n\n<ul class=\"wp-block-list\">\n<li>Ket\u00e4\u00e4n ei saa syrji\u00e4, tehd\u00e4 naurunalaiseksi, pilkata eik\u00e4 muutenkaan halventaa. Jos et osaa olla yst\u00e4v\u00e4llinen toiselle, j\u00e4t\u00e4 h\u00e4net rauhaan.<\/li>\n\n\n\n<li>Hyv\u00e4ksy erilaisuus ja n\u00e4e monipuolisuus rikkautena. Ole suvaitsevainen ja ymm\u00e4rt\u00e4v\u00e4inen. \u00c4l\u00e4 ymm\u00e4rr\u00e4 toisia tahallasi v\u00e4\u00e4rin, \u00e4l\u00e4k\u00e4 haasta riitaa.<\/li>\n\n\n\n<li>Toisia ei tule painostaa eik\u00e4 usuttaa mihink\u00e4\u00e4n. Jokaisella on vapaus omiin p\u00e4\u00e4t\u00f6ksiins\u00e4. Erityisesti p\u00e4ihteiden k\u00e4ytt\u00f6\u00f6n, varsinkaan koulun alueella, ei tule kannustaa ket\u00e4\u00e4n.<\/li>\n<\/ul>\n\n\n\n<h4 class=\"wp-block-heading\">Vastuullisuus ja kunnioitus<\/h4>\n\n\n\n<ul class=\"wp-block-list\">\n<li>Kaikilla on oikeus ty\u00f6rauhaan, niin opiskelijoilla kuin opettajillakin. \u00c4l\u00e4 h\u00e4iritse kenenk\u00e4\u00e4n opiskelua \u00e4l\u00e4k\u00e4 opetusty\u00f6t\u00e4.<\/li>\n\n\n\n<li>Arvosta itse\u00e4si ja muita, \u00e4l\u00e4 v\u00e4heksy. Kunnioita toisten oikeuksia, ja kannusta heit\u00e4 tavoitteissaan.<\/li>\n\n\n\n<li>\u00c4l\u00e4 aloita kiusaamista. \u00c4l\u00e4 mene mukaan kiusaamiseen. \u00c4l\u00e4 hyv\u00e4ksy kiusaamista. Tiedosta tekojesi seuraukset! Olet itse vastuussa omasta k\u00e4yt\u00f6ksest\u00e4si.<\/li>\n\n\n\n<li>Sopeudu ja jousta. Aina ei voi tehd\u00e4 niin kuin itse haluaa. Yhteisill\u00e4 p\u00e4\u00e4t\u00f6ksill\u00e4 ei haluta syrji\u00e4 yksil\u00f6it\u00e4, ei siis my\u00f6sk\u00e4\u00e4n sinua. S\u00e4\u00e4nn\u00f6ill\u00e4 on tarkoituksensa.<\/li>\n<\/ul>\n","protected":false},"excerpt":{"rendered":"<p>Lukiolain mukaan lukiossa on opiskelijakunta,&nbsp;johon kuuluvat kaikki lukion opiskelijat.Opiskelijakunnalle kuuluvia teht\u00e4vi\u00e4 hoitaa opiskelijakunnan&nbsp;hallitus, johon kuuluvat kaikkien ohjausryhmien valitsemat&nbsp;ryhm\u00e4nvastaavat. Opiskelijakunnan hallitus [&hellip;]<\/p>\n","protected":false},"author":6,"featured_media":0,"parent":7,"menu_order":0,"comment_status":"closed","ping_status":"closed","template":"","meta":{"_acf_changed":false,"_relevanssi_hide_post":"","_relevanssi_hide_content":"","_relevanssi_pin_for_all":"","_relevanssi_pin_keywords":"","_relevanssi_unpin_keywords":"","_relevanssi_related_keywords":"","_relevanssi_related_include_ids":"","_relevanssi_related_exclude_ids":"","_relevanssi_related_no_append":"","_relevanssi_related_not_related":"","_relevanssi_related_posts":"1188,1321,1241,1160,919,1","_relevanssi_noindex_reason":"","footnotes":""},"class_list":["post-48","page","type-page","status-publish","hentry"],"acf":[],"yoast_head":"<title>Lammin lukion opiskelijakunta | Tule mukaan opiskelijakuntaan<\/title>\n<meta name=\"description\" content=\"Lammin lukion opiskelijakunta j\u00e4rjest\u00e4\u00e4 tapahtumia ja toimii lukiolaisten \u00e4\u00e4nitorvena. Tule mukaan toimintaan!\" \/>\n<meta name=\"robots\" content=\"index, follow, max-snippet:-1, max-image-preview:large, max-video-preview:-1\" \/>\n<link rel=\"canonical\" href=\"https:\/\/www.kktavastia.fi\/lukiot-lammi\/opiskelijalle\/opiskelijakunta\/\" \/>\n<meta property=\"og:locale\" content=\"fi_FI\" \/>\n<meta property=\"og:type\" content=\"article\" \/>\n<meta property=\"og:title\" content=\"Lammin lukion opiskelijakunta | Tule mukaan opiskelijakuntaan\" \/>\n<meta property=\"og:description\" content=\"Lammin lukion opiskelijakunta j\u00e4rjest\u00e4\u00e4 tapahtumia ja toimii lukiolaisten \u00e4\u00e4nitorvena. Tule mukaan toimintaan!\" \/>\n<meta property=\"og:url\" content=\"https:\/\/www.kktavastia.fi\/lukiot-lammi\/opiskelijalle\/opiskelijakunta\/\" \/>\n<meta property=\"og:site_name\" content=\"Lammin lukio\" \/>\n<meta property=\"article:modified_time\" content=\"2025-09-02T08:44:33+00:00\" \/>\n<meta name=\"twitter:card\" content=\"summary_large_image\" \/>\n<script type=\"application\/ld+json\" class=\"yoast-schema-graph\">{\"@context\":\"https:\\\/\\\/schema.org\",\"@graph\":[{\"@type\":\"WebPage\",\"@id\":\"https:\\\/\\\/www.kktavastia.fi\\\/lukiot-lammi\\\/opiskelijalle\\\/opiskelijakunta\\\/\",\"url\":\"https:\\\/\\\/www.kktavastia.fi\\\/lukiot-lammi\\\/opiskelijalle\\\/opiskelijakunta\\\/\",\"name\":\"Lammin lukion opiskelijakunta | Tule mukaan opiskelijakuntaan\",\"isPartOf\":{\"@id\":\"https:\\\/\\\/www.kktavastia.fi\\\/lukiot-lammi\\\/#website\"},\"datePublished\":\"2020-12-31T09:14:08+00:00\",\"dateModified\":\"2025-09-02T08:44:33+00:00\",\"description\":\"Lammin lukion opiskelijakunta j\u00e4rjest\u00e4\u00e4 tapahtumia ja toimii lukiolaisten \u00e4\u00e4nitorvena. Tule mukaan toimintaan!\",\"breadcrumb\":{\"@id\":\"https:\\\/\\\/www.kktavastia.fi\\\/lukiot-lammi\\\/opiskelijalle\\\/opiskelijakunta\\\/#breadcrumb\"},\"inLanguage\":\"fi\",\"potentialAction\":[{\"@type\":\"ReadAction\",\"target\":[\"https:\\\/\\\/www.kktavastia.fi\\\/lukiot-lammi\\\/opiskelijalle\\\/opiskelijakunta\\\/\"]}]},{\"@type\":\"BreadcrumbList\",\"@id\":\"https:\\\/\\\/www.kktavastia.fi\\\/lukiot-lammi\\\/opiskelijalle\\\/opiskelijakunta\\\/#breadcrumb\",\"itemListElement\":[{\"@type\":\"ListItem\",\"position\":1,\"name\":\"Home\",\"item\":\"https:\\\/\\\/www.kktavastia.fi\\\/lukiot-lammi\\\/\"},{\"@type\":\"ListItem\",\"position\":2,\"name\":\"Opiskelijalle\",\"item\":\"https:\\\/\\\/www.kktavastia.fi\\\/lukiot-lammi\\\/opiskelijalle\\\/\"},{\"@type\":\"ListItem\",\"position\":3,\"name\":\"Opiskelijakunta\"}]},{\"@type\":\"WebSite\",\"@id\":\"https:\\\/\\\/www.kktavastia.fi\\\/lukiot-lammi\\\/#website\",\"url\":\"https:\\\/\\\/www.kktavastia.fi\\\/lukiot-lammi\\\/\",\"name\":\"Lammin lukio\",\"description\":\"\",\"potentialAction\":[{\"@type\":\"SearchAction\",\"target\":{\"@type\":\"EntryPoint\",\"urlTemplate\":\"https:\\\/\\\/www.kktavastia.fi\\\/lukiot-lammi\\\/?s={search_term_string}\"},\"query-input\":{\"@type\":\"PropertyValueSpecification\",\"valueRequired\":true,\"valueName\":\"search_term_string\"}}],\"inLanguage\":\"fi\"}]}<\/script>","yoast_head_json":{"title":"Lammin lukion opiskelijakunta | Tule mukaan opiskelijakuntaan","description":"Lammin lukion opiskelijakunta j\u00e4rjest\u00e4\u00e4 tapahtumia ja toimii lukiolaisten \u00e4\u00e4nitorvena. Tule mukaan toimintaan!","robots":{"index":"index","follow":"follow","max-snippet":"max-snippet:-1","max-image-preview":"max-image-preview:large","max-video-preview":"max-video-preview:-1"},"canonical":"https:\/\/www.kktavastia.fi\/lukiot-lammi\/opiskelijalle\/opiskelijakunta\/","og_locale":"fi_FI","og_type":"article","og_title":"Lammin lukion opiskelijakunta | Tule mukaan opiskelijakuntaan","og_description":"Lammin lukion opiskelijakunta j\u00e4rjest\u00e4\u00e4 tapahtumia ja toimii lukiolaisten \u00e4\u00e4nitorvena. Tule mukaan toimintaan!","og_url":"https:\/\/www.kktavastia.fi\/lukiot-lammi\/opiskelijalle\/opiskelijakunta\/","og_site_name":"Lammin lukio","article_modified_time":"2025-09-02T08:44:33+00:00","twitter_card":"summary_large_image","schema":{"@context":"https:\/\/schema.org","@graph":[{"@type":"WebPage","@id":"https:\/\/www.kktavastia.fi\/lukiot-lammi\/opiskelijalle\/opiskelijakunta\/","url":"https:\/\/www.kktavastia.fi\/lukiot-lammi\/opiskelijalle\/opiskelijakunta\/","name":"Lammin lukion opiskelijakunta | Tule mukaan opiskelijakuntaan","isPartOf":{"@id":"https:\/\/www.kktavastia.fi\/lukiot-lammi\/#website"},"datePublished":"2020-12-31T09:14:08+00:00","dateModified":"2025-09-02T08:44:33+00:00","description":"Lammin lukion opiskelijakunta j\u00e4rjest\u00e4\u00e4 tapahtumia ja toimii lukiolaisten \u00e4\u00e4nitorvena. Tule mukaan toimintaan!","breadcrumb":{"@id":"https:\/\/www.kktavastia.fi\/lukiot-lammi\/opiskelijalle\/opiskelijakunta\/#breadcrumb"},"inLanguage":"fi","potentialAction":[{"@type":"ReadAction","target":["https:\/\/www.kktavastia.fi\/lukiot-lammi\/opiskelijalle\/opiskelijakunta\/"]}]},{"@type":"BreadcrumbList","@id":"https:\/\/www.kktavastia.fi\/lukiot-lammi\/opiskelijalle\/opiskelijakunta\/#breadcrumb","itemListElement":[{"@type":"ListItem","position":1,"name":"Home","item":"https:\/\/www.kktavastia.fi\/lukiot-lammi\/"},{"@type":"ListItem","position":2,"name":"Opiskelijalle","item":"https:\/\/www.kktavastia.fi\/lukiot-lammi\/opiskelijalle\/"},{"@type":"ListItem","position":3,"name":"Opiskelijakunta"}]},{"@type":"WebSite","@id":"https:\/\/www.kktavastia.fi\/lukiot-lammi\/#website","url":"https:\/\/www.kktavastia.fi\/lukiot-lammi\/","name":"Lammin lukio","description":"","potentialAction":[{"@type":"SearchAction","target":{"@type":"EntryPoint","urlTemplate":"https:\/\/www.kktavastia.fi\/lukiot-lammi\/?s={search_term_string}"},"query-input":{"@type":"PropertyValueSpecification","valueRequired":true,"valueName":"search_term_string"}}],"inLanguage":"fi"}]}},"_links":{"self":[{"href":"https:\/\/www.kktavastia.fi\/lukiot-lammi\/wp-json\/wp\/v2\/pages\/48","targetHints":{"allow":["GET"]}}],"collection":[{"href":"https:\/\/www.kktavastia.fi\/lukiot-lammi\/wp-json\/wp\/v2\/pages"}],"about":[{"href":"https:\/\/www.kktavastia.fi\/lukiot-lammi\/wp-json\/wp\/v2\/types\/page"}],"author":[{"embeddable":true,"href":"https:\/\/www.kktavastia.fi\/lukiot-lammi\/wp-json\/wp\/v2\/users\/6"}],"replies":[{"embeddable":true,"href":"https:\/\/www.kktavastia.fi\/lukiot-lammi\/wp-json\/wp\/v2\/comments?post=48"}],"version-history":[{"count":15,"href":"https:\/\/www.kktavastia.fi\/lukiot-lammi\/wp-json\/wp\/v2\/pages\/48\/revisions"}],"predecessor-version":[{"id":2441,"href":"https:\/\/www.kktavastia.fi\/lukiot-lammi\/wp-json\/wp\/v2\/pages\/48\/revisions\/2441"}],"up":[{"embeddable":true,"href":"https:\/\/www.kktavastia.fi\/lukiot-lammi\/wp-json\/wp\/v2\/pages\/7"}],"wp:attachment":[{"href":"https:\/\/www.kktavastia.fi\/lukiot-lammi\/wp-json\/wp\/v2\/media?parent=48"}],"curies":[{"name":"wp","href":"https:\/\/api.w.org\/{rel}","templated":true}]}}