{"id":46,"date":"2020-12-31T11:13:53","date_gmt":"2020-12-31T09:13:53","guid":{"rendered":"https:\/\/kktavastia.vaiheessa.fi\/lukiot-lammi\/?page_id=46"},"modified":"2021-06-08T19:12:53","modified_gmt":"2021-06-08T16:12:53","slug":"opiskelijan-oikeudet-ja-velvollisuudet","status":"publish","type":"page","link":"https:\/\/www.kktavastia.fi\/lukiot-lammi\/opiskelijalle\/opiskelijan-oikeudet-ja-velvollisuudet\/","title":{"rendered":"Opiskelijan oikeudet ja velvollisuudet"},"content":{"rendered":"\n<p class=\"is-style-ingress\">Lukiolain ja oppivelvollisuuslain mukaan opiskelijalla on sek\u00e4 oikeuksia ett\u00e4 velvollisuuksia.\u00a0J\u00e4rjestyss\u00e4\u00e4nn\u00f6t\u00a0koskevat jokaista koulussa olijaa. Opintojen tulee edisty\u00e4 oppivelvollisen henkil\u00f6kohtaisen opiskelusuunnitelman mukaisesti.<\/p>\n\n\n\n<h3 class=\"wp-block-heading\">Lammin lukion j\u00e4rjestyss\u00e4\u00e4nn\u00f6t<\/h3>\n\n\n\n<div class=\"wp-block-file\"><a href=\"https:\/\/www.kktavastia.fi\/media\/sites\/7\/jarjestyssaannot_uusi.pdf\">J\u00e4rjestyss\u00e4\u00e4nn\u00f6t<\/a><a href=\"https:\/\/www.kktavastia.fi\/media\/sites\/7\/jarjestyssaannot_uusi.pdf\" class=\"wp-block-file__button\" download>Lataa<\/a><\/div>\n\n\n\n<h3 class=\"wp-block-heading\">Poissaolot ja my\u00f6h\u00e4stely<\/h3>\n\n\n\n<p>Opiskelijan tulee osallistua opetukseen, jollei h\u00e4nelle ole my\u00f6nnetty siit\u00e4 vapautusta (LL 25 \u00a7). Lis\u00e4ksi opiskelijan on suoritettava teht\u00e4v\u00e4ns\u00e4 tunnollisesti ja k\u00e4ytt\u00e4ydytt\u00e4v\u00e4 asiallisesti.<\/p>\n\n\n\n<p>Opiskelijan tiedossa olevat poissaolot on anottava ja selvitett\u00e4v\u00e4 etuk\u00e4teen. Yksitt\u00e4isilt\u00e4 oppitunneilta poissaololupa ja korvaavat teht\u00e4v\u00e4t anotaan etuk\u00e4teen hyviss\u00e4 ajoin aineenopettajalta. Opiskelijan on selvitett\u00e4v\u00e4 poissaolonsa luotettavasti opettajilleen v\u00e4litt\u00f6m\u00e4sti kouluun palattuaan. Sairastumistapauksissa huoltaja selvitt\u00e4\u00e4 poissaolon syyn Wilmassa.<\/p>\n\n\n\n<p>My\u00f6s toistuva my\u00f6h\u00e4stely on vastoin opiskelijan velvollisuutta osallistua opetukseen.<\/p>\n\n\n\n<p>Opettajalla on oikeus vaatia opiskelijalta korvaavia teht\u00e4vi\u00e4 my\u00f6h\u00e4stelyist\u00e4 ja poissaoloista. Koska aktiivinen l\u00e4sn\u00e4olo on olennainen osa l\u00e4hiopetuksena toteutettavien kurssien arviointia,&nbsp;aiheettomat poissaolot ja my\u00f6h\u00e4stelyt voivat est\u00e4\u00e4 kurssin arvioinnin tai laskea kurssiarvosanaa.<\/p>\n\n\n\n<h3 class=\"wp-block-heading\">Loma-anomukset<\/h3>\n\n\n\n<p>Enint\u00e4\u00e4n kolmen p\u00e4iv\u00e4n poissaololuvan my\u00f6nt\u00e4\u00e4 ryhm\u00e4nohjaaja. Opiskelija voi perustellusta syyst\u00e4 anoa korkeintaan viikon pituista lomaa lukio-opetuksesta.<\/p>\n\n\n\n<p>Kirjallinen loma-anomus perusteluineen on j\u00e4tett\u00e4v\u00e4 rehtorille mahdollisimman varhain, kuitenkin viimeist\u00e4\u00e4n viikkoa ennen anottavan loman alkua. Rehtori my\u00f6nt\u00e4\u00e4 loman harkintansa mukaan. Jos loma-anomus hyv\u00e4ksyt\u00e4\u00e4n, opiskelijan on suoritettava aineenopettajien m\u00e4\u00e4r\u00e4\u00e4m\u00e4t lis\u00e4teht\u00e4v\u00e4t.<\/p>\n\n\n\n<p><\/p>\n","protected":false},"excerpt":{"rendered":"<p>Lukiolain ja oppivelvollisuuslain mukaan opiskelijalla on sek\u00e4 oikeuksia ett\u00e4 velvollisuuksia.\u00a0J\u00e4rjestyss\u00e4\u00e4nn\u00f6t\u00a0koskevat jokaista koulussa olijaa. Opintojen tulee edisty\u00e4 oppivelvollisen henkil\u00f6kohtaisen opiskelusuunnitelman mukaisesti. [&hellip;]<\/p>\n","protected":false},"author":6,"featured_media":0,"parent":7,"menu_order":0,"comment_status":"closed","ping_status":"closed","template":"","meta":{"_acf_changed":false,"_relevanssi_hide_post":"","_relevanssi_hide_content":"","_relevanssi_pin_for_all":"","_relevanssi_pin_keywords":"","_relevanssi_unpin_keywords":"","_relevanssi_related_keywords":"","_relevanssi_related_include_ids":"","_relevanssi_related_exclude_ids":"","_relevanssi_related_no_append":"","_relevanssi_related_not_related":"","_relevanssi_related_posts":"","_relevanssi_noindex_reason":"","footnotes":""},"class_list":["post-46","page","type-page","status-publish","hentry"],"acf":[],"yoast_head":"<title>Opiskelijan oikeudet ja velvollisuudet | Lammin lukio<\/title>\n<meta name=\"description\" content=\"Opiskelijan oikeudet ja velvollisuudet Lammin lukiossa. Loma-anomukset, lukion j\u00e4rjestyss\u00e4\u00e4nn\u00f6t ja toimenpiteet my\u00f6h\u00e4stelyst\u00e4 johtuen.\" \/>\n<meta name=\"robots\" content=\"index, follow, max-snippet:-1, max-image-preview:large, max-video-preview:-1\" \/>\n<link rel=\"canonical\" href=\"https:\/\/www.kktavastia.fi\/lukiot-lammi\/opiskelijalle\/opiskelijan-oikeudet-ja-velvollisuudet\/\" \/>\n<meta property=\"og:locale\" content=\"fi_FI\" \/>\n<meta property=\"og:type\" content=\"article\" \/>\n<meta property=\"og:title\" content=\"Opiskelijan oikeudet ja velvollisuudet | Lammin lukio\" \/>\n<meta property=\"og:description\" content=\"Opiskelijan oikeudet ja velvollisuudet Lammin lukiossa. Loma-anomukset, lukion j\u00e4rjestyss\u00e4\u00e4nn\u00f6t ja toimenpiteet my\u00f6h\u00e4stelyst\u00e4 johtuen.\" \/>\n<meta property=\"og:url\" content=\"https:\/\/www.kktavastia.fi\/lukiot-lammi\/opiskelijalle\/opiskelijan-oikeudet-ja-velvollisuudet\/\" \/>\n<meta property=\"og:site_name\" content=\"Lammin lukio\" \/>\n<meta property=\"article:modified_time\" content=\"2021-06-08T16:12:53+00:00\" \/>\n<meta name=\"twitter:card\" content=\"summary_large_image\" \/>\n<script type=\"application\/ld+json\" class=\"yoast-schema-graph\">{\"@context\":\"https:\\\/\\\/schema.org\",\"@graph\":[{\"@type\":\"WebPage\",\"@id\":\"https:\\\/\\\/www.kktavastia.fi\\\/lukiot-lammi\\\/opiskelijalle\\\/opiskelijan-oikeudet-ja-velvollisuudet\\\/\",\"url\":\"https:\\\/\\\/www.kktavastia.fi\\\/lukiot-lammi\\\/opiskelijalle\\\/opiskelijan-oikeudet-ja-velvollisuudet\\\/\",\"name\":\"Opiskelijan oikeudet ja velvollisuudet | Lammin lukio\",\"isPartOf\":{\"@id\":\"https:\\\/\\\/www.kktavastia.fi\\\/lukiot-lammi\\\/#website\"},\"datePublished\":\"2020-12-31T09:13:53+00:00\",\"dateModified\":\"2021-06-08T16:12:53+00:00\",\"description\":\"Opiskelijan oikeudet ja velvollisuudet Lammin lukiossa. Loma-anomukset, lukion j\u00e4rjestyss\u00e4\u00e4nn\u00f6t ja toimenpiteet my\u00f6h\u00e4stelyst\u00e4 johtuen.\",\"breadcrumb\":{\"@id\":\"https:\\\/\\\/www.kktavastia.fi\\\/lukiot-lammi\\\/opiskelijalle\\\/opiskelijan-oikeudet-ja-velvollisuudet\\\/#breadcrumb\"},\"inLanguage\":\"fi\",\"potentialAction\":[{\"@type\":\"ReadAction\",\"target\":[\"https:\\\/\\\/www.kktavastia.fi\\\/lukiot-lammi\\\/opiskelijalle\\\/opiskelijan-oikeudet-ja-velvollisuudet\\\/\"]}]},{\"@type\":\"BreadcrumbList\",\"@id\":\"https:\\\/\\\/www.kktavastia.fi\\\/lukiot-lammi\\\/opiskelijalle\\\/opiskelijan-oikeudet-ja-velvollisuudet\\\/#breadcrumb\",\"itemListElement\":[{\"@type\":\"ListItem\",\"position\":1,\"name\":\"Home\",\"item\":\"https:\\\/\\\/www.kktavastia.fi\\\/lukiot-lammi\\\/\"},{\"@type\":\"ListItem\",\"position\":2,\"name\":\"Opiskelijalle\",\"item\":\"https:\\\/\\\/www.kktavastia.fi\\\/lukiot-lammi\\\/opiskelijalle\\\/\"},{\"@type\":\"ListItem\",\"position\":3,\"name\":\"Opiskelijan oikeudet ja velvollisuudet\"}]},{\"@type\":\"WebSite\",\"@id\":\"https:\\\/\\\/www.kktavastia.fi\\\/lukiot-lammi\\\/#website\",\"url\":\"https:\\\/\\\/www.kktavastia.fi\\\/lukiot-lammi\\\/\",\"name\":\"Lammin lukio\",\"description\":\"\",\"potentialAction\":[{\"@type\":\"SearchAction\",\"target\":{\"@type\":\"EntryPoint\",\"urlTemplate\":\"https:\\\/\\\/www.kktavastia.fi\\\/lukiot-lammi\\\/?s={search_term_string}\"},\"query-input\":{\"@type\":\"PropertyValueSpecification\",\"valueRequired\":true,\"valueName\":\"search_term_string\"}}],\"inLanguage\":\"fi\"}]}<\/script>","yoast_head_json":{"title":"Opiskelijan oikeudet ja velvollisuudet | Lammin lukio","description":"Opiskelijan oikeudet ja velvollisuudet Lammin lukiossa. Loma-anomukset, lukion j\u00e4rjestyss\u00e4\u00e4nn\u00f6t ja toimenpiteet my\u00f6h\u00e4stelyst\u00e4 johtuen.","robots":{"index":"index","follow":"follow","max-snippet":"max-snippet:-1","max-image-preview":"max-image-preview:large","max-video-preview":"max-video-preview:-1"},"canonical":"https:\/\/www.kktavastia.fi\/lukiot-lammi\/opiskelijalle\/opiskelijan-oikeudet-ja-velvollisuudet\/","og_locale":"fi_FI","og_type":"article","og_title":"Opiskelijan oikeudet ja velvollisuudet | Lammin lukio","og_description":"Opiskelijan oikeudet ja velvollisuudet Lammin lukiossa. Loma-anomukset, lukion j\u00e4rjestyss\u00e4\u00e4nn\u00f6t ja toimenpiteet my\u00f6h\u00e4stelyst\u00e4 johtuen.","og_url":"https:\/\/www.kktavastia.fi\/lukiot-lammi\/opiskelijalle\/opiskelijan-oikeudet-ja-velvollisuudet\/","og_site_name":"Lammin lukio","article_modified_time":"2021-06-08T16:12:53+00:00","twitter_card":"summary_large_image","schema":{"@context":"https:\/\/schema.org","@graph":[{"@type":"WebPage","@id":"https:\/\/www.kktavastia.fi\/lukiot-lammi\/opiskelijalle\/opiskelijan-oikeudet-ja-velvollisuudet\/","url":"https:\/\/www.kktavastia.fi\/lukiot-lammi\/opiskelijalle\/opiskelijan-oikeudet-ja-velvollisuudet\/","name":"Opiskelijan oikeudet ja velvollisuudet | Lammin lukio","isPartOf":{"@id":"https:\/\/www.kktavastia.fi\/lukiot-lammi\/#website"},"datePublished":"2020-12-31T09:13:53+00:00","dateModified":"2021-06-08T16:12:53+00:00","description":"Opiskelijan oikeudet ja velvollisuudet Lammin lukiossa. Loma-anomukset, lukion j\u00e4rjestyss\u00e4\u00e4nn\u00f6t ja toimenpiteet my\u00f6h\u00e4stelyst\u00e4 johtuen.","breadcrumb":{"@id":"https:\/\/www.kktavastia.fi\/lukiot-lammi\/opiskelijalle\/opiskelijan-oikeudet-ja-velvollisuudet\/#breadcrumb"},"inLanguage":"fi","potentialAction":[{"@type":"ReadAction","target":["https:\/\/www.kktavastia.fi\/lukiot-lammi\/opiskelijalle\/opiskelijan-oikeudet-ja-velvollisuudet\/"]}]},{"@type":"BreadcrumbList","@id":"https:\/\/www.kktavastia.fi\/lukiot-lammi\/opiskelijalle\/opiskelijan-oikeudet-ja-velvollisuudet\/#breadcrumb","itemListElement":[{"@type":"ListItem","position":1,"name":"Home","item":"https:\/\/www.kktavastia.fi\/lukiot-lammi\/"},{"@type":"ListItem","position":2,"name":"Opiskelijalle","item":"https:\/\/www.kktavastia.fi\/lukiot-lammi\/opiskelijalle\/"},{"@type":"ListItem","position":3,"name":"Opiskelijan oikeudet ja velvollisuudet"}]},{"@type":"WebSite","@id":"https:\/\/www.kktavastia.fi\/lukiot-lammi\/#website","url":"https:\/\/www.kktavastia.fi\/lukiot-lammi\/","name":"Lammin lukio","description":"","potentialAction":[{"@type":"SearchAction","target":{"@type":"EntryPoint","urlTemplate":"https:\/\/www.kktavastia.fi\/lukiot-lammi\/?s={search_term_string}"},"query-input":{"@type":"PropertyValueSpecification","valueRequired":true,"valueName":"search_term_string"}}],"inLanguage":"fi"}]}},"_links":{"self":[{"href":"https:\/\/www.kktavastia.fi\/lukiot-lammi\/wp-json\/wp\/v2\/pages\/46","targetHints":{"allow":["GET"]}}],"collection":[{"href":"https:\/\/www.kktavastia.fi\/lukiot-lammi\/wp-json\/wp\/v2\/pages"}],"about":[{"href":"https:\/\/www.kktavastia.fi\/lukiot-lammi\/wp-json\/wp\/v2\/types\/page"}],"author":[{"embeddable":true,"href":"https:\/\/www.kktavastia.fi\/lukiot-lammi\/wp-json\/wp\/v2\/users\/6"}],"replies":[{"embeddable":true,"href":"https:\/\/www.kktavastia.fi\/lukiot-lammi\/wp-json\/wp\/v2\/comments?post=46"}],"version-history":[{"count":5,"href":"https:\/\/www.kktavastia.fi\/lukiot-lammi\/wp-json\/wp\/v2\/pages\/46\/revisions"}],"predecessor-version":[{"id":1513,"href":"https:\/\/www.kktavastia.fi\/lukiot-lammi\/wp-json\/wp\/v2\/pages\/46\/revisions\/1513"}],"up":[{"embeddable":true,"href":"https:\/\/www.kktavastia.fi\/lukiot-lammi\/wp-json\/wp\/v2\/pages\/7"}],"wp:attachment":[{"href":"https:\/\/www.kktavastia.fi\/lukiot-lammi\/wp-json\/wp\/v2\/media?parent=46"}],"curies":[{"name":"wp","href":"https:\/\/api.w.org\/{rel}","templated":true}]}}