{"id":4,"date":"2020-12-29T11:04:43","date_gmt":"2020-12-29T09:04:43","guid":{"rendered":"https:\/\/kktavastia.vaiheessa.fi\/lukiot-lammi\/etusivu\/"},"modified":"2026-03-04T15:45:38","modified_gmt":"2026-03-04T13:45:38","slug":"lammin-lukio","status":"publish","type":"page","link":"https:\/\/www.kktavastia.fi\/lukiot-lammi\/","title":{"rendered":"Tervetuloa Lammin lukioon!"},"content":{"rendered":"","protected":false},"excerpt":{"rendered":"","protected":false},"author":6,"featured_media":0,"parent":0,"menu_order":0,"comment_status":"closed","ping_status":"closed","template":"","meta":{"_acf_changed":false,"_relevanssi_hide_post":"","_relevanssi_hide_content":"","_relevanssi_pin_for_all":"","_relevanssi_pin_keywords":"","_relevanssi_unpin_keywords":"","_relevanssi_related_keywords":"","_relevanssi_related_include_ids":"","_relevanssi_related_exclude_ids":"","_relevanssi_related_no_append":"","_relevanssi_related_not_related":"","_relevanssi_related_posts":"891,711,1338,1306,1267,1350","_relevanssi_noindex_reason":"","footnotes":""},"class_list":["post-4","page","type-page","status-publish","hentry"],"acf":[],"yoast_head":"<title>Lammin lukio | Hae Lammin lukioon! | Koulutuskuntayhtym\u00e4 Tavastia<\/title>\n<meta name=\"description\" content=\"Lammin lukio Lammin pit\u00e4j\u00e4ss\u00e4 on osa Koulutuskuntayhtym\u00e4 Tavastiaa. Lammin lukioon voi hakea yhteishaussa, tervetuloa opiskelijaksi!\" \/>\n<meta name=\"robots\" content=\"index, follow, max-snippet:-1, max-image-preview:large, max-video-preview:-1\" \/>\n<link rel=\"canonical\" href=\"https:\/\/www.kktavastia.fi\/lukiot-lammi\/\" \/>\n<meta property=\"og:locale\" content=\"fi_FI\" \/>\n<meta property=\"og:type\" content=\"article\" \/>\n<meta property=\"og:title\" content=\"Lammin lukio | Hae Lammin lukioon! | Koulutuskuntayhtym\u00e4 Tavastia\" \/>\n<meta property=\"og:description\" content=\"Lammin lukio Lammin pit\u00e4j\u00e4ss\u00e4 on osa Koulutuskuntayhtym\u00e4 Tavastiaa. Lammin lukioon voi hakea yhteishaussa, tervetuloa opiskelijaksi!\" \/>\n<meta property=\"og:url\" content=\"https:\/\/www.kktavastia.fi\/lukiot-lammi\/\" \/>\n<meta property=\"og:site_name\" content=\"Lammin lukio\" \/>\n<meta property=\"article:modified_time\" content=\"2026-03-04T13:45:38+00:00\" \/>\n<meta name=\"twitter:card\" content=\"summary_large_image\" \/>\n<script type=\"application\/ld+json\" class=\"yoast-schema-graph\">{\"@context\":\"https:\\\/\\\/schema.org\",\"@graph\":[{\"@type\":\"WebPage\",\"@id\":\"https:\\\/\\\/www.kktavastia.fi\\\/lukiot-lammi\\\/\",\"url\":\"https:\\\/\\\/www.kktavastia.fi\\\/lukiot-lammi\\\/\",\"name\":\"Lammin lukio | Hae Lammin lukioon! | Koulutuskuntayhtym\u00e4 Tavastia\",\"isPartOf\":{\"@id\":\"https:\\\/\\\/www.kktavastia.fi\\\/lukiot-lammi\\\/#website\"},\"datePublished\":\"2020-12-29T09:04:43+00:00\",\"dateModified\":\"2026-03-04T13:45:38+00:00\",\"description\":\"Lammin lukio Lammin pit\u00e4j\u00e4ss\u00e4 on osa Koulutuskuntayhtym\u00e4 Tavastiaa. Lammin lukioon voi hakea yhteishaussa, tervetuloa opiskelijaksi!\",\"breadcrumb\":{\"@id\":\"https:\\\/\\\/www.kktavastia.fi\\\/lukiot-lammi\\\/#breadcrumb\"},\"inLanguage\":\"fi\",\"potentialAction\":[{\"@type\":\"ReadAction\",\"target\":[\"https:\\\/\\\/www.kktavastia.fi\\\/lukiot-lammi\\\/\"]}]},{\"@type\":\"BreadcrumbList\",\"@id\":\"https:\\\/\\\/www.kktavastia.fi\\\/lukiot-lammi\\\/#breadcrumb\",\"itemListElement\":[{\"@type\":\"ListItem\",\"position\":1,\"name\":\"Home\",\"item\":\"https:\\\/\\\/www.kktavastia.fi\\\/lukiot-lammi\\\/\"},{\"@type\":\"ListItem\",\"position\":2,\"name\":\"Tervetuloa Lammin lukioon!\"}]},{\"@type\":\"WebSite\",\"@id\":\"https:\\\/\\\/www.kktavastia.fi\\\/lukiot-lammi\\\/#website\",\"url\":\"https:\\\/\\\/www.kktavastia.fi\\\/lukiot-lammi\\\/\",\"name\":\"Lammin lukio\",\"description\":\"\",\"potentialAction\":[{\"@type\":\"SearchAction\",\"target\":{\"@type\":\"EntryPoint\",\"urlTemplate\":\"https:\\\/\\\/www.kktavastia.fi\\\/lukiot-lammi\\\/?s={search_term_string}\"},\"query-input\":{\"@type\":\"PropertyValueSpecification\",\"valueRequired\":true,\"valueName\":\"search_term_string\"}}],\"inLanguage\":\"fi\"}]}<\/script>","yoast_head_json":{"title":"Lammin lukio | Hae Lammin lukioon! | Koulutuskuntayhtym\u00e4 Tavastia","description":"Lammin lukio Lammin pit\u00e4j\u00e4ss\u00e4 on osa Koulutuskuntayhtym\u00e4 Tavastiaa. Lammin lukioon voi hakea yhteishaussa, tervetuloa opiskelijaksi!","robots":{"index":"index","follow":"follow","max-snippet":"max-snippet:-1","max-image-preview":"max-image-preview:large","max-video-preview":"max-video-preview:-1"},"canonical":"https:\/\/www.kktavastia.fi\/lukiot-lammi\/","og_locale":"fi_FI","og_type":"article","og_title":"Lammin lukio | Hae Lammin lukioon! | Koulutuskuntayhtym\u00e4 Tavastia","og_description":"Lammin lukio Lammin pit\u00e4j\u00e4ss\u00e4 on osa Koulutuskuntayhtym\u00e4 Tavastiaa. Lammin lukioon voi hakea yhteishaussa, tervetuloa opiskelijaksi!","og_url":"https:\/\/www.kktavastia.fi\/lukiot-lammi\/","og_site_name":"Lammin lukio","article_modified_time":"2026-03-04T13:45:38+00:00","twitter_card":"summary_large_image","schema":{"@context":"https:\/\/schema.org","@graph":[{"@type":"WebPage","@id":"https:\/\/www.kktavastia.fi\/lukiot-lammi\/","url":"https:\/\/www.kktavastia.fi\/lukiot-lammi\/","name":"Lammin lukio | Hae Lammin lukioon! | Koulutuskuntayhtym\u00e4 Tavastia","isPartOf":{"@id":"https:\/\/www.kktavastia.fi\/lukiot-lammi\/#website"},"datePublished":"2020-12-29T09:04:43+00:00","dateModified":"2026-03-04T13:45:38+00:00","description":"Lammin lukio Lammin pit\u00e4j\u00e4ss\u00e4 on osa Koulutuskuntayhtym\u00e4 Tavastiaa. Lammin lukioon voi hakea yhteishaussa, tervetuloa opiskelijaksi!","breadcrumb":{"@id":"https:\/\/www.kktavastia.fi\/lukiot-lammi\/#breadcrumb"},"inLanguage":"fi","potentialAction":[{"@type":"ReadAction","target":["https:\/\/www.kktavastia.fi\/lukiot-lammi\/"]}]},{"@type":"BreadcrumbList","@id":"https:\/\/www.kktavastia.fi\/lukiot-lammi\/#breadcrumb","itemListElement":[{"@type":"ListItem","position":1,"name":"Home","item":"https:\/\/www.kktavastia.fi\/lukiot-lammi\/"},{"@type":"ListItem","position":2,"name":"Tervetuloa Lammin lukioon!"}]},{"@type":"WebSite","@id":"https:\/\/www.kktavastia.fi\/lukiot-lammi\/#website","url":"https:\/\/www.kktavastia.fi\/lukiot-lammi\/","name":"Lammin lukio","description":"","potentialAction":[{"@type":"SearchAction","target":{"@type":"EntryPoint","urlTemplate":"https:\/\/www.kktavastia.fi\/lukiot-lammi\/?s={search_term_string}"},"query-input":{"@type":"PropertyValueSpecification","valueRequired":true,"valueName":"search_term_string"}}],"inLanguage":"fi"}]}},"_links":{"self":[{"href":"https:\/\/www.kktavastia.fi\/lukiot-lammi\/wp-json\/wp\/v2\/pages\/4","targetHints":{"allow":["GET"]}}],"collection":[{"href":"https:\/\/www.kktavastia.fi\/lukiot-lammi\/wp-json\/wp\/v2\/pages"}],"about":[{"href":"https:\/\/www.kktavastia.fi\/lukiot-lammi\/wp-json\/wp\/v2\/types\/page"}],"author":[{"embeddable":true,"href":"https:\/\/www.kktavastia.fi\/lukiot-lammi\/wp-json\/wp\/v2\/users\/6"}],"replies":[{"embeddable":true,"href":"https:\/\/www.kktavastia.fi\/lukiot-lammi\/wp-json\/wp\/v2\/comments?post=4"}],"version-history":[{"count":24,"href":"https:\/\/www.kktavastia.fi\/lukiot-lammi\/wp-json\/wp\/v2\/pages\/4\/revisions"}],"predecessor-version":[{"id":2501,"href":"https:\/\/www.kktavastia.fi\/lukiot-lammi\/wp-json\/wp\/v2\/pages\/4\/revisions\/2501"}],"wp:attachment":[{"href":"https:\/\/www.kktavastia.fi\/lukiot-lammi\/wp-json\/wp\/v2\/media?parent=4"}],"curies":[{"name":"wp","href":"https:\/\/api.w.org\/{rel}","templated":true}]}}