{"id":38,"date":"2020-12-31T11:12:23","date_gmt":"2020-12-31T09:12:23","guid":{"rendered":"https:\/\/kktavastia.vaiheessa.fi\/lukiot-lammi\/?page_id=38"},"modified":"2026-03-08T13:05:18","modified_gmt":"2026-03-08T11:05:18","slug":"tyo-ja-loma-ajat","status":"publish","type":"page","link":"https:\/\/www.kktavastia.fi\/lukiot-lammi\/opiskelijalle\/tyo-ja-loma-ajat\/","title":{"rendered":"Ty\u00f6- ja loma-ajat"},"content":{"rendered":"\n<h3 class=\"wp-block-heading\">Lukuvuosi 2025\u20132026<\/h3>\n\n\n\n<h4 class=\"wp-block-heading\">Syyslukukausi ke 6.8.\u2013 pe 19.12.2025<\/h4>\n\n\n\n<ul class=\"wp-block-list\">\n<li>syysloma ma 13.10. \u2013 su 19.10.2025 (vko 42)<\/li>\n\n\n\n<li>joululoma ma 22.2025 \u2013 ti 6.1.2025<\/li>\n<\/ul>\n\n\n\n<h4 class=\"wp-block-heading\">Kev\u00e4tlukukausi ke 7.1. \u2013 la 30.5.2026<\/h4>\n\n\n\n<ul class=\"wp-block-list\">\n<li>talviloma ma 23.2.\u2013 su 1.3.2026 (vko 9)<\/li>\n\n\n\n<li>p\u00e4\u00e4si\u00e4isloma pe 3. \u2013 ma 6.4.2026<\/li>\n\n\n\n<li>vappu pe 1.5.2026<\/li>\n\n\n\n<li>helatorstai 14.5.2026<\/li>\n<\/ul>\n\n\n\n<p><strong>Lukuvuoden 2025\u20132026 jaksot ja jaksojen koeviikot<\/strong><\/p>\n\n\n\n<figure class=\"wp-block-table\"><table class=\"has-fixed-layout\"><tbody><tr><td>jakso 1<\/td><td>ke 6.8. \u2013 pe 26.9.<\/td><td class=\"has-text-align-center\" data-align=\"center\">koeviikko<\/td><td>pe 19.9. \u2013 pe 26.9.<\/td><\/tr><tr><td>jakso 2<\/td><td>ma 29.9. \u2013 ma 24.11.<\/td><td class=\"has-text-align-center\" data-align=\"center\">koeviikko<\/td><td>ma 17.11. \u2013 ma 24.11.<\/td><\/tr><tr><td>jakso 3<\/td><td>ti 25.11. \u2013 pe 30.1.<\/td><td class=\"has-text-align-center\" data-align=\"center\">koeviikko<\/td><td>pe 23.1. \u2013 pe 30.1.<\/td><\/tr><tr><td>jakso 4<\/td><td>ma 2.2. \u2013 ti 31.3.<\/td><td class=\"has-text-align-center\" data-align=\"center\">koeviikko<\/td><td>ti 24.3. \u2013 ti 31.3.<\/td><\/tr><tr><td>jakso 5<\/td><td>ke 1.4. \u2013 la 30.5.<\/td><td class=\"has-text-align-center\" data-align=\"center\">koeviikko<\/td><td>to 21.5. \u2013 to 28.5.<\/td><\/tr><\/tbody><\/table><\/figure>\n\n\n\n<p><\/p>\n","protected":false},"excerpt":{"rendered":"<p>Lukuvuosi 2025\u20132026 Syyslukukausi ke 6.8.\u2013 pe 19.12.2025 Kev\u00e4tlukukausi ke 7.1. \u2013 la 30.5.2026 Lukuvuoden 2025\u20132026 jaksot ja jaksojen koeviikot jakso [&hellip;]<\/p>\n","protected":false},"author":6,"featured_media":0,"parent":7,"menu_order":0,"comment_status":"closed","ping_status":"closed","template":"","meta":{"_acf_changed":false,"_relevanssi_hide_post":"","_relevanssi_hide_content":"","_relevanssi_pin_for_all":"","_relevanssi_pin_keywords":"","_relevanssi_unpin_keywords":"","_relevanssi_related_keywords":"","_relevanssi_related_include_ids":"","_relevanssi_related_exclude_ids":"","_relevanssi_related_no_append":"","_relevanssi_related_not_related":"","_relevanssi_related_posts":"1294,1267,891,1338,1435,1602","_relevanssi_noindex_reason":"","footnotes":""},"class_list":["post-38","page","type-page","status-publish","hentry"],"acf":[],"yoast_head":"<title>Lammin lukion ty\u00f6-ja loma-ajat | Jaksot ja koeviikot<\/title>\n<meta name=\"description\" content=\"Katso Lammin lukion ty\u00f6- ja loma-ajat sek\u00e4 jaksojen ajankohdat ja koeviikkojen aikataulut. Koska Lammin lukiossa on loma? T\u00e4\u00e4lt\u00e4 selvi\u00e4\u00e4!\" \/>\n<meta name=\"robots\" content=\"index, follow, max-snippet:-1, max-image-preview:large, max-video-preview:-1\" \/>\n<link rel=\"canonical\" href=\"https:\/\/www.kktavastia.fi\/lukiot-lammi\/opiskelijalle\/tyo-ja-loma-ajat\/\" \/>\n<meta property=\"og:locale\" content=\"fi_FI\" \/>\n<meta property=\"og:type\" content=\"article\" \/>\n<meta property=\"og:title\" content=\"Lammin lukion ty\u00f6-ja loma-ajat | Jaksot ja koeviikot\" \/>\n<meta property=\"og:description\" content=\"Katso Lammin lukion ty\u00f6- ja loma-ajat sek\u00e4 jaksojen ajankohdat ja koeviikkojen aikataulut. Koska Lammin lukiossa on loma? T\u00e4\u00e4lt\u00e4 selvi\u00e4\u00e4!\" \/>\n<meta property=\"og:url\" content=\"https:\/\/www.kktavastia.fi\/lukiot-lammi\/opiskelijalle\/tyo-ja-loma-ajat\/\" \/>\n<meta property=\"og:site_name\" content=\"Lammin lukio\" \/>\n<meta property=\"article:modified_time\" content=\"2026-03-08T11:05:18+00:00\" \/>\n<meta name=\"twitter:card\" content=\"summary_large_image\" \/>\n<script type=\"application\/ld+json\" class=\"yoast-schema-graph\">{\"@context\":\"https:\\\/\\\/schema.org\",\"@graph\":[{\"@type\":\"WebPage\",\"@id\":\"https:\\\/\\\/www.kktavastia.fi\\\/lukiot-lammi\\\/opiskelijalle\\\/tyo-ja-loma-ajat\\\/\",\"url\":\"https:\\\/\\\/www.kktavastia.fi\\\/lukiot-lammi\\\/opiskelijalle\\\/tyo-ja-loma-ajat\\\/\",\"name\":\"Lammin lukion ty\u00f6-ja loma-ajat | Jaksot ja koeviikot\",\"isPartOf\":{\"@id\":\"https:\\\/\\\/www.kktavastia.fi\\\/lukiot-lammi\\\/#website\"},\"datePublished\":\"2020-12-31T09:12:23+00:00\",\"dateModified\":\"2026-03-08T11:05:18+00:00\",\"description\":\"Katso Lammin lukion ty\u00f6- ja loma-ajat sek\u00e4 jaksojen ajankohdat ja koeviikkojen aikataulut. Koska Lammin lukiossa on loma? T\u00e4\u00e4lt\u00e4 selvi\u00e4\u00e4!\",\"breadcrumb\":{\"@id\":\"https:\\\/\\\/www.kktavastia.fi\\\/lukiot-lammi\\\/opiskelijalle\\\/tyo-ja-loma-ajat\\\/#breadcrumb\"},\"inLanguage\":\"fi\",\"potentialAction\":[{\"@type\":\"ReadAction\",\"target\":[\"https:\\\/\\\/www.kktavastia.fi\\\/lukiot-lammi\\\/opiskelijalle\\\/tyo-ja-loma-ajat\\\/\"]}]},{\"@type\":\"BreadcrumbList\",\"@id\":\"https:\\\/\\\/www.kktavastia.fi\\\/lukiot-lammi\\\/opiskelijalle\\\/tyo-ja-loma-ajat\\\/#breadcrumb\",\"itemListElement\":[{\"@type\":\"ListItem\",\"position\":1,\"name\":\"Home\",\"item\":\"https:\\\/\\\/www.kktavastia.fi\\\/lukiot-lammi\\\/\"},{\"@type\":\"ListItem\",\"position\":2,\"name\":\"Opiskelijalle\",\"item\":\"https:\\\/\\\/www.kktavastia.fi\\\/lukiot-lammi\\\/opiskelijalle\\\/\"},{\"@type\":\"ListItem\",\"position\":3,\"name\":\"Ty\u00f6- ja loma-ajat\"}]},{\"@type\":\"WebSite\",\"@id\":\"https:\\\/\\\/www.kktavastia.fi\\\/lukiot-lammi\\\/#website\",\"url\":\"https:\\\/\\\/www.kktavastia.fi\\\/lukiot-lammi\\\/\",\"name\":\"Lammin lukio\",\"description\":\"\",\"potentialAction\":[{\"@type\":\"SearchAction\",\"target\":{\"@type\":\"EntryPoint\",\"urlTemplate\":\"https:\\\/\\\/www.kktavastia.fi\\\/lukiot-lammi\\\/?s={search_term_string}\"},\"query-input\":{\"@type\":\"PropertyValueSpecification\",\"valueRequired\":true,\"valueName\":\"search_term_string\"}}],\"inLanguage\":\"fi\"}]}<\/script>","yoast_head_json":{"title":"Lammin lukion ty\u00f6-ja loma-ajat | Jaksot ja koeviikot","description":"Katso Lammin lukion ty\u00f6- ja loma-ajat sek\u00e4 jaksojen ajankohdat ja koeviikkojen aikataulut. Koska Lammin lukiossa on loma? T\u00e4\u00e4lt\u00e4 selvi\u00e4\u00e4!","robots":{"index":"index","follow":"follow","max-snippet":"max-snippet:-1","max-image-preview":"max-image-preview:large","max-video-preview":"max-video-preview:-1"},"canonical":"https:\/\/www.kktavastia.fi\/lukiot-lammi\/opiskelijalle\/tyo-ja-loma-ajat\/","og_locale":"fi_FI","og_type":"article","og_title":"Lammin lukion ty\u00f6-ja loma-ajat | Jaksot ja koeviikot","og_description":"Katso Lammin lukion ty\u00f6- ja loma-ajat sek\u00e4 jaksojen ajankohdat ja koeviikkojen aikataulut. Koska Lammin lukiossa on loma? T\u00e4\u00e4lt\u00e4 selvi\u00e4\u00e4!","og_url":"https:\/\/www.kktavastia.fi\/lukiot-lammi\/opiskelijalle\/tyo-ja-loma-ajat\/","og_site_name":"Lammin lukio","article_modified_time":"2026-03-08T11:05:18+00:00","twitter_card":"summary_large_image","schema":{"@context":"https:\/\/schema.org","@graph":[{"@type":"WebPage","@id":"https:\/\/www.kktavastia.fi\/lukiot-lammi\/opiskelijalle\/tyo-ja-loma-ajat\/","url":"https:\/\/www.kktavastia.fi\/lukiot-lammi\/opiskelijalle\/tyo-ja-loma-ajat\/","name":"Lammin lukion ty\u00f6-ja loma-ajat | Jaksot ja koeviikot","isPartOf":{"@id":"https:\/\/www.kktavastia.fi\/lukiot-lammi\/#website"},"datePublished":"2020-12-31T09:12:23+00:00","dateModified":"2026-03-08T11:05:18+00:00","description":"Katso Lammin lukion ty\u00f6- ja loma-ajat sek\u00e4 jaksojen ajankohdat ja koeviikkojen aikataulut. Koska Lammin lukiossa on loma? T\u00e4\u00e4lt\u00e4 selvi\u00e4\u00e4!","breadcrumb":{"@id":"https:\/\/www.kktavastia.fi\/lukiot-lammi\/opiskelijalle\/tyo-ja-loma-ajat\/#breadcrumb"},"inLanguage":"fi","potentialAction":[{"@type":"ReadAction","target":["https:\/\/www.kktavastia.fi\/lukiot-lammi\/opiskelijalle\/tyo-ja-loma-ajat\/"]}]},{"@type":"BreadcrumbList","@id":"https:\/\/www.kktavastia.fi\/lukiot-lammi\/opiskelijalle\/tyo-ja-loma-ajat\/#breadcrumb","itemListElement":[{"@type":"ListItem","position":1,"name":"Home","item":"https:\/\/www.kktavastia.fi\/lukiot-lammi\/"},{"@type":"ListItem","position":2,"name":"Opiskelijalle","item":"https:\/\/www.kktavastia.fi\/lukiot-lammi\/opiskelijalle\/"},{"@type":"ListItem","position":3,"name":"Ty\u00f6- ja loma-ajat"}]},{"@type":"WebSite","@id":"https:\/\/www.kktavastia.fi\/lukiot-lammi\/#website","url":"https:\/\/www.kktavastia.fi\/lukiot-lammi\/","name":"Lammin lukio","description":"","potentialAction":[{"@type":"SearchAction","target":{"@type":"EntryPoint","urlTemplate":"https:\/\/www.kktavastia.fi\/lukiot-lammi\/?s={search_term_string}"},"query-input":{"@type":"PropertyValueSpecification","valueRequired":true,"valueName":"search_term_string"}}],"inLanguage":"fi"}]}},"_links":{"self":[{"href":"https:\/\/www.kktavastia.fi\/lukiot-lammi\/wp-json\/wp\/v2\/pages\/38","targetHints":{"allow":["GET"]}}],"collection":[{"href":"https:\/\/www.kktavastia.fi\/lukiot-lammi\/wp-json\/wp\/v2\/pages"}],"about":[{"href":"https:\/\/www.kktavastia.fi\/lukiot-lammi\/wp-json\/wp\/v2\/types\/page"}],"author":[{"embeddable":true,"href":"https:\/\/www.kktavastia.fi\/lukiot-lammi\/wp-json\/wp\/v2\/users\/6"}],"replies":[{"embeddable":true,"href":"https:\/\/www.kktavastia.fi\/lukiot-lammi\/wp-json\/wp\/v2\/comments?post=38"}],"version-history":[{"count":17,"href":"https:\/\/www.kktavastia.fi\/lukiot-lammi\/wp-json\/wp\/v2\/pages\/38\/revisions"}],"predecessor-version":[{"id":2503,"href":"https:\/\/www.kktavastia.fi\/lukiot-lammi\/wp-json\/wp\/v2\/pages\/38\/revisions\/2503"}],"up":[{"embeddable":true,"href":"https:\/\/www.kktavastia.fi\/lukiot-lammi\/wp-json\/wp\/v2\/pages\/7"}],"wp:attachment":[{"href":"https:\/\/www.kktavastia.fi\/lukiot-lammi\/wp-json\/wp\/v2\/media?parent=38"}],"curies":[{"name":"wp","href":"https:\/\/api.w.org\/{rel}","templated":true}]}}

Työ- ja loma-ajat

<h3 class="wp-block-heading">Lukuvuosi 2025–2026</h3>



<h4 class="wp-block-heading">Syyslukukausi ke 6.8.– pe 19.12.2025</h4>



<ul class="wp-block-list">
<li>syysloma ma 13.10. – su 19.10.2025 (vko 42)</li>



<li>joululoma ma 22.2025 – ti 6.1.2025</li>
</ul>



<h4 class="wp-block-heading">Kevätlukukausi ke 7.1. – la 30.5.2026</h4>



<ul class="wp-block-list">
<li>talviloma ma 23.2.– su 1.3.2026 (vko 9)</li>



<li>pääsiäisloma pe 3. – ma 6.4.2026</li>



<li>vappu pe 1.5.2026</li>



<li>helatorstai 14.5.2026</li>
</ul>



<p><strong>Lukuvuoden 2025–2026 jaksot ja jaksojen koeviikot</strong></p>



<figure class="wp-block-table"><table class="has-fixed-layout"><tbody><tr><td>jakso 1</td><td>ke 6.8. – pe 26.9.</td><td class="has-text-align-center" data-align="center">koeviikko</td><td>pe 19.9. – pe 26.9.</td></tr><tr><td>jakso 2</td><td>ma 29.9. – ma 24.11.</td><td class="has-text-align-center" data-align="center">koeviikko</td><td>ma 17.11. – ma 24.11.</td></tr><tr><td>jakso 3</td><td>ti 25.11. – pe 30.1.</td><td class="has-text-align-center" data-align="center">koeviikko</td><td>pe 23.1. – pe 30.1.</td></tr><tr><td>jakso 4</td><td>ma 2.2. – ti 31.3.</td><td class="has-text-align-center" data-align="center">koeviikko</td><td>ti 24.3. – ti 31.3.</td></tr><tr><td>jakso 5</td><td>ke 1.4. – la 30.5.</td><td class="has-text-align-center" data-align="center">koeviikko</td><td>to 21.5. – to 28.5.</td></tr></tbody></table></figure>



<p></p>

<p>Lukuvuosi 2025–2026 Syyslukukausi ke 6.8.– pe 19.12.2025 Kevätlukukausi ke 7.1. – la 30.5.2026 Lukuvuoden 2025–2026 jaksot ja jaksojen koeviikot jakso [&hellip;]</p>

<title>Lammin lukion työ-ja loma-ajat | Jaksot ja koeviikot</title>
<meta name="description" content="Katso Lammin lukion työ- ja loma-ajat sekä jaksojen ajankohdat ja koeviikkojen aikataulut. Koska Lammin lukiossa on loma? Täältä selviää!" />
<meta name="robots" content="index, follow, max-snippet:-1, max-image-preview:large, max-video-preview:-1" />
<link rel="canonical" href="https://www.kktavastia.fi/lukiot-lammi/opiskelijalle/tyo-ja-loma-ajat/" />
<meta property="og:locale" content="fi_FI" />
<meta property="og:type" content="article" />
<meta property="og:title" content="Lammin lukion työ-ja loma-ajat | Jaksot ja koeviikot" />
<meta property="og:description" content="Katso Lammin lukion työ- ja loma-ajat sekä jaksojen ajankohdat ja koeviikkojen aikataulut. Koska Lammin lukiossa on loma? Täältä selviää!" />
<meta property="og:url" content="https://www.kktavastia.fi/lukiot-lammi/opiskelijalle/tyo-ja-loma-ajat/" />
<meta property="og:site_name" content="Lammin lukio" />
<meta property="article:modified_time" content="2026-03-08T11:05:18+00:00" />
<meta name="twitter:card" content="summary_large_image" />
<script type="application/ld+json" class="yoast-schema-graph">{"@context":"https:\/\/schema.org","@graph":[{"@type":"WebPage","@id":"https:\/\/www.kktavastia.fi\/lukiot-lammi\/opiskelijalle\/tyo-ja-loma-ajat\/","url":"https:\/\/www.kktavastia.fi\/lukiot-lammi\/opiskelijalle\/tyo-ja-loma-ajat\/","name":"Lammin lukion työ-ja loma-ajat | Jaksot ja koeviikot","isPartOf":{"@id":"https:\/\/www.kktavastia.fi\/lukiot-lammi\/#website"},"datePublished":"2020-12-31T09:12:23+00:00","dateModified":"2026-03-08T11:05:18+00:00","description":"Katso Lammin lukion työ- ja loma-ajat sekä jaksojen ajankohdat ja koeviikkojen aikataulut. Koska Lammin lukiossa on loma? Täältä selviää!","breadcrumb":{"@id":"https:\/\/www.kktavastia.fi\/lukiot-lammi\/opiskelijalle\/tyo-ja-loma-ajat\/#breadcrumb"},"inLanguage":"fi","potentialAction":[{"@type":"ReadAction","target":["https:\/\/www.kktavastia.fi\/lukiot-lammi\/opiskelijalle\/tyo-ja-loma-ajat\/"]}]},{"@type":"BreadcrumbList","@id":"https:\/\/www.kktavastia.fi\/lukiot-lammi\/opiskelijalle\/tyo-ja-loma-ajat\/#breadcrumb","itemListElement":[{"@type":"ListItem","position":1,"name":"Home","item":"https:\/\/www.kktavastia.fi\/lukiot-lammi\/"},{"@type":"ListItem","position":2,"name":"Opiskelijalle","item":"https:\/\/www.kktavastia.fi\/lukiot-lammi\/opiskelijalle\/"},{"@type":"ListItem","position":3,"name":"Työ- ja loma-ajat"}]},{"@type":"WebSite","@id":"https:\/\/www.kktavastia.fi\/lukiot-lammi\/#website","url":"https:\/\/www.kktavastia.fi\/lukiot-lammi\/","name":"Lammin lukio","description":"","potentialAction":[{"@type":"SearchAction","target":{"@type":"EntryPoint","urlTemplate":"https:\/\/www.kktavastia.fi\/lukiot-lammi\/?s={search_term_string}"},"query-input":{"@type":"PropertyValueSpecification","valueRequired":true,"valueName":"search_term_string"}}],"inLanguage":"fi"}]}</script>

Lammin lukion työ-ja loma-ajat | Jaksot ja koeviikot

Katso Lammin lukion työ- ja loma-ajat sekä jaksojen ajankohdat ja koeviikkojen aikataulut. Koska Lammin lukiossa on loma? Täältä selviää!
