{"id":142,"date":"2020-12-31T14:47:47","date_gmt":"2020-12-31T12:47:47","guid":{"rendered":"https:\/\/kktavastia.vaiheessa.fi\/lukiot-lammi\/?page_id=142"},"modified":"2023-08-22T10:51:00","modified_gmt":"2023-08-22T07:51:00","slug":"kurssimuutokset-ja-vaihtaminen","status":"publish","type":"page","link":"https:\/\/www.kktavastia.fi\/lukiot-lammi\/opetus-ja-ohjaus\/opetusjarjestelyt\/kurssimuutokset-ja-vaihtaminen\/","title":{"rendered":"Kurssi-\/opintojaksomuutokset ja vaihtaminen"},"content":{"rendered":"\n<h3 class=\"wp-block-heading\">Opinto-ohjelman tarkistaminen<\/h3>\n\n\n\n<p>Opiskelija voi milloin tahansa opintojen aikana tarkistaa opinto-ohjelmaansa, mutta muutoksista tulee aina keskustella ryhm\u00e4nohjaajan, opinto-ohjaajan tai rehtorin kanssa.<\/p>\n\n\n\n<h3 class=\"wp-block-heading\">Matematiikan oppim\u00e4\u00e4r\u00e4n vaihtaminen<\/h3>\n\n\n\n<p>Opiskelija saa matematiikan p\u00e4\u00e4tt\u00f6arvosanan joko lyhyest\u00e4 tai pitk\u00e4st\u00e4 oppim\u00e4\u00e4r\u00e4st\u00e4. Jos opiskelija haluaa vaihtaa pitk\u00e4n matematiikan lyhyeksi matematiikaksi, h\u00e4nen on k\u00e4yt\u00e4v\u00e4 keskustelemassa opinto-ohjaajan kanssa. Pakollisia matematiikan opintoja on suoritettava v\u00e4hint\u00e4\u00e4n kuusi kurssia \/ 12 opintopistett\u00e4, joista v\u00e4hint\u00e4\u00e4n kolmen kurssin\/ kuuden opintopisteen tulee olla lyhyen matematiikan opintoja.<\/p>\n\n\n\n<p>Kun matematiikan oppim\u00e4\u00e4r\u00e4\u00e4 vaihdetaan pitk\u00e4st\u00e4 lyhyeen, suoritettuja opintoja luetaan hyv\u00e4ksi seuraavalla tavalla:<\/p>\n\n\n\n<p>MAA2 &gt; MAB2<br>MAA3 &gt; MAB3<br>MAA6 &gt; MAB8<br>MAA8 &gt; MAB5<br>MAA9 &gt; MAB7<\/p>\n\n\n\n<p>Muut pitk\u00e4n oppim\u00e4\u00e4r\u00e4n mukaiset hyv\u00e4ksytyt suoritetut opinnot tai vaihdon yhteydess\u00e4<br>moduuleista yli j\u00e4\u00e4vi\u00e4 opintopisteit\u00e4 vastaavat hyv\u00e4ksytysti suoritetut osaopinnot voivat olla<br>lyhyen oppim\u00e4\u00e4r\u00e4n muita valinnaisia tai temaattisia opintoja paikallisessa opetussuunnitelmassa<br>p\u00e4\u00e4tett\u00e4v\u00e4ll\u00e4 tavalla.<\/p>\n\n\n\n<p>Opiskelijan siirtyess\u00e4 pitk\u00e4st\u00e4 oppim\u00e4\u00e4r\u00e4st\u00e4 lyhyeen oppim\u00e4\u00e4r\u00e4\u00e4n tulee opiskelijalle h\u00e4nen niin<br>halutessa j\u00e4rjest\u00e4\u00e4 mahdollisuus lis\u00e4n\u00e4ytt\u00f6ihin osaamistason toteamiseksi.<\/p>\n\n\n\n<p>Kun opiskelija siirtyy lyhyest\u00e4 oppim\u00e4\u00e4r\u00e4st\u00e4 pitk\u00e4\u00e4n oppim\u00e4\u00e4r\u00e4\u00e4n, h\u00e4nelt\u00e4 voidaan edellytt\u00e4\u00e4<br>t\u00e4ydent\u00e4vi\u00e4 opintoja, ja t\u00e4ss\u00e4 yhteydess\u00e4 my\u00f6s arvosana harkitaan uudelleen. Vaihdon<br>yhteydess\u00e4 moduuleista puuttumaan j\u00e4\u00e4v\u00e4t opintopisteet tulee suorittaa paikallisessa<br>opetussuunnitelmassa p\u00e4\u00e4tett\u00e4v\u00e4ll\u00e4 tavalla.<\/p>\n\n\n\n<p>Opiskelija voi opiskella my\u00f6s toisen oppim\u00e4\u00e4r\u00e4n moduuleja oppim\u00e4\u00e4r\u00e4\u00e4 vaihtamatta. T\u00e4ll\u00f6in<br>kyseiset moduulit voidaan lukea hyv\u00e4ksi opiskelijan varsinaisen oppim\u00e4\u00e4r\u00e4n muiksi valinnaisiksi<br>tai temaattisiksi opinnoiksi paikallisessa opetussuunnitelmassa p\u00e4\u00e4tett\u00e4v\u00e4ll\u00e4 tavalla.<\/p>\n","protected":false},"excerpt":{"rendered":"<p>Opinto-ohjelman tarkistaminen Opiskelija voi milloin tahansa opintojen aikana tarkistaa opinto-ohjelmaansa, mutta muutoksista tulee aina keskustella ryhm\u00e4nohjaajan, opinto-ohjaajan tai rehtorin kanssa. [&hellip;]<\/p>\n","protected":false},"author":6,"featured_media":0,"parent":103,"menu_order":0,"comment_status":"closed","ping_status":"closed","template":"","meta":{"_acf_changed":false,"_relevanssi_hide_post":"","_relevanssi_hide_content":"","_relevanssi_pin_for_all":"","_relevanssi_pin_keywords":"","_relevanssi_unpin_keywords":"","_relevanssi_related_keywords":"","_relevanssi_related_include_ids":"","_relevanssi_related_exclude_ids":"","_relevanssi_related_no_append":"","_relevanssi_related_not_related":"","_relevanssi_related_posts":"887,1335,1875,1352,1068,1602","_relevanssi_noindex_reason":"","footnotes":""},"class_list":["post-142","page","type-page","status-publish","hentry"],"acf":[],"yoast_head":"<title>Kurssimuutokset | Kurssien vaihtaminen | Lammin lukio<\/title>\n<meta name=\"description\" content=\"Kurssimuutokset ja kurssien vaihtaminen Lammin lukiossa. Matematiikan oppim\u00e4\u00e4r\u00e4n vaihtaminen Lammin lukiossa.\" \/>\n<meta name=\"robots\" content=\"index, follow, max-snippet:-1, max-image-preview:large, max-video-preview:-1\" \/>\n<link rel=\"canonical\" href=\"https:\/\/www.kktavastia.fi\/lukiot-lammi\/opetus-ja-ohjaus\/opetusjarjestelyt\/kurssimuutokset-ja-vaihtaminen\/\" \/>\n<meta property=\"og:locale\" content=\"fi_FI\" \/>\n<meta property=\"og:type\" content=\"article\" \/>\n<meta property=\"og:title\" content=\"Kurssimuutokset | Kurssien vaihtaminen | Lammin lukio\" \/>\n<meta property=\"og:description\" content=\"Kurssimuutokset ja kurssien vaihtaminen Lammin lukiossa. Matematiikan oppim\u00e4\u00e4r\u00e4n vaihtaminen Lammin lukiossa.\" \/>\n<meta property=\"og:url\" content=\"https:\/\/www.kktavastia.fi\/lukiot-lammi\/opetus-ja-ohjaus\/opetusjarjestelyt\/kurssimuutokset-ja-vaihtaminen\/\" \/>\n<meta property=\"og:site_name\" content=\"Lammin lukio\" \/>\n<meta property=\"article:modified_time\" content=\"2023-08-22T07:51:00+00:00\" \/>\n<meta name=\"twitter:card\" content=\"summary_large_image\" \/>\n<script type=\"application\/ld+json\" class=\"yoast-schema-graph\">{\"@context\":\"https:\\\/\\\/schema.org\",\"@graph\":[{\"@type\":\"WebPage\",\"@id\":\"https:\\\/\\\/www.kktavastia.fi\\\/lukiot-lammi\\\/opetus-ja-ohjaus\\\/opetusjarjestelyt\\\/kurssimuutokset-ja-vaihtaminen\\\/\",\"url\":\"https:\\\/\\\/www.kktavastia.fi\\\/lukiot-lammi\\\/opetus-ja-ohjaus\\\/opetusjarjestelyt\\\/kurssimuutokset-ja-vaihtaminen\\\/\",\"name\":\"Kurssimuutokset | Kurssien vaihtaminen | Lammin lukio\",\"isPartOf\":{\"@id\":\"https:\\\/\\\/www.kktavastia.fi\\\/lukiot-lammi\\\/#website\"},\"datePublished\":\"2020-12-31T12:47:47+00:00\",\"dateModified\":\"2023-08-22T07:51:00+00:00\",\"description\":\"Kurssimuutokset ja kurssien vaihtaminen Lammin lukiossa. Matematiikan oppim\u00e4\u00e4r\u00e4n vaihtaminen Lammin lukiossa.\",\"breadcrumb\":{\"@id\":\"https:\\\/\\\/www.kktavastia.fi\\\/lukiot-lammi\\\/opetus-ja-ohjaus\\\/opetusjarjestelyt\\\/kurssimuutokset-ja-vaihtaminen\\\/#breadcrumb\"},\"inLanguage\":\"fi\",\"potentialAction\":[{\"@type\":\"ReadAction\",\"target\":[\"https:\\\/\\\/www.kktavastia.fi\\\/lukiot-lammi\\\/opetus-ja-ohjaus\\\/opetusjarjestelyt\\\/kurssimuutokset-ja-vaihtaminen\\\/\"]}]},{\"@type\":\"BreadcrumbList\",\"@id\":\"https:\\\/\\\/www.kktavastia.fi\\\/lukiot-lammi\\\/opetus-ja-ohjaus\\\/opetusjarjestelyt\\\/kurssimuutokset-ja-vaihtaminen\\\/#breadcrumb\",\"itemListElement\":[{\"@type\":\"ListItem\",\"position\":1,\"name\":\"Home\",\"item\":\"https:\\\/\\\/www.kktavastia.fi\\\/lukiot-lammi\\\/\"},{\"@type\":\"ListItem\",\"position\":2,\"name\":\"Opetus ja ohjaus\",\"item\":\"https:\\\/\\\/www.kktavastia.fi\\\/lukiot-lammi\\\/opetus-ja-ohjaus\\\/\"},{\"@type\":\"ListItem\",\"position\":3,\"name\":\"Opetusj\u00e4rjestelyt\",\"item\":\"https:\\\/\\\/www.kktavastia.fi\\\/lukiot-lammi\\\/opetus-ja-ohjaus\\\/opetusjarjestelyt\\\/\"},{\"@type\":\"ListItem\",\"position\":4,\"name\":\"Kurssi-\\\/opintojaksomuutokset ja vaihtaminen\"}]},{\"@type\":\"WebSite\",\"@id\":\"https:\\\/\\\/www.kktavastia.fi\\\/lukiot-lammi\\\/#website\",\"url\":\"https:\\\/\\\/www.kktavastia.fi\\\/lukiot-lammi\\\/\",\"name\":\"Lammin lukio\",\"description\":\"\",\"potentialAction\":[{\"@type\":\"SearchAction\",\"target\":{\"@type\":\"EntryPoint\",\"urlTemplate\":\"https:\\\/\\\/www.kktavastia.fi\\\/lukiot-lammi\\\/?s={search_term_string}\"},\"query-input\":{\"@type\":\"PropertyValueSpecification\",\"valueRequired\":true,\"valueName\":\"search_term_string\"}}],\"inLanguage\":\"fi\"}]}<\/script>","yoast_head_json":{"title":"Kurssimuutokset | Kurssien vaihtaminen | Lammin lukio","description":"Kurssimuutokset ja kurssien vaihtaminen Lammin lukiossa. Matematiikan oppim\u00e4\u00e4r\u00e4n vaihtaminen Lammin lukiossa.","robots":{"index":"index","follow":"follow","max-snippet":"max-snippet:-1","max-image-preview":"max-image-preview:large","max-video-preview":"max-video-preview:-1"},"canonical":"https:\/\/www.kktavastia.fi\/lukiot-lammi\/opetus-ja-ohjaus\/opetusjarjestelyt\/kurssimuutokset-ja-vaihtaminen\/","og_locale":"fi_FI","og_type":"article","og_title":"Kurssimuutokset | Kurssien vaihtaminen | Lammin lukio","og_description":"Kurssimuutokset ja kurssien vaihtaminen Lammin lukiossa. Matematiikan oppim\u00e4\u00e4r\u00e4n vaihtaminen Lammin lukiossa.","og_url":"https:\/\/www.kktavastia.fi\/lukiot-lammi\/opetus-ja-ohjaus\/opetusjarjestelyt\/kurssimuutokset-ja-vaihtaminen\/","og_site_name":"Lammin lukio","article_modified_time":"2023-08-22T07:51:00+00:00","twitter_card":"summary_large_image","schema":{"@context":"https:\/\/schema.org","@graph":[{"@type":"WebPage","@id":"https:\/\/www.kktavastia.fi\/lukiot-lammi\/opetus-ja-ohjaus\/opetusjarjestelyt\/kurssimuutokset-ja-vaihtaminen\/","url":"https:\/\/www.kktavastia.fi\/lukiot-lammi\/opetus-ja-ohjaus\/opetusjarjestelyt\/kurssimuutokset-ja-vaihtaminen\/","name":"Kurssimuutokset | Kurssien vaihtaminen | Lammin lukio","isPartOf":{"@id":"https:\/\/www.kktavastia.fi\/lukiot-lammi\/#website"},"datePublished":"2020-12-31T12:47:47+00:00","dateModified":"2023-08-22T07:51:00+00:00","description":"Kurssimuutokset ja kurssien vaihtaminen Lammin lukiossa. Matematiikan oppim\u00e4\u00e4r\u00e4n vaihtaminen Lammin lukiossa.","breadcrumb":{"@id":"https:\/\/www.kktavastia.fi\/lukiot-lammi\/opetus-ja-ohjaus\/opetusjarjestelyt\/kurssimuutokset-ja-vaihtaminen\/#breadcrumb"},"inLanguage":"fi","potentialAction":[{"@type":"ReadAction","target":["https:\/\/www.kktavastia.fi\/lukiot-lammi\/opetus-ja-ohjaus\/opetusjarjestelyt\/kurssimuutokset-ja-vaihtaminen\/"]}]},{"@type":"BreadcrumbList","@id":"https:\/\/www.kktavastia.fi\/lukiot-lammi\/opetus-ja-ohjaus\/opetusjarjestelyt\/kurssimuutokset-ja-vaihtaminen\/#breadcrumb","itemListElement":[{"@type":"ListItem","position":1,"name":"Home","item":"https:\/\/www.kktavastia.fi\/lukiot-lammi\/"},{"@type":"ListItem","position":2,"name":"Opetus ja ohjaus","item":"https:\/\/www.kktavastia.fi\/lukiot-lammi\/opetus-ja-ohjaus\/"},{"@type":"ListItem","position":3,"name":"Opetusj\u00e4rjestelyt","item":"https:\/\/www.kktavastia.fi\/lukiot-lammi\/opetus-ja-ohjaus\/opetusjarjestelyt\/"},{"@type":"ListItem","position":4,"name":"Kurssi-\/opintojaksomuutokset ja vaihtaminen"}]},{"@type":"WebSite","@id":"https:\/\/www.kktavastia.fi\/lukiot-lammi\/#website","url":"https:\/\/www.kktavastia.fi\/lukiot-lammi\/","name":"Lammin lukio","description":"","potentialAction":[{"@type":"SearchAction","target":{"@type":"EntryPoint","urlTemplate":"https:\/\/www.kktavastia.fi\/lukiot-lammi\/?s={search_term_string}"},"query-input":{"@type":"PropertyValueSpecification","valueRequired":true,"valueName":"search_term_string"}}],"inLanguage":"fi"}]}},"_links":{"self":[{"href":"https:\/\/www.kktavastia.fi\/lukiot-lammi\/wp-json\/wp\/v2\/pages\/142","targetHints":{"allow":["GET"]}}],"collection":[{"href":"https:\/\/www.kktavastia.fi\/lukiot-lammi\/wp-json\/wp\/v2\/pages"}],"about":[{"href":"https:\/\/www.kktavastia.fi\/lukiot-lammi\/wp-json\/wp\/v2\/types\/page"}],"author":[{"embeddable":true,"href":"https:\/\/www.kktavastia.fi\/lukiot-lammi\/wp-json\/wp\/v2\/users\/6"}],"replies":[{"embeddable":true,"href":"https:\/\/www.kktavastia.fi\/lukiot-lammi\/wp-json\/wp\/v2\/comments?post=142"}],"version-history":[{"count":5,"href":"https:\/\/www.kktavastia.fi\/lukiot-lammi\/wp-json\/wp\/v2\/pages\/142\/revisions"}],"predecessor-version":[{"id":2062,"href":"https:\/\/www.kktavastia.fi\/lukiot-lammi\/wp-json\/wp\/v2\/pages\/142\/revisions\/2062"}],"up":[{"embeddable":true,"href":"https:\/\/www.kktavastia.fi\/lukiot-lammi\/wp-json\/wp\/v2\/pages\/103"}],"wp:attachment":[{"href":"https:\/\/www.kktavastia.fi\/lukiot-lammi\/wp-json\/wp\/v2\/media?parent=142"}],"curies":[{"name":"wp","href":"https:\/\/api.w.org\/{rel}","templated":true}]}}