{"id":80,"date":"2020-12-29T13:28:56","date_gmt":"2020-12-29T11:28:56","guid":{"rendered":"https:\/\/kktavastia.vaiheessa.fi\/lukiot-kauriala\/?page_id=80"},"modified":"2025-12-08T11:02:05","modified_gmt":"2025-12-08T09:02:05","slug":"opiskeluhuolto-ja-opintososiaaliset-edut","status":"publish","type":"page","link":"https:\/\/www.kktavastia.fi\/lukiot-kauriala\/opiskelijalle\/opiskeluhuolto-ja-opintososiaaliset-edut\/","title":{"rendered":"Opiskeluhuolto ja opintososiaaliset edut"},"content":{"rendered":"\n<p>Opiskeluhuollon toimijat ovat palveluksessasi. <\/p>\n\n\n\n<p><strong>Kuraattori<\/strong> Piritta Salo<strong><br><\/strong>puh. 050 9110 941, piritta.salo@omahame.fi<\/p>\n\n\n\n<p>Kuraattoriin voit ottaa yhteytt\u00e4 menem\u00e4ll\u00e4 vastaanotolle tai my\u00f6s puhelimitse, s\u00e4hk\u00f6postitse tai l\u00e4hett\u00e4m\u00e4ll\u00e4 Wilma-viestin. Kuraattorin kanssa voit keskustella mm. omaan el\u00e4m\u00e4\u00e4n liittyvist\u00e4 tilanteista ja opiskelun etenemisest\u00e4 sek\u00e4 opintojen tukimuodoista. Keskustelut ovat luottamuksellisia. Kuraattori on oikea henkil\u00f6 my\u00f6s silloin, kun opiskelu ei motivoi ja mieless\u00e4si on opintojen keskeytt\u00e4minen tai alan vaihto. Opiskelijoiden huoltajat voivat my\u00f6s ottaa yhteytt\u00e4 kuraattoriin.<\/p>\n\n\n\n<p>Vastaanottotila sijaitsee opiskelijoiden hiljaisen ty\u00f6tilan vieress\u00e4, 1. kerroksessa.<\/p>\n\n\n\n<p><strong>Terveydenhoitaja\u00a0<\/strong>Suvianna Havusela<br>puh. 050 5529 417,\u00a0suvianna.havusela@omahame.fi <br> <br>on tavattavissa koululla\u00a0joka p\u00e4iv\u00e4. Vastaanotto on ajanvarauksella. Ajan voit varata puhelimitse, Wilman kautta, s\u00e4hk\u00f6postitse tai k\u00e4ym\u00e4ll\u00e4.\u00a0Opiskeluterveydenhuollon l\u00e4\u00e4k\u00e4rin vastaanotolle p\u00e4\u00e4see terveydenhoitajan kautta.<\/p>\n\n\n\n<p>Kaikki lukiolaiset k\u00e4yv\u00e4t terveystarkastuksessa lukion aikana kerran. Terveystarkastus tehd\u00e4\u00e4n lukion toisen opiskeluvuoden aikana. Tytt\u00f6jen terveystarkastus sis\u00e4lt\u00e4\u00e4 k\u00e4ynnin terveydenhoitajalla ja tarpeen mukaan my\u00f6s l\u00e4\u00e4k\u00e4rill\u00e4 k\u00e4ynnin. Tytt\u00f6jen terveystarkastukset toteutetaan syksyn ja alkukev\u00e4\u00e4n aikana. Poikien terveystarkastukset ajoittuvat kev\u00e4tlukukauteen. Poikien kohdalla terveystarkastus on my\u00f6s lakis\u00e4\u00e4teinen kutsuntatarkastus, joka sis\u00e4lt\u00e4\u00e4 k\u00e4ynnin sek\u00e4 terveydenhoitajalla ett\u00e4 l\u00e4\u00e4k\u00e4rill\u00e4. Muuten terveydenhoitopalveluja tarjotaan opiskelijoiden tarpeiden mukaan.<\/p>\n\n\n\n<p>Hammashoito 18-vuotiaaksi asti tapahtuu samassa hammashoitolassa, jossa opiskelija on k\u00e4ynyt yl\u00e4koulun 9. luokalla. Hammashoito muuttuu maksulliseksi opiskelijan t\u00e4ytt\u00e4ess\u00e4 18 vuotta.<\/p>\n\n\n\n<p><strong>Psykolog<\/strong>i Mia Wendelin<br>puh. 040 6824 020, mia.wendelin@omahame.fi<\/p>\n\n\n\n<p>Psykologin kanssa voit keskustella mielenterveyteen liittyvist\u00e4 asioista, opiskelukyvyst\u00e4 tai jaksamisesta. Keskustelut ovat luottamuksellisia. Psykologin vastaanotolle ohjaudutaan usein&nbsp;lukion terveydenhoitajan tai kuraattorin kautta, mutta opiskelija voi olla my\u00f6s suoraan yhteydess\u00e4 psykologiin.&nbsp;Opiskeluhuollon psykologin vastaanottohuone on koululla ja h\u00e4n on paikalla joka p\u00e4iv\u00e4.<\/p>\n\n\n\n<h3 class=\"wp-block-heading\">Etsiv\u00e4n nuorisoty\u00f6n palvelut ja ohjaamo<\/h3>\n\n\n\n<p><strong>Etsiv\u00e4 nuorisoty\u00f6<\/strong> on lakis\u00e4\u00e4teinen palvelu, jonka tavoitteena on auttaa syrj\u00e4ytymisvaarassa olevia nuoria arjen asioissa. Etsiv\u00e4n nuorisoty\u00f6n palveluihin ohjaavat koulun opiskelijahuollosta vastaavat henkil\u00f6t sek\u00e4 rehtori.<\/p>\n\n\n\n<p><strong>Ohjaamo<\/strong> Stage H\u00e4meenlinna kokoaa alle 30-vuotiaille nuorille tarkoitettuja palveluita yhteen paikkaan tavoitteenaan helpottaa palveluiden saamista ja tulevaisuuden suunnan l\u00f6yt\u00e4mist\u00e4. Ohjaamossa saa monipuolisia palveluita ilman ajanvarausta, mutta tarvittaessa my\u00f6s ajanvarauksella. My\u00f6s nuorten huoltajat ja l\u00e4heiset voivat olla yhteydess\u00e4 Ohjaamoon. Ohjaamon palvelut ovat maksuttomia ja vapaaehtoisia. Ohjaamo on esteet\u00f6n sek\u00e4 helposti saavutettava, joten kaikilla on yht\u00e4l\u00e4inen mahdollisuus p\u00e4\u00e4st\u00e4 Ohjaamolle sek\u00e4 tavoittaa sen palvelut.<\/p>\n\n\n\n<p>Tutustu <a href=\"https:\/\/www.hameenlinna.fi\/varhaiskasvatus-ja-koulutus\/nuorisopalvelut\/ohjaamo\/#\" target=\"_blank\" rel=\"noreferrer noopener\">Ohjaamoon<\/a>. <\/p>\n\n\n\n<h2 class=\"wp-block-heading\"><br>OPINTOSOSIAALISET EDUT<\/h2>\n\n\n\n<h3 class=\"wp-block-heading\">Ruokailu ja kahvilatoiminta<\/h3>\n\n\n\n<p>Lukiokoulutuksessa opiskelijalla on oikeus maksuttomaan ateriaan niin\u00e4 ty\u00f6p\u00e4ivin\u00e4, joina opetussuunnitelma edellytt\u00e4\u00e4 opiskelijan l\u00e4sn\u00e4oloa koulutuksen j\u00e4rjest\u00e4j\u00e4n osoittamassa koulutuspaikassa (lukiolaki 35\u00a7). <\/p>\n\n\n\n<p>Ruokailuaikoja tulee noudattaa. Ruokailijat huolehtivat itsen\u00e4isesti ruokailutilan viihtyisyydest\u00e4 ja huolehtivat mm. astioidensa pois viemisest\u00e4. Siten seuraava ruokailija voi nauttia ateriansa mahdollisimman miellytt\u00e4v\u00e4ss\u00e4 ymp\u00e4rist\u00f6ss\u00e4. Lis\u00e4ksi aamuisin klo 7.45\u20138.15 on saatavilla puuroa (paitsi niin\u00e4 keskiviikkoina, jolloin ei ole oppituntia klo 8.10-9-25) sek\u00e4 joinakin aamuina ylioppilaskirjoitusten aikaan.<\/p>\n\n\n\n<p>Torstaiaamun v\u00e4litunneilla&nbsp;(mahdollisuuksien mukaan) on kahvila, josta voi ostaa kahvia\/teet\u00e4\/mehua ja pient\u00e4 purtavaa. Kahvilassa voi kuka tahansa opiskelija esiinty\u00e4, esimerkiksi musisoimalla.<\/p>\n\n\n\n<h3 class=\"wp-block-heading\">Matkakorvaukset  <\/h3>\n\n\n\n<p><strong>Koulumatkatukea<\/strong> haetaan Omakelassa. Alla on KELA:n ja Matkahuollon linkit aiheesta. Niiss\u00e4 kerrotaan, miten tukea haetaan.<strong>&nbsp;P\u00e4hkin\u00e4nkuoressa, \u00e4l\u00e4 siis tuo koulumatkatukilomaketta koulun kansliaan<\/strong>, vaan toimi KELA:n ohjeen mukaan ja hae tukea s\u00e4hk\u00f6isesti. N\u00e4in saat sen nopeammin.&nbsp;<\/p>\n\n\n\n<p><a href=\"https:\/\/www.kela.fi\/ajankohtaista-henkiloasiakkaat\/5346933\/koulumatkatukihakemus-jatetaan-jatkossa-kelaan-asiointi-nopeutuu-huomattavasti\">KELA:n ohje<\/a>&nbsp;(https:\/\/www.kela.fi\/ajankohtaista-henkiloasiakkaat\/5346933\/koulumatkatukihakemus-jatetaan-jatkossa-kelaan-asiointi-nopeutuu-huomattavasti)<br><a href=\"https:\/\/www.kela.fi\/koulumatkatuki-nain-haet\">N\u00e4in haet tukea<\/a>&nbsp;(https:\/\/www.kela.fi\/koulumatkatuki-nain-haet)<br><a href=\"https:\/\/www.matkahuolto.fi\/kausi-ja-sarjaliput-muuttavat-puhelimeen?utm_source=newsletter&amp;utm_medium=email&amp;utm_campaign=Matkahuolto+siirt%C3%A4%C3%A4+lipputuotteet+matkakorteilta+Reitit+ja+Liput+-sovellukseen\">Matkahuolto uudistaa lippujaan&nbsp;<\/a><\/p>\n\n\n\n<h4 class=\"wp-block-heading\">Oppivelvolliset<\/h4>\n\n\n\n<p>Toisen asteen opiskelijoiden maksuttomat koulumatkat korvataan Kansanel\u00e4kelaitoksen maksaman koulumatkatuen kautta. Kunta tai koulutuksen j\u00e4rjest\u00e4j\u00e4 ei ole velvollinen j\u00e4rjest\u00e4m\u00e4\u00e4n toisen asteen koulutuksessa oleville oppivelvollisille koulukuljetusta.<\/p>\n\n\n\n<p>Koulumatkatuen saamiseen vaikuttavat opinnot, matkalipun hinta sek\u00e4 koulumatkojen pituus ja m\u00e4\u00e4r\u00e4. Maksuttomaan koulutukseen oikeutetut opiskelijat voivat saada koulumatkatukea, jos koulumatka on v\u00e4hint\u00e4\u00e4n 7 kilometri\u00e4 yhteen suuntaan.<\/p>\n\n\n\n<h4 class=\"wp-block-heading\">Muut kuin oppivelvolliset <\/h4>\n\n\n\n<p>Opiskelija, jonka koulumatka yhteen suuntaan on 10 \u2013 100 km ja matkakustannukset ovat yli 54 euroa kuukaudessa, on oikeutettu saamaan matkakorvausta Kelasta. T\u00e4m\u00e4 koskee niit\u00e4 opiskelijoita, joilla oppivelvollisuus on p\u00e4\u00e4ttynyt eik\u00e4 oikeus maksuttomaan koulutukseen ole en\u00e4\u00e4 voimassa (maksuttomuus p\u00e4\u00e4ttyy sen vuoden lopulla, kun opiskelija t\u00e4ytt\u00e4\u00e4 20 vuotta).<\/p>\n\n\n\n<p>VR:n ja Matkahuollon alennusten saamiseksi on suositeltavaa hankkia lukiolaisten liiton kortti, jolla saa my\u00f6s alennuksia eri liikkeist\u00e4.&nbsp; Lis\u00e4ohjeita&nbsp;<a href=\"http:\/\/lukio.fi\/edut-ja-opiskelijakortti\/\">lukiolaisten liiton<\/a>&nbsp;sivuilta. Lis\u00e4tietoa tilap\u00e4isten opiskelutodistusten k\u00e4yt\u00f6st\u00e4 junissa ja busseissa saat <a href=\"https:\/\/www.vr.fi\/alennusta-junalipuista\/opiskelija-alennus\">VR:n<\/a> ja <a href=\"https:\/\/www.matkahuolto.fi\/matkustajat\/bussiliput-ja-matkakortit\">Matkahuollon<\/a> sivuilta.<\/p>\n\n\n\n<h3 class=\"wp-block-heading\">Opintotuki<\/h3>\n\n\n\n<p>Lis\u00e4tietoja saat&nbsp;<a href=\"https:\/\/www.kela.fi\/opintotukiaika-enimmaistukiaika-toisen-asteen-opinnoissa\" target=\"_blank\" rel=\"noreferrer noopener\">Kelan<\/a>&nbsp;sivuilta. Opintotukea (ja mahdollista asumislis\u00e4\u00e4) haetaan Omakelassa. <\/p>\n\n\n\n<h3 class=\"wp-block-heading\">Frank digitaalinen opiskelijakortti<\/h3>\n\n\n\n<p>P\u00e4\u00e4toimisesti opiskelevat tutkinto-opiskelijat voivat saada Frankin maksuttoman digitaalisen opiskelijakortin. Frankin digitaalinen opiskelijakortti, Frank App, toimii virallisena opiskelijatunnisteena ja antaa oikeuden Frankin valtakunnallisten ja paikallisten opiskelija-alennusten lis\u00e4ksi kaikkiin Matkahuollon ja VR:n opiskelija-alennuksiin.<\/p>\n\n\n\n<p>Frankin opiskelijakortin voit saada sen j\u00e4lkeen, kun sinut on merkitty opinnot aloittaneeksi l\u00e4sn\u00e4olevaksi opiskelijaksi. Frank varmistaa voimassa olevan opiskelijastatuksen suoraan Opintopolusta sen j\u00e4lkeen, kun haet Frank-korttia. Opiskelijakorttia ei siis voi aktivoida tai tilata etuk\u00e4teen.&nbsp;<a href=\"https:\/\/www.frank.fi\/\" target=\"_blank\" rel=\"noreferrer noopener\">Tutustu Frankiin<\/a><\/p>\n\n\n\n<p><a href=\"https:\/\/www.frank.fi\/opiskelijakortti\/\" target=\"_blank\" rel=\"noreferrer noopener\">Tilaa Frankin digitaalinen opiskelijakortti<\/a><\/p>\n\n\n\n<p>Jos haluat Frankin maksuttoman digitaalisen opiskelijakortin lis\u00e4ksi muovisen opiskelijakortin, sinun tulee liitty\u00e4 opiskelijaj\u00e4rjest\u00f6n j\u00e4seneksi. <a href=\"https:\/\/lukio.fi\/usein-kysyttya\/opiskelijakortti-ja-edut\/\">Suomen lukiolaisten liiton<\/a> sivuilta saa lis\u00e4tietoa. <\/p>\n\n\n\n<p><\/p>\n","protected":false},"excerpt":{"rendered":"<p>Opiskeluhuollon toimijat ovat palveluksessasi. Kuraattori Piritta Salopuh. 050 9110 941, piritta.salo@omahame.fi Kuraattoriin voit ottaa yhteytt\u00e4 menem\u00e4ll\u00e4 vastaanotolle tai my\u00f6s puhelimitse, [&hellip;]<\/p>\n","protected":false},"author":6,"featured_media":0,"parent":8,"menu_order":0,"comment_status":"closed","ping_status":"closed","template":"","meta":{"_acf_changed":false,"_relevanssi_hide_post":"","_relevanssi_hide_content":"","_relevanssi_pin_for_all":"","_relevanssi_pin_keywords":"","_relevanssi_unpin_keywords":"","_relevanssi_related_keywords":"","_relevanssi_related_include_ids":"","_relevanssi_related_exclude_ids":"","_relevanssi_related_no_append":"","_relevanssi_related_not_related":"","_relevanssi_related_posts":"84,98,3525,2715,4,74","_relevanssi_noindex_reason":"","footnotes":""},"class_list":["post-80","page","type-page","status-publish","hentry"],"acf":[],"yoast_head":"<title>Kaurialan lukio | Opintososiaaliset edut<\/title>\n<meta name=\"description\" content=\"Kaurialan lukiossa opiskeleva voi saada opintotukea ja matkakorvauksia. Katso my\u00f6s opiskelijan edut julkiseen liikenteeseen.\" \/>\n<meta name=\"robots\" content=\"index, follow, max-snippet:-1, max-image-preview:large, max-video-preview:-1\" \/>\n<link rel=\"canonical\" href=\"https:\/\/www.kktavastia.fi\/lukiot-kauriala\/opiskelijalle\/opiskeluhuolto-ja-opintososiaaliset-edut\/\" \/>\n<meta property=\"og:locale\" content=\"fi_FI\" \/>\n<meta property=\"og:type\" content=\"article\" \/>\n<meta property=\"og:title\" content=\"Kaurialan lukio | Opintososiaaliset edut\" \/>\n<meta property=\"og:description\" content=\"Kaurialan lukiossa opiskeleva voi saada opintotukea ja matkakorvauksia. Katso my\u00f6s opiskelijan edut julkiseen liikenteeseen.\" \/>\n<meta property=\"og:url\" content=\"https:\/\/www.kktavastia.fi\/lukiot-kauriala\/opiskelijalle\/opiskeluhuolto-ja-opintososiaaliset-edut\/\" \/>\n<meta property=\"og:site_name\" content=\"Kaurialan lukio\" \/>\n<meta property=\"article:modified_time\" content=\"2025-12-08T09:02:05+00:00\" \/>\n<meta name=\"twitter:card\" content=\"summary_large_image\" \/>\n<script type=\"application\/ld+json\" class=\"yoast-schema-graph\">{\"@context\":\"https:\/\/schema.org\",\"@graph\":[{\"@type\":\"WebPage\",\"@id\":\"https:\/\/www.kktavastia.fi\/lukiot-kauriala\/opiskelijalle\/opiskeluhuolto-ja-opintososiaaliset-edut\/\",\"url\":\"https:\/\/www.kktavastia.fi\/lukiot-kauriala\/opiskelijalle\/opiskeluhuolto-ja-opintososiaaliset-edut\/\",\"name\":\"Kaurialan lukio | Opintososiaaliset edut\",\"isPartOf\":{\"@id\":\"https:\/\/www.kktavastia.fi\/lukiot-kauriala\/#website\"},\"datePublished\":\"2020-12-29T11:28:56+00:00\",\"dateModified\":\"2025-12-08T09:02:05+00:00\",\"description\":\"Kaurialan lukiossa opiskeleva voi saada opintotukea ja matkakorvauksia. Katso my\u00f6s opiskelijan edut julkiseen liikenteeseen.\",\"breadcrumb\":{\"@id\":\"https:\/\/www.kktavastia.fi\/lukiot-kauriala\/opiskelijalle\/opiskeluhuolto-ja-opintososiaaliset-edut\/#breadcrumb\"},\"inLanguage\":\"fi\",\"potentialAction\":[{\"@type\":\"ReadAction\",\"target\":[\"https:\/\/www.kktavastia.fi\/lukiot-kauriala\/opiskelijalle\/opiskeluhuolto-ja-opintososiaaliset-edut\/\"]}]},{\"@type\":\"BreadcrumbList\",\"@id\":\"https:\/\/www.kktavastia.fi\/lukiot-kauriala\/opiskelijalle\/opiskeluhuolto-ja-opintososiaaliset-edut\/#breadcrumb\",\"itemListElement\":[{\"@type\":\"ListItem\",\"position\":1,\"name\":\"Home\",\"item\":\"https:\/\/www.kktavastia.fi\/lukiot-kauriala\/\"},{\"@type\":\"ListItem\",\"position\":2,\"name\":\"Opiskelijalle\",\"item\":\"https:\/\/www.kktavastia.fi\/lukiot-kauriala\/opiskelijalle\/\"},{\"@type\":\"ListItem\",\"position\":3,\"name\":\"Opiskeluhuolto ja opintososiaaliset edut\"}]},{\"@type\":\"WebSite\",\"@id\":\"https:\/\/www.kktavastia.fi\/lukiot-kauriala\/#website\",\"url\":\"https:\/\/www.kktavastia.fi\/lukiot-kauriala\/\",\"name\":\"Kaurialan lukio\",\"description\":\"\",\"potentialAction\":[{\"@type\":\"SearchAction\",\"target\":{\"@type\":\"EntryPoint\",\"urlTemplate\":\"https:\/\/www.kktavastia.fi\/lukiot-kauriala\/?s={search_term_string}\"},\"query-input\":{\"@type\":\"PropertyValueSpecification\",\"valueRequired\":true,\"valueName\":\"search_term_string\"}}],\"inLanguage\":\"fi\"}]}<\/script>","yoast_head_json":{"title":"Kaurialan lukio | Opintososiaaliset edut","description":"Kaurialan lukiossa opiskeleva voi saada opintotukea ja matkakorvauksia. Katso my\u00f6s opiskelijan edut julkiseen liikenteeseen.","robots":{"index":"index","follow":"follow","max-snippet":"max-snippet:-1","max-image-preview":"max-image-preview:large","max-video-preview":"max-video-preview:-1"},"canonical":"https:\/\/www.kktavastia.fi\/lukiot-kauriala\/opiskelijalle\/opiskeluhuolto-ja-opintososiaaliset-edut\/","og_locale":"fi_FI","og_type":"article","og_title":"Kaurialan lukio | Opintososiaaliset edut","og_description":"Kaurialan lukiossa opiskeleva voi saada opintotukea ja matkakorvauksia. Katso my\u00f6s opiskelijan edut julkiseen liikenteeseen.","og_url":"https:\/\/www.kktavastia.fi\/lukiot-kauriala\/opiskelijalle\/opiskeluhuolto-ja-opintososiaaliset-edut\/","og_site_name":"Kaurialan lukio","article_modified_time":"2025-12-08T09:02:05+00:00","twitter_card":"summary_large_image","schema":{"@context":"https:\/\/schema.org","@graph":[{"@type":"WebPage","@id":"https:\/\/www.kktavastia.fi\/lukiot-kauriala\/opiskelijalle\/opiskeluhuolto-ja-opintososiaaliset-edut\/","url":"https:\/\/www.kktavastia.fi\/lukiot-kauriala\/opiskelijalle\/opiskeluhuolto-ja-opintososiaaliset-edut\/","name":"Kaurialan lukio | Opintososiaaliset edut","isPartOf":{"@id":"https:\/\/www.kktavastia.fi\/lukiot-kauriala\/#website"},"datePublished":"2020-12-29T11:28:56+00:00","dateModified":"2025-12-08T09:02:05+00:00","description":"Kaurialan lukiossa opiskeleva voi saada opintotukea ja matkakorvauksia. Katso my\u00f6s opiskelijan edut julkiseen liikenteeseen.","breadcrumb":{"@id":"https:\/\/www.kktavastia.fi\/lukiot-kauriala\/opiskelijalle\/opiskeluhuolto-ja-opintososiaaliset-edut\/#breadcrumb"},"inLanguage":"fi","potentialAction":[{"@type":"ReadAction","target":["https:\/\/www.kktavastia.fi\/lukiot-kauriala\/opiskelijalle\/opiskeluhuolto-ja-opintososiaaliset-edut\/"]}]},{"@type":"BreadcrumbList","@id":"https:\/\/www.kktavastia.fi\/lukiot-kauriala\/opiskelijalle\/opiskeluhuolto-ja-opintososiaaliset-edut\/#breadcrumb","itemListElement":[{"@type":"ListItem","position":1,"name":"Home","item":"https:\/\/www.kktavastia.fi\/lukiot-kauriala\/"},{"@type":"ListItem","position":2,"name":"Opiskelijalle","item":"https:\/\/www.kktavastia.fi\/lukiot-kauriala\/opiskelijalle\/"},{"@type":"ListItem","position":3,"name":"Opiskeluhuolto ja opintososiaaliset edut"}]},{"@type":"WebSite","@id":"https:\/\/www.kktavastia.fi\/lukiot-kauriala\/#website","url":"https:\/\/www.kktavastia.fi\/lukiot-kauriala\/","name":"Kaurialan lukio","description":"","potentialAction":[{"@type":"SearchAction","target":{"@type":"EntryPoint","urlTemplate":"https:\/\/www.kktavastia.fi\/lukiot-kauriala\/?s={search_term_string}"},"query-input":{"@type":"PropertyValueSpecification","valueRequired":true,"valueName":"search_term_string"}}],"inLanguage":"fi"}]}},"_links":{"self":[{"href":"https:\/\/www.kktavastia.fi\/lukiot-kauriala\/wp-json\/wp\/v2\/pages\/80","targetHints":{"allow":["GET"]}}],"collection":[{"href":"https:\/\/www.kktavastia.fi\/lukiot-kauriala\/wp-json\/wp\/v2\/pages"}],"about":[{"href":"https:\/\/www.kktavastia.fi\/lukiot-kauriala\/wp-json\/wp\/v2\/types\/page"}],"author":[{"embeddable":true,"href":"https:\/\/www.kktavastia.fi\/lukiot-kauriala\/wp-json\/wp\/v2\/users\/6"}],"replies":[{"embeddable":true,"href":"https:\/\/www.kktavastia.fi\/lukiot-kauriala\/wp-json\/wp\/v2\/comments?post=80"}],"version-history":[{"count":25,"href":"https:\/\/www.kktavastia.fi\/lukiot-kauriala\/wp-json\/wp\/v2\/pages\/80\/revisions"}],"predecessor-version":[{"id":4908,"href":"https:\/\/www.kktavastia.fi\/lukiot-kauriala\/wp-json\/wp\/v2\/pages\/80\/revisions\/4908"}],"up":[{"embeddable":true,"href":"https:\/\/www.kktavastia.fi\/lukiot-kauriala\/wp-json\/wp\/v2\/pages\/8"}],"wp:attachment":[{"href":"https:\/\/www.kktavastia.fi\/lukiot-kauriala\/wp-json\/wp\/v2\/media?parent=80"}],"curies":[{"name":"wp","href":"https:\/\/api.w.org\/{rel}","templated":true}]}}