{"id":102,"date":"2020-12-29T13:33:39","date_gmt":"2020-12-29T11:33:39","guid":{"rendered":"https:\/\/kktavastia.vaiheessa.fi\/lukiot-kauriala\/?page_id=102"},"modified":"2026-01-15T09:00:31","modified_gmt":"2026-01-15T07:00:31","slug":"ylioppilastutkinto","status":"publish","type":"page","link":"https:\/\/www.kktavastia.fi\/lukiot-kauriala\/ylioppilastutkinto\/","title":{"rendered":"Ylioppilastutkinto"},"content":{"rendered":"\n<p class=\"is-style-ingress\">Lukio-opinnot t\u00e4ht\u00e4\u00e4v\u00e4t ylioppilastutkinnon suorittamiseen. Kokeita j\u00e4rjestet\u00e4\u00e4n kev\u00e4\u00e4ll\u00e4 ja syksyll\u00e4. Tutustu t\u00e4\u00e4ll\u00e4 tarkemmin ylioppilastutkinnon rakenteeseen ja vaatimuksiin.<\/p>\n\n\n\n<h3 class=\"wp-block-heading\">Kev\u00e4\u00e4n 2026 ylioppilaskirjoitukset<\/h3>\n\n\n\n<p>Kev\u00e4\u00e4n 2026 yo-kokeisiin ilmoittauduttiin marraskuussa. <\/p>\n\n\n\n<p><a href=\"https:\/\/www.kktavastia.fi\/media\/sites\/6\/abi-info-kevat2026.pdf\" target=\"_blank\" rel=\"noreferrer noopener nofollow\">Abi-infon diat<\/a> ja <a href=\"https:\/\/www.kktavastia.fi\/media\/sites\/6\/tarkeita-paivamaaria-2026-kotisivu.pdf\" target=\"_blank\" rel=\"noreferrer noopener nofollow\">t\u00e4rkeit\u00e4 p\u00e4iv\u00e4m\u00e4\u00e4ri\u00e4<\/a><\/p>\n\n\n\n<p><a data-type=\"link\" data-id=\"https:\/\/www.ylioppilastutkinto.fi\/fi\/tutkinnon-suorittaminen\/koepaivat\/kevaan-2026-koepaivat\" href=\"https:\/\/www.ylioppilastutkinto.fi\/fi\/tutkinnon-suorittaminen\/koepaivat\/kevaan-2026-koepaivat\" target=\"_blank\" rel=\"noreferrer noopener\">Kev\u00e4\u00e4n 2026 koep\u00e4iv\u00e4t<\/a><\/p>\n\n\n\n<h3 class=\"wp-block-heading\">Syksyn 2026 ylioppilaskirjoitukset<\/h3>\n\n\n\n<p>Syksyn 2026 ylioppilaskirjoituksiin ilmoittaudutaan toukokuussa. Koulussa olevat (sek\u00e4 kev\u00e4\u00e4n 2026 ylioppilaat) ilmoittautuvat koulussa annettujen ohjeiden mukaan. Mik\u00e4li olet valmistunut aiemmin Kaurialan lukiosta ja olet tulossa&nbsp;korottamaan arvosanojasi tai t\u00e4ydent\u00e4m\u00e4\u00e4n YO-tutkintoasi syksyll\u00e4 2026, t\u00e4yt\u00e4 oheinen lomake.  <a href=\"https:\/\/forms.office.com\/r\/9M5wXVdcFW\" target=\"_blank\" rel=\"noreferrer noopener nofollow\">Ilmoittautumislomake<\/a>. Ilmoittautumislomake avautuu toukokuun alkupuolella. Mik\u00e4li et ole Kaurialan lukiosta valmistunut, ota yhteys rehtori Tuomo Iltaseen.<\/p>\n\n\n\n<p><a href=\"https:\/\/www.ylioppilastutkinto.fi\/fi\/tutkinnon-suorittaminen\/koepaivat\/syksyn-2026-koepaivat\" target=\"_blank\" rel=\"noreferrer noopener\">Syksyn 2026 koep\u00e4iv\u00e4t<\/a><\/p>\n\n\n\n<h3 class=\"wp-block-heading\"><br>Ylioppilastutkinto ja tutkinnon rakenne<\/h3>\n\n\n\n<p>Lukio-opintojen p\u00e4\u00e4tt\u00f6vaiheessa suoritetaan eri aineiden ylioppilaskirjoitukset, jotka j\u00e4rjestet\u00e4\u00e4n kahdesti vuodessa, kev\u00e4\u00e4ll\u00e4 ja syksyll\u00e4. Tutkintoon kuuluvat kokeet voidaan suorittaa yhdell\u00e4 kerralla tai hajautetusti enint\u00e4\u00e4n kolmena per\u00e4kk\u00e4isen\u00e4 suorituskertana (kev\u00e4t-syksy-kev\u00e4t). Mik\u00e4li kokeisiin ei ole osallistuttu mainitussa ajassa, on kaikki tutkintoon kuuluvat kokeet uusittava.<\/p>\n\n\n\n<p>Ylioppilaskokeeseen osallistuminen edellytt\u00e4\u00e4, ett\u00e4 olet opiskellut ennen kokeeseen osallistumista v\u00e4hint\u00e4\u00e4n lukion tuntijaossa m\u00e4\u00e4r\u00e4tyt asianomaisen oppiaineen pakolliset opintojaksot. Vieraissa kieliss\u00e4, joissa ei ole pakollisia opintojaksoja, edellytet\u00e4\u00e4n 6 opintopisteen suorittamista ko. aineista. Mik\u00e4li olet hankkinut riitt\u00e4v\u00e4n kielitaidon muutoin, voit anoa rehtorilta lupaa osallistua ao. kielen kokeeseen ilman vaadittuja pohjasuorituksia. Yo-kokeiden teht\u00e4v\u00e4t perustuvat pakollisiin ja valtakunnallisiin valinnaisiin opintojaksoihin. Kun YO-tutkinto on suoritettu, voi tutkintoa t\u00e4ydent\u00e4\u00e4 vapaasti ilman edell\u00e4 mainittuja rajoituksia.<\/p>\n\n\n\n<p>Huomaa, ett\u00e4 lain mukaan kokeisiin osallistumiskertoja ei ole rajoitettu.<\/p>\n\n\n\n<p>Lis\u00e4tietoa ylioppilastutkinnon suoritusohjeista ja eri oppiaineiden ylioppilaskokeista saat rehtorilta, opinto-ohjaajilta, aineenopettajilta sek\u00e4 <a href=\"https:\/\/www.ylioppilastutkinto.fi\/\">ylioppilastutkintolautakunnan nettisivuilta<\/a>.<\/p>\n\n\n\n<h4 class=\"wp-block-heading\">Tutkinnon suorittaminen<\/h4>\n\n\n\n<p>Ylioppilastutkintoon kuuluu pakollisena (v\u00e4hint\u00e4\u00e4n) viisi koetta. Kutakin koetta ei m\u00e4\u00e4ritell\u00e4 pakolliseksi tai ylim\u00e4\u00e4r\u00e4iseksi, vaan viiden tutkintorakenteen mukaisen kokeen (hyv\u00e4ksytty tai kompensoitu) l\u00e4p\u00e4isy tuottaa tutkinnon. <\/p>\n\n\n\n<p>Uudessa tutkintorakenteessa ainoa kaikille pakollinen on \u00e4idinkielen ja kirjallisuuden tai suomi toisena kielen\u00e4 -koe. <\/p>\n\n\n\n<p>Seuraavista on suoritettava v\u00e4hint\u00e4\u00e4n kolme: toinen kotimainen kieli, vieras kieli, reaaaliaine tai matematiikka. <\/p>\n\n\n\n<p>Lis\u00e4ksi viidenten\u00e4 kokeena valitaan yksi lis\u00e4\u00e4 edell\u00e4 mainituista. Se voi olla siis my\u00f6s toinen reaaliaine tai toinen vieras kieli. Huomaa, ett\u00e4 tutkintoon tarvitaan viiden eri aineen kokeet. V\u00e4hint\u00e4\u00e4n yhden oppiaineen kokeen tulee olla vaativamman tason koe (eli A-kieli tai pitk\u00e4 matematiikka). <\/p>\n\n\n\n<p>Ylioppilaskokeita voi edelleen suorittaa enemm\u00e4kin kuin pakolliset viisi koetta. <\/p>\n\n\n\n<p><a href=\"https:\/\/www.ylioppilastutkinto.fi\/ylioppilastutkinto\/k2022-tutkintouudistus\" target=\"_blank\" rel=\"noreferrer noopener\">Ylioppilastutkintolautakunnan sivuilla<\/a> voit kokeilla, mill\u00e4 aine- ja tasoyhdistelmill\u00e4 tutkinnon voi tehd\u00e4. Demoon p\u00e4\u00e4set <a href=\"https:\/\/ilmo.ylioppilastutkinto.fi\/fi\" target=\"_blank\" rel=\"noreferrer noopener\">t\u00e4st\u00e4<\/a>. <\/p>\n\n\n\n<p>Maksuttoman toisen asteen vaikutuksesta (oppivelvolliset) ylioppilastutkinnon suorittamiseen voit lukea edell\u00e4 mainitulta Ylioppilastutkintolautakunnan sivulta. K\u00e4yt\u00e4nn\u00f6ss\u00e4 viiden edell\u00e4 mainitun kokeen suorittaminen on ilmaista, mutta muut kokeet maksullisia. Hyl\u00e4tyn &#8221;pakollisen&#8221; kokeen uusinta on maksutonta tietyin periaattein. <\/p>\n\n\n\n<blockquote class=\"wp-block-quote is-layout-flow wp-block-quote-is-layout-flow\">\n<p>V\u00e4hint\u00e4\u00e4n<strong>&nbsp;<\/strong>yhdess\u00e4 pakollisessa oppiaineessa tulee kuitenkin suorittaa vaativamman tason&nbsp;(pitk\u00e4n matematiikan tai A-kielen oppim\u00e4\u00e4r\u00e4n)&nbsp;koe.<\/p>\n<\/blockquote>\n\n\n\n<p>Yhdell\u00e4 tutkintokerralla j\u00e4rjestet\u00e4\u00e4n kaksi reaaliaineiden koep\u00e4iv\u00e4\u00e4. Opiskelija voi osallistua yhten\u00e4 koep\u00e4iv\u00e4n\u00e4 vain yhden reaaliaineen kokeeseen. Kullakin tutkintokerralla opiskelija voi siis osallistua enint\u00e4\u00e4n kahden reaaliaineen kokeeseen. Eri reaaliaineiden kokeet jakautuvat kahdelle koep\u00e4iv\u00e4lle seuraavasti:<\/p>\n\n\n\n<ul class=\"wp-block-list\">\n<li>samana koep\u00e4iv\u00e4n\u00e4: psykologia, filosofia, historia, fysiikka, biologia<\/li>\n\n\n\n<li>samana koep\u00e4iv\u00e4n\u00e4: evankelisluterilainen uskonto, ortodoksinen uskonto, el\u00e4m\u00e4nkatsomustieto, yhteiskuntaoppi, kemia, maantiede, terveystieto<\/li>\n<\/ul>\n\n\n","protected":false},"excerpt":{"rendered":"<p>Lukio-opinnot t\u00e4ht\u00e4\u00e4v\u00e4t ylioppilastutkinnon suorittamiseen. Kokeita j\u00e4rjestet\u00e4\u00e4n kev\u00e4\u00e4ll\u00e4 ja syksyll\u00e4. Tutustu t\u00e4\u00e4ll\u00e4 tarkemmin ylioppilastutkinnon rakenteeseen ja vaatimuksiin. Kev\u00e4\u00e4n 2026 ylioppilaskirjoitukset Kev\u00e4\u00e4n [&hellip;]<\/p>\n","protected":false},"author":6,"featured_media":0,"parent":0,"menu_order":0,"comment_status":"closed","ping_status":"closed","template":"","meta":{"_acf_changed":false,"_relevanssi_hide_post":"","_relevanssi_hide_content":"","_relevanssi_pin_for_all":"","_relevanssi_pin_keywords":"","_relevanssi_unpin_keywords":"","_relevanssi_related_keywords":"","_relevanssi_related_include_ids":"","_relevanssi_related_exclude_ids":"","_relevanssi_related_no_append":"","_relevanssi_related_not_related":"","_relevanssi_related_posts":"6,86,2973,268,98,2715","_relevanssi_noindex_reason":"","footnotes":""},"class_list":["post-102","page","type-page","status-publish","hentry"],"acf":[],"yoast_head":"<title>Ylioppilastutkinto | Kaurialan lukio | Ohjeet ylioppilaskirjoituksiin<\/title>\n<meta name=\"description\" content=\"Ylioppilastutkinnon suorittaminen Kaurialan lukiossa: katso ohjeet ylioppilaskirjoituksiin t\u00e4\u00e4lt\u00e4. Montako ainetta pit\u00e4\u00e4 kirjoittaa?\" \/>\n<meta name=\"robots\" content=\"index, follow, max-snippet:-1, max-image-preview:large, max-video-preview:-1\" \/>\n<link rel=\"canonical\" href=\"https:\/\/www.kktavastia.fi\/lukiot-kauriala\/ylioppilastutkinto\/\" \/>\n<meta property=\"og:locale\" content=\"fi_FI\" \/>\n<meta property=\"og:type\" content=\"article\" \/>\n<meta property=\"og:title\" content=\"Ylioppilastutkinto | Kaurialan lukio | Ohjeet ylioppilaskirjoituksiin\" \/>\n<meta property=\"og:description\" content=\"Ylioppilastutkinnon suorittaminen Kaurialan lukiossa: katso ohjeet ylioppilaskirjoituksiin t\u00e4\u00e4lt\u00e4. Montako ainetta pit\u00e4\u00e4 kirjoittaa?\" \/>\n<meta property=\"og:url\" content=\"https:\/\/www.kktavastia.fi\/lukiot-kauriala\/ylioppilastutkinto\/\" \/>\n<meta property=\"og:site_name\" content=\"Kaurialan lukio\" \/>\n<meta property=\"article:modified_time\" content=\"2026-01-15T07:00:31+00:00\" \/>\n<meta name=\"twitter:card\" content=\"summary_large_image\" \/>\n<script type=\"application\/ld+json\" class=\"yoast-schema-graph\">{\"@context\":\"https:\\\/\\\/schema.org\",\"@graph\":[{\"@type\":\"WebPage\",\"@id\":\"https:\\\/\\\/www.kktavastia.fi\\\/lukiot-kauriala\\\/ylioppilastutkinto\\\/\",\"url\":\"https:\\\/\\\/www.kktavastia.fi\\\/lukiot-kauriala\\\/ylioppilastutkinto\\\/\",\"name\":\"Ylioppilastutkinto | Kaurialan lukio | Ohjeet ylioppilaskirjoituksiin\",\"isPartOf\":{\"@id\":\"https:\\\/\\\/www.kktavastia.fi\\\/lukiot-kauriala\\\/#website\"},\"datePublished\":\"2020-12-29T11:33:39+00:00\",\"dateModified\":\"2026-01-15T07:00:31+00:00\",\"description\":\"Ylioppilastutkinnon suorittaminen Kaurialan lukiossa: katso ohjeet ylioppilaskirjoituksiin t\u00e4\u00e4lt\u00e4. Montako ainetta pit\u00e4\u00e4 kirjoittaa?\",\"breadcrumb\":{\"@id\":\"https:\\\/\\\/www.kktavastia.fi\\\/lukiot-kauriala\\\/ylioppilastutkinto\\\/#breadcrumb\"},\"inLanguage\":\"fi\",\"potentialAction\":[{\"@type\":\"ReadAction\",\"target\":[\"https:\\\/\\\/www.kktavastia.fi\\\/lukiot-kauriala\\\/ylioppilastutkinto\\\/\"]}]},{\"@type\":\"BreadcrumbList\",\"@id\":\"https:\\\/\\\/www.kktavastia.fi\\\/lukiot-kauriala\\\/ylioppilastutkinto\\\/#breadcrumb\",\"itemListElement\":[{\"@type\":\"ListItem\",\"position\":1,\"name\":\"Home\",\"item\":\"https:\\\/\\\/www.kktavastia.fi\\\/lukiot-kauriala\\\/\"},{\"@type\":\"ListItem\",\"position\":2,\"name\":\"Ylioppilastutkinto\"}]},{\"@type\":\"WebSite\",\"@id\":\"https:\\\/\\\/www.kktavastia.fi\\\/lukiot-kauriala\\\/#website\",\"url\":\"https:\\\/\\\/www.kktavastia.fi\\\/lukiot-kauriala\\\/\",\"name\":\"Kaurialan lukio\",\"description\":\"\",\"potentialAction\":[{\"@type\":\"SearchAction\",\"target\":{\"@type\":\"EntryPoint\",\"urlTemplate\":\"https:\\\/\\\/www.kktavastia.fi\\\/lukiot-kauriala\\\/?s={search_term_string}\"},\"query-input\":{\"@type\":\"PropertyValueSpecification\",\"valueRequired\":true,\"valueName\":\"search_term_string\"}}],\"inLanguage\":\"fi\"}]}<\/script>","yoast_head_json":{"title":"Ylioppilastutkinto | Kaurialan lukio | Ohjeet ylioppilaskirjoituksiin","description":"Ylioppilastutkinnon suorittaminen Kaurialan lukiossa: katso ohjeet ylioppilaskirjoituksiin t\u00e4\u00e4lt\u00e4. Montako ainetta pit\u00e4\u00e4 kirjoittaa?","robots":{"index":"index","follow":"follow","max-snippet":"max-snippet:-1","max-image-preview":"max-image-preview:large","max-video-preview":"max-video-preview:-1"},"canonical":"https:\/\/www.kktavastia.fi\/lukiot-kauriala\/ylioppilastutkinto\/","og_locale":"fi_FI","og_type":"article","og_title":"Ylioppilastutkinto | Kaurialan lukio | Ohjeet ylioppilaskirjoituksiin","og_description":"Ylioppilastutkinnon suorittaminen Kaurialan lukiossa: katso ohjeet ylioppilaskirjoituksiin t\u00e4\u00e4lt\u00e4. Montako ainetta pit\u00e4\u00e4 kirjoittaa?","og_url":"https:\/\/www.kktavastia.fi\/lukiot-kauriala\/ylioppilastutkinto\/","og_site_name":"Kaurialan lukio","article_modified_time":"2026-01-15T07:00:31+00:00","twitter_card":"summary_large_image","schema":{"@context":"https:\/\/schema.org","@graph":[{"@type":"WebPage","@id":"https:\/\/www.kktavastia.fi\/lukiot-kauriala\/ylioppilastutkinto\/","url":"https:\/\/www.kktavastia.fi\/lukiot-kauriala\/ylioppilastutkinto\/","name":"Ylioppilastutkinto | Kaurialan lukio | Ohjeet ylioppilaskirjoituksiin","isPartOf":{"@id":"https:\/\/www.kktavastia.fi\/lukiot-kauriala\/#website"},"datePublished":"2020-12-29T11:33:39+00:00","dateModified":"2026-01-15T07:00:31+00:00","description":"Ylioppilastutkinnon suorittaminen Kaurialan lukiossa: katso ohjeet ylioppilaskirjoituksiin t\u00e4\u00e4lt\u00e4. Montako ainetta pit\u00e4\u00e4 kirjoittaa?","breadcrumb":{"@id":"https:\/\/www.kktavastia.fi\/lukiot-kauriala\/ylioppilastutkinto\/#breadcrumb"},"inLanguage":"fi","potentialAction":[{"@type":"ReadAction","target":["https:\/\/www.kktavastia.fi\/lukiot-kauriala\/ylioppilastutkinto\/"]}]},{"@type":"BreadcrumbList","@id":"https:\/\/www.kktavastia.fi\/lukiot-kauriala\/ylioppilastutkinto\/#breadcrumb","itemListElement":[{"@type":"ListItem","position":1,"name":"Home","item":"https:\/\/www.kktavastia.fi\/lukiot-kauriala\/"},{"@type":"ListItem","position":2,"name":"Ylioppilastutkinto"}]},{"@type":"WebSite","@id":"https:\/\/www.kktavastia.fi\/lukiot-kauriala\/#website","url":"https:\/\/www.kktavastia.fi\/lukiot-kauriala\/","name":"Kaurialan lukio","description":"","potentialAction":[{"@type":"SearchAction","target":{"@type":"EntryPoint","urlTemplate":"https:\/\/www.kktavastia.fi\/lukiot-kauriala\/?s={search_term_string}"},"query-input":{"@type":"PropertyValueSpecification","valueRequired":true,"valueName":"search_term_string"}}],"inLanguage":"fi"}]}},"_links":{"self":[{"href":"https:\/\/www.kktavastia.fi\/lukiot-kauriala\/wp-json\/wp\/v2\/pages\/102","targetHints":{"allow":["GET"]}}],"collection":[{"href":"https:\/\/www.kktavastia.fi\/lukiot-kauriala\/wp-json\/wp\/v2\/pages"}],"about":[{"href":"https:\/\/www.kktavastia.fi\/lukiot-kauriala\/wp-json\/wp\/v2\/types\/page"}],"author":[{"embeddable":true,"href":"https:\/\/www.kktavastia.fi\/lukiot-kauriala\/wp-json\/wp\/v2\/users\/6"}],"replies":[{"embeddable":true,"href":"https:\/\/www.kktavastia.fi\/lukiot-kauriala\/wp-json\/wp\/v2\/comments?post=102"}],"version-history":[{"count":24,"href":"https:\/\/www.kktavastia.fi\/lukiot-kauriala\/wp-json\/wp\/v2\/pages\/102\/revisions"}],"predecessor-version":[{"id":4956,"href":"https:\/\/www.kktavastia.fi\/lukiot-kauriala\/wp-json\/wp\/v2\/pages\/102\/revisions\/4956"}],"wp:attachment":[{"href":"https:\/\/www.kktavastia.fi\/lukiot-kauriala\/wp-json\/wp\/v2\/media?parent=102"}],"curies":[{"name":"wp","href":"https:\/\/api.w.org\/{rel}","templated":true}]}}