{"id":100,"date":"2020-12-29T13:33:24","date_gmt":"2020-12-29T11:33:24","guid":{"rendered":"https:\/\/kktavastia.vaiheessa.fi\/lukiot-kauriala\/?page_id=100"},"modified":"2025-02-14T12:45:29","modified_gmt":"2025-02-14T10:45:29","slug":"opetusjarjestelyt","status":"publish","type":"page","link":"https:\/\/www.kktavastia.fi\/lukiot-kauriala\/opetus-ja-ohjaus\/opetusjarjestelyt\/","title":{"rendered":"Opetusj\u00e4rjestelyt"},"content":{"rendered":"\n<p class=\"is-style-ingress\">Lukiossa opiskellaan sek\u00e4 pakollisia opintoja ett\u00e4 valinnaisia opintoja. LOPS2016 mukaan opiskelevilla on pakollisia, syvent\u00e4vi\u00e4 ja soveltavia kursseja. LOPS2021 mukaan opiskelevilla puolestaan on pakollisia sek\u00e4 valtakunnallisia valinnaisia ett\u00e4 paikallisia valinnaisia opintojaksoja. <\/p>\n\n\n\n<h3 class=\"wp-block-heading\">Opintoihin sis\u00e4ltyv\u00e4t opintojaksot (LOPS2021)<\/h3>\n\n\n\n<p>Lukion opinnot on j\u00e4sennelty opintojaksoiksi. Pakolliset opintojaksot ovat laajuudeltaan 2-8op. Valtakunnalliset valinnaiset ovat aina 2 op laajuisia opintojaksoja. Paikallisten valinnaisten opintojaksojen laajuus on p\u00e4\u00e4osin 2op, mutta ne voivat olla my\u00f6s 1-4op.<\/p>\n\n\n\n<p>Oppiaineiden tuntijakotaulukossa on esitetty eri oppiaineiden<strong>&nbsp;<\/strong>valtakunnallisten pakollisten ja valinnaisten opintojen laajuudet oppiaineittain. <\/p>\n\n\n\n<p><a href=\"https:\/\/www.kktavastia.fi\/media\/sites\/6\/tuntijako-lops2021.pdf\" target=\"_blank\" rel=\"noreferrer noopener\">Lukio-opinnot LOPS2021<\/a><\/p>\n\n\n\n<p>Pakollisten opintojen m\u00e4\u00e4r\u00e4\u00e4n vaikuttaa valitun matematiikan oppim\u00e4\u00e4r\u00e4\u00e4n laajuus, pitk\u00e4n matematiikan valinneilla pakollisia opintoja on 102 op, lyhyen valinneilla 94 op.&nbsp;Opinto-ohjelmaan tulee kuulua toinen kotimainen kieli ja v\u00e4hint\u00e4\u00e4n yksi vieras kieli, josta on opiskeltava A-oppim\u00e4\u00e4r\u00e4. Mik\u00e4li opiskelija ei ole opiskellut ruotsia perusopetuksessa, h\u00e4n voi anoa lukio-opintojen alussa rehtorilta vapautusta ruotsin opiskelusta. Matematiikasta on valittava joko pitk\u00e4 tai lyhyt oppim\u00e4\u00e4r\u00e4.<\/p>\n\n\n\n<p>Uskonto (sek\u00e4 evankelis-luterilainen ett\u00e4 ortodoksinen) ja el\u00e4m\u00e4nkatsomustieto ovat vaihtoehtoisia kirkkoon kuulumattomille. El\u00e4m\u00e4nkatsomustietoa ei voi valita pakolliseksi, jos kuuluu kirkkoon, mutta sit\u00e4 voi opiskella ylim\u00e4\u00e4r\u00e4isen\u00e4 aineena.<\/p>\n\n\n\n<p>Taideaineissa on kolme pakollista 2op opintojaksoa, joista yksi on kuvataiteen ja toinen musiikin opintojakso. Kolmannen pakollisen opintojakson voi valita jommastakummasta aineesta. Opinto-ohjelmaan voi sis\u00e4llytt\u00e4\u00e4 aikuislukiossa, kes\u00e4lukiossa tai muissa oppilaitoksissa suoritettuja opintoja. Jos opiskelija haluaa korvata jonkin opetussuunnitelmaan kuuluvan opintojakson muussa oppilaitoksessa suoritetuilla opinnoilla, korvaavuus tulee&nbsp;etuk\u00e4teen tarkistaa&nbsp;oman koulun aineenopettajalta ja rehtorilta. Rehtori hyv\u00e4ksyy muualla suoritetut opinnot osaksi opiskelijan opinto-ohjelmaa. <\/p>\n\n\n\n<section class=\"block block-image-content-upsell right-image\">\n  <div class=\"container\">\n\n    <div class=\"cols\">\n      <div class=\"col col-content\">\n        <div class=\"content content-dark\">\n          <h3>Kurssien suorittaminen<\/h3>\n          <p>Katso t\u00e4\u00e4lt\u00e4 miten kursseille ilmoittaudutaan ja miten ne voi tarvittaessa uusia.<\/p>\n                      <a href=\"https:\/\/kktavastia.fi\/lukiot-kauriala\/opetus-ja-ohjaus\/opetusjarjestelyt\/kurssien-suorittaminen\/\" class=\"button button-light\">Kurssien suorittaminen<svg xmlns=\"http:\/\/www.w3.org\/2000\/svg\" width=\"23\" height=\"8\" viewBox=\"0 0 23 8\"><path d=\"M1 3.818h21.23m0 0L19.153.764m3.077 3.054l-3.077 3.055\" stroke=\"currentColor\" stroke-width=\"1.5\" fill=\"none\" fill-rule=\"evenodd\" stroke-linecap=\"round\" stroke-linejoin=\"round\"\/><\/svg>\n<\/a>\n                  <\/div>\n      <\/div>\n\n      <div class=\"col col-image\">\n            <div class=\"lazy\"\n      data-bg=\"https:\/\/www.kktavastia.fi\/media\/sites\/6\/kurssit.jpg\"\n          >\n    <\/div>\n\n          <\/div>\n    <\/div>\n\n  <\/div>\n<\/section>\n\n\n\n<p><\/p>\n\n\n\n<h4 class=\"wp-block-heading\">Matematiikan oppim\u00e4\u00e4r\u00e4n vaihtaminen<\/h4>\n\n\n\n<p>Mik\u00e4li opiskelija haluaa vaihtaa pitk\u00e4n matematiikan lyhyeksi matematiikaksi, on k\u00e4yt\u00e4v\u00e4 opinto-ohjaajan luona keskustelemassa. Vaihdon tapahtuessa muutetaan pitk\u00e4n matematiikan opinnoista saadut hyv\u00e4ksytyt opintopisteet lyhyen oppim\u00e4\u00e4r\u00e4\u00e4 vastaaviksi valtakunnallisiksi opintojaksoiksi. <\/p>\n\n\n\n<p>Opintojen vastaavuudet  on katsottavissa opetussuunnitelmasta, lis\u00e4tietoja saa my\u00f6s matematiikan opettajilta, opinto-ohjaajilta ja rehtoreilta.<\/p>\n\n\n\n<h3 class=\"wp-block-heading\">Tukiopintojaksot<\/h3>\n\n\n\n<p>Tuki- ja kertausopintojaksoja j\u00e4rjestet\u00e4\u00e4n kieliss\u00e4, matematiikassa ja reaaliaineissa.<\/p>\n\n\n\n<p>Englannissa ja ruotsissa on erityisi\u00e4 tukiopintojaksoja. Ne on rakennettu opiskelijan tueksi opintojen kertaamiseksi ja hyl\u00e4tyn arvosanan sek\u00e4 arvosanan 5 korottamiseksi. N\u00e4ill\u00e4 opintojaksoilla k\u00e4yd\u00e4\u00e4n l\u00e4pi aiemmin opiskeltuja asioita. Ruotsissa on my\u00f6s ensimm\u00e4isen\u00e4 vuonna perusasteen kertaava opintojakso, joka on tarkoitettu niille, joiden perusasteen ruotsin arvosana on alle 8. <\/p>\n\n\n\n<p>Matematiikassa on tarjolla&nbsp;1\u20132 tukiopintojaksoa kummassakin oppim\u00e4\u00e4r\u00e4ss\u00e4.&nbsp;Niiss\u00e4 saa kertausta aihepiireihin ja voi yritt\u00e4\u00e4 korottaa aiemmin saamiaan heikkoja arvosanoja. Lyhyess\u00e4 matematiikassa MAB12 ja MAB13 ja pitk\u00e4ss\u00e4 matematiikassa MAA16.<\/p>\n\n\n\n<p>Edell\u00e4 mainittujen tukitoimien lis\u00e4ksi opiskelijalla on mahdollisuus saada  tukiopetusta. Aloite tukiopetuksen saamiseksi on opiskelijalla, jonka on pyydett\u00e4v\u00e4 lis\u00e4opetusta aineenopettajalta. Tukiopetusta tarjotaan kulloistenkin opetusresurssien puitteissa. My\u00f6s opettaja voi tarjota tukiopetusta, se on syyt\u00e4 k\u00e4ytt\u00e4\u00e4 hyv\u00e4ksi. <\/p>\n\n\n\n<p>Luku- ja kirjoitush\u00e4iri\u00f6iss\u00e4 ohjausta annetaan <a href=\"https:\/\/www.kktavastia.fi\/lukiot-kauriala\/opiskelijalle\/opiskelun-tuki\/\">erityisopettajan<\/a> vastaanotolla.<\/p>\n\n\n\n<p><\/p>\n","protected":false},"excerpt":{"rendered":"<p>Lukiossa opiskellaan sek\u00e4 pakollisia opintoja ett\u00e4 valinnaisia opintoja. LOPS2016 mukaan opiskelevilla on pakollisia, syvent\u00e4vi\u00e4 ja soveltavia kursseja. LOPS2021 mukaan opiskelevilla [&hellip;]<\/p>\n","protected":false},"author":6,"featured_media":0,"parent":13,"menu_order":0,"comment_status":"closed","ping_status":"closed","template":"","meta":{"_acf_changed":false,"_relevanssi_hide_post":"","_relevanssi_hide_content":"","_relevanssi_pin_for_all":"","_relevanssi_pin_keywords":"","_relevanssi_unpin_keywords":"","_relevanssi_related_keywords":"","_relevanssi_related_include_ids":"","_relevanssi_related_exclude_ids":"","_relevanssi_related_no_append":"","_relevanssi_related_not_related":"","_relevanssi_related_posts":"13","_relevanssi_noindex_reason":"","footnotes":""},"class_list":["post-100","page","type-page","status-publish","hentry"],"acf":[],"yoast_head":"<title>Opetusj\u00e4rjestelyt Kaurialan lukiossa | Kurssien suorittaminen<\/title>\n<meta name=\"description\" content=\"Opetusj\u00e4rjestelyt Kaurialan lukiossa: kurssien suorittaminen ja vaihtaminen, kurssimuutokset, tukikurssit. Katso lis\u00e4tietoa t\u00e4\u00e4lt\u00e4!\" \/>\n<meta name=\"robots\" content=\"index, follow, max-snippet:-1, max-image-preview:large, max-video-preview:-1\" \/>\n<link rel=\"canonical\" href=\"https:\/\/www.kktavastia.fi\/lukiot-kauriala\/opetus-ja-ohjaus\/opetusjarjestelyt\/\" \/>\n<meta property=\"og:locale\" content=\"fi_FI\" \/>\n<meta property=\"og:type\" content=\"article\" \/>\n<meta property=\"og:title\" content=\"Opetusj\u00e4rjestelyt Kaurialan lukiossa | Kurssien suorittaminen\" \/>\n<meta property=\"og:description\" content=\"Opetusj\u00e4rjestelyt Kaurialan lukiossa: kurssien suorittaminen ja vaihtaminen, kurssimuutokset, tukikurssit. Katso lis\u00e4tietoa t\u00e4\u00e4lt\u00e4!\" \/>\n<meta property=\"og:url\" content=\"https:\/\/www.kktavastia.fi\/lukiot-kauriala\/opetus-ja-ohjaus\/opetusjarjestelyt\/\" \/>\n<meta property=\"og:site_name\" content=\"Kaurialan lukio\" \/>\n<meta property=\"article:modified_time\" content=\"2025-02-14T10:45:29+00:00\" \/>\n<meta name=\"twitter:card\" content=\"summary_large_image\" \/>\n<script type=\"application\/ld+json\" class=\"yoast-schema-graph\">{\"@context\":\"https:\\\/\\\/schema.org\",\"@graph\":[{\"@type\":\"WebPage\",\"@id\":\"https:\\\/\\\/www.kktavastia.fi\\\/lukiot-kauriala\\\/opetus-ja-ohjaus\\\/opetusjarjestelyt\\\/\",\"url\":\"https:\\\/\\\/www.kktavastia.fi\\\/lukiot-kauriala\\\/opetus-ja-ohjaus\\\/opetusjarjestelyt\\\/\",\"name\":\"Opetusj\u00e4rjestelyt Kaurialan lukiossa | Kurssien suorittaminen\",\"isPartOf\":{\"@id\":\"https:\\\/\\\/www.kktavastia.fi\\\/lukiot-kauriala\\\/#website\"},\"datePublished\":\"2020-12-29T11:33:24+00:00\",\"dateModified\":\"2025-02-14T10:45:29+00:00\",\"description\":\"Opetusj\u00e4rjestelyt Kaurialan lukiossa: kurssien suorittaminen ja vaihtaminen, kurssimuutokset, tukikurssit. Katso lis\u00e4tietoa t\u00e4\u00e4lt\u00e4!\",\"breadcrumb\":{\"@id\":\"https:\\\/\\\/www.kktavastia.fi\\\/lukiot-kauriala\\\/opetus-ja-ohjaus\\\/opetusjarjestelyt\\\/#breadcrumb\"},\"inLanguage\":\"fi\",\"potentialAction\":[{\"@type\":\"ReadAction\",\"target\":[\"https:\\\/\\\/www.kktavastia.fi\\\/lukiot-kauriala\\\/opetus-ja-ohjaus\\\/opetusjarjestelyt\\\/\"]}]},{\"@type\":\"BreadcrumbList\",\"@id\":\"https:\\\/\\\/www.kktavastia.fi\\\/lukiot-kauriala\\\/opetus-ja-ohjaus\\\/opetusjarjestelyt\\\/#breadcrumb\",\"itemListElement\":[{\"@type\":\"ListItem\",\"position\":1,\"name\":\"Home\",\"item\":\"https:\\\/\\\/www.kktavastia.fi\\\/lukiot-kauriala\\\/\"},{\"@type\":\"ListItem\",\"position\":2,\"name\":\"Opetus ja ohjaus\",\"item\":\"https:\\\/\\\/www.kktavastia.fi\\\/lukiot-kauriala\\\/opetus-ja-ohjaus\\\/\"},{\"@type\":\"ListItem\",\"position\":3,\"name\":\"Opetusj\u00e4rjestelyt\"}]},{\"@type\":\"WebSite\",\"@id\":\"https:\\\/\\\/www.kktavastia.fi\\\/lukiot-kauriala\\\/#website\",\"url\":\"https:\\\/\\\/www.kktavastia.fi\\\/lukiot-kauriala\\\/\",\"name\":\"Kaurialan lukio\",\"description\":\"\",\"potentialAction\":[{\"@type\":\"SearchAction\",\"target\":{\"@type\":\"EntryPoint\",\"urlTemplate\":\"https:\\\/\\\/www.kktavastia.fi\\\/lukiot-kauriala\\\/?s={search_term_string}\"},\"query-input\":{\"@type\":\"PropertyValueSpecification\",\"valueRequired\":true,\"valueName\":\"search_term_string\"}}],\"inLanguage\":\"fi\"}]}<\/script>","yoast_head_json":{"title":"Opetusj\u00e4rjestelyt Kaurialan lukiossa | Kurssien suorittaminen","description":"Opetusj\u00e4rjestelyt Kaurialan lukiossa: kurssien suorittaminen ja vaihtaminen, kurssimuutokset, tukikurssit. Katso lis\u00e4tietoa t\u00e4\u00e4lt\u00e4!","robots":{"index":"index","follow":"follow","max-snippet":"max-snippet:-1","max-image-preview":"max-image-preview:large","max-video-preview":"max-video-preview:-1"},"canonical":"https:\/\/www.kktavastia.fi\/lukiot-kauriala\/opetus-ja-ohjaus\/opetusjarjestelyt\/","og_locale":"fi_FI","og_type":"article","og_title":"Opetusj\u00e4rjestelyt Kaurialan lukiossa | Kurssien suorittaminen","og_description":"Opetusj\u00e4rjestelyt Kaurialan lukiossa: kurssien suorittaminen ja vaihtaminen, kurssimuutokset, tukikurssit. Katso lis\u00e4tietoa t\u00e4\u00e4lt\u00e4!","og_url":"https:\/\/www.kktavastia.fi\/lukiot-kauriala\/opetus-ja-ohjaus\/opetusjarjestelyt\/","og_site_name":"Kaurialan lukio","article_modified_time":"2025-02-14T10:45:29+00:00","twitter_card":"summary_large_image","schema":{"@context":"https:\/\/schema.org","@graph":[{"@type":"WebPage","@id":"https:\/\/www.kktavastia.fi\/lukiot-kauriala\/opetus-ja-ohjaus\/opetusjarjestelyt\/","url":"https:\/\/www.kktavastia.fi\/lukiot-kauriala\/opetus-ja-ohjaus\/opetusjarjestelyt\/","name":"Opetusj\u00e4rjestelyt Kaurialan lukiossa | Kurssien suorittaminen","isPartOf":{"@id":"https:\/\/www.kktavastia.fi\/lukiot-kauriala\/#website"},"datePublished":"2020-12-29T11:33:24+00:00","dateModified":"2025-02-14T10:45:29+00:00","description":"Opetusj\u00e4rjestelyt Kaurialan lukiossa: kurssien suorittaminen ja vaihtaminen, kurssimuutokset, tukikurssit. Katso lis\u00e4tietoa t\u00e4\u00e4lt\u00e4!","breadcrumb":{"@id":"https:\/\/www.kktavastia.fi\/lukiot-kauriala\/opetus-ja-ohjaus\/opetusjarjestelyt\/#breadcrumb"},"inLanguage":"fi","potentialAction":[{"@type":"ReadAction","target":["https:\/\/www.kktavastia.fi\/lukiot-kauriala\/opetus-ja-ohjaus\/opetusjarjestelyt\/"]}]},{"@type":"BreadcrumbList","@id":"https:\/\/www.kktavastia.fi\/lukiot-kauriala\/opetus-ja-ohjaus\/opetusjarjestelyt\/#breadcrumb","itemListElement":[{"@type":"ListItem","position":1,"name":"Home","item":"https:\/\/www.kktavastia.fi\/lukiot-kauriala\/"},{"@type":"ListItem","position":2,"name":"Opetus ja ohjaus","item":"https:\/\/www.kktavastia.fi\/lukiot-kauriala\/opetus-ja-ohjaus\/"},{"@type":"ListItem","position":3,"name":"Opetusj\u00e4rjestelyt"}]},{"@type":"WebSite","@id":"https:\/\/www.kktavastia.fi\/lukiot-kauriala\/#website","url":"https:\/\/www.kktavastia.fi\/lukiot-kauriala\/","name":"Kaurialan lukio","description":"","potentialAction":[{"@type":"SearchAction","target":{"@type":"EntryPoint","urlTemplate":"https:\/\/www.kktavastia.fi\/lukiot-kauriala\/?s={search_term_string}"},"query-input":{"@type":"PropertyValueSpecification","valueRequired":true,"valueName":"search_term_string"}}],"inLanguage":"fi"}]}},"_links":{"self":[{"href":"https:\/\/www.kktavastia.fi\/lukiot-kauriala\/wp-json\/wp\/v2\/pages\/100","targetHints":{"allow":["GET"]}}],"collection":[{"href":"https:\/\/www.kktavastia.fi\/lukiot-kauriala\/wp-json\/wp\/v2\/pages"}],"about":[{"href":"https:\/\/www.kktavastia.fi\/lukiot-kauriala\/wp-json\/wp\/v2\/types\/page"}],"author":[{"embeddable":true,"href":"https:\/\/www.kktavastia.fi\/lukiot-kauriala\/wp-json\/wp\/v2\/users\/6"}],"replies":[{"embeddable":true,"href":"https:\/\/www.kktavastia.fi\/lukiot-kauriala\/wp-json\/wp\/v2\/comments?post=100"}],"version-history":[{"count":15,"href":"https:\/\/www.kktavastia.fi\/lukiot-kauriala\/wp-json\/wp\/v2\/pages\/100\/revisions"}],"predecessor-version":[{"id":4665,"href":"https:\/\/www.kktavastia.fi\/lukiot-kauriala\/wp-json\/wp\/v2\/pages\/100\/revisions\/4665"}],"up":[{"embeddable":true,"href":"https:\/\/www.kktavastia.fi\/lukiot-kauriala\/wp-json\/wp\/v2\/pages\/13"}],"wp:attachment":[{"href":"https:\/\/www.kktavastia.fi\/lukiot-kauriala\/wp-json\/wp\/v2\/media?parent=100"}],"curies":[{"name":"wp","href":"https:\/\/api.w.org\/{rel}","templated":true}]}}