{"id":5112,"date":"2026-08-31T12:19:19","date_gmt":"2026-08-31T09:19:19","guid":{"rendered":"https:\/\/www.kktavastia.fi\/lukiot-kauriala\/?post_type=event&#038;p=5112"},"modified":"2026-08-31T12:19:19","modified_gmt":"2026-08-31T09:19:19","slug":"taidetapahtuma-aulangolla-ja-aisteissa","status":"publish","type":"event","link":"https:\/\/www.kktavastia.fi\/lukiot-kauriala\/tapahtumat\/taidetapahtuma-aulangolla-ja-aisteissa\/","title":{"rendered":"Taidetapahtuma: Aulangolla ja aisteissa"},"content":{"rendered":"<p>Kaurialan lukiossa on aloittanut taidelinja, jossa on suuntautumisvaihtoehtona kuvataide ja musiikki. Taidelinjalaiset ovat aloittaneet syksyn ty\u00f6skentelyns\u00e4 valmistelemalla taidetapahtuman Aulangolle. Ryhm\u00e4l\u00e4iset tekiv\u00e4t yhteisen retken Aulangolle ja ovat sen j\u00e4lkeen ty\u00f6st\u00e4neet musiikkia ja kuvataidetta vierailusta inspiroituneena. Aulanko valikoitui taidelinjan ensimm\u00e4iseksi yhteiseksi projektin inspiraatioksi, koska sill\u00e4 on niin pitk\u00e4 historia merkitt\u00e4v\u00e4n\u00e4 kohteena ja paikkana H\u00e4meenlinnassa.<\/p>\n<p>Taidetapahtumaa vietet\u00e4\u00e4n torstaina 3.9.2026 kello 18-20 Aulangon ulkoilumajalla. Aulangolla ja aisteissa -tapahtumassa p\u00e4\u00e4see kuulemaan, n\u00e4kem\u00e4\u00e4n, kokemaan ja kokeilemaankin. Kaurialan lukion taidelinjalaiset kutsuvatkin kaikki l\u00e4mpim\u00e4sti tervetulleeksi taidetapahtumaan, jossa voi aistia Aulangon tunnelmaa ja vaikka my\u00f6s kysell\u00e4 taidelinjasta. Kuvataidety\u00f6t j\u00e4\u00e4v\u00e4t ulkoilumajalle ja sen ymp\u00e4rist\u00f6\u00f6n kahvilan aukioloajoiksi syyskuun viikonlopuiksi. Taidetapahtumaa on ty\u00f6stetty nopealla aikataululla ja ideaan kuuluu kokeileminen, yhdess\u00e4 tekeminen ja keskener\u00e4isyydenkin hyv\u00e4ksyminen.<\/p>\n<p>Tervetuloa Aulangolle!<\/p>\n<p><img loading=\"lazy\" decoding=\"async\" class=\"alignnone size-medium wp-image-5113\" src=\"https:\/\/www.kktavastia.fi\/media\/sites\/6\/taidetapahtuman-juliste-200x300.jpg\" alt=\"\" width=\"200\" height=\"300\" srcset=\"https:\/\/www.kktavastia.fi\/media\/sites\/6\/taidetapahtuman-juliste-200x300.jpg 200w, https:\/\/www.kktavastia.fi\/media\/sites\/6\/taidetapahtuman-juliste-683x1024.jpg 683w, https:\/\/www.kktavastia.fi\/media\/sites\/6\/taidetapahtuman-juliste-768x1152.jpg 768w, https:\/\/www.kktavastia.fi\/media\/sites\/6\/taidetapahtuman-juliste-1024x1536.jpg 1024w, https:\/\/www.kktavastia.fi\/media\/sites\/6\/taidetapahtuman-juliste-1365x2048.jpg 1365w, https:\/\/www.kktavastia.fi\/media\/sites\/6\/taidetapahtuman-juliste-307x460.jpg 307w, https:\/\/www.kktavastia.fi\/media\/sites\/6\/taidetapahtuman-juliste-13x20.jpg 13w, https:\/\/www.kktavastia.fi\/media\/sites\/6\/taidetapahtuman-juliste-scaled.jpg 1707w\" sizes=\"auto, (max-width: 200px) 100vw, 200px\" \/><\/p>\n","protected":false},"featured_media":0,"template":"","meta":{"_acf_changed":false,"_relevanssi_hide_post":"","_relevanssi_hide_content":"","_relevanssi_pin_for_all":"","_relevanssi_pin_keywords":"","_relevanssi_unpin_keywords":"","_relevanssi_related_keywords":"","_relevanssi_related_include_ids":"0","_relevanssi_related_exclude_ids":"","_relevanssi_related_no_append":"","_relevanssi_related_not_related":"","_relevanssi_related_posts":"224,4774,4646,222,3885,4357","_relevanssi_noindex_reason":"","footnotes":""},"class_list":["post-5112","event","type-event","status-publish","hentry"],"acf":[],"yoast_head":"<title>Taidetapahtuma: Aulangolla ja aisteissa - Kaurialan lukio<\/title>\n<meta name=\"robots\" content=\"index, follow, max-snippet:-1, max-image-preview:large, max-video-preview:-1\" \/>\n<link rel=\"canonical\" href=\"https:\/\/www.kktavastia.fi\/lukiot-kauriala\/tapahtumat\/taidetapahtuma-aulangolla-ja-aisteissa\/\" \/>\n<meta property=\"og:locale\" content=\"fi_FI\" \/>\n<meta property=\"og:type\" content=\"article\" \/>\n<meta property=\"og:title\" content=\"Taidetapahtuma: Aulangolla ja aisteissa - Kaurialan lukio\" \/>\n<meta property=\"og:description\" content=\"Kaurialan lukiossa on aloittanut taidelinja, jossa on suuntautumisvaihtoehtona kuvataide ja musiikki. Taidelinjalaiset ovat aloittaneet syksyn ty\u00f6skentelyns\u00e4 valmistelemalla taidetapahtuman Aulangolle. Ryhm\u00e4l\u00e4iset [&hellip;]\" \/>\n<meta property=\"og:url\" content=\"https:\/\/www.kktavastia.fi\/lukiot-kauriala\/tapahtumat\/taidetapahtuma-aulangolla-ja-aisteissa\/\" \/>\n<meta property=\"og:site_name\" content=\"Kaurialan lukio\" \/>\n<meta property=\"og:image\" content=\"https:\/\/www.kktavastia.fi\/media\/sites\/6\/taidetapahtuman-juliste-scaled.jpg\" \/>\n\t<meta property=\"og:image:width\" content=\"1707\" \/>\n\t<meta property=\"og:image:height\" content=\"2560\" \/>\n\t<meta property=\"og:image:type\" content=\"image\/jpeg\" \/>\n<meta name=\"twitter:card\" content=\"summary_large_image\" \/>\n<script type=\"application\/ld+json\" class=\"yoast-schema-graph\">{\"@context\":\"https:\\\/\\\/schema.org\",\"@graph\":[{\"@type\":\"WebPage\",\"@id\":\"https:\\\/\\\/www.kktavastia.fi\\\/lukiot-kauriala\\\/tapahtumat\\\/taidetapahtuma-aulangolla-ja-aisteissa\\\/\",\"url\":\"https:\\\/\\\/www.kktavastia.fi\\\/lukiot-kauriala\\\/tapahtumat\\\/taidetapahtuma-aulangolla-ja-aisteissa\\\/\",\"name\":\"Taidetapahtuma: Aulangolla ja aisteissa - Kaurialan lukio\",\"isPartOf\":{\"@id\":\"https:\\\/\\\/www.kktavastia.fi\\\/lukiot-kauriala\\\/#website\"},\"primaryImageOfPage\":{\"@id\":\"https:\\\/\\\/www.kktavastia.fi\\\/lukiot-kauriala\\\/tapahtumat\\\/taidetapahtuma-aulangolla-ja-aisteissa\\\/#primaryimage\"},\"image\":{\"@id\":\"https:\\\/\\\/www.kktavastia.fi\\\/lukiot-kauriala\\\/tapahtumat\\\/taidetapahtuma-aulangolla-ja-aisteissa\\\/#primaryimage\"},\"thumbnailUrl\":\"https:\\\/\\\/www.kktavastia.fi\\\/media\\\/sites\\\/6\\\/taidetapahtuman-juliste-200x300.jpg\",\"datePublished\":\"2026-08-31T09:19:19+00:00\",\"breadcrumb\":{\"@id\":\"https:\\\/\\\/www.kktavastia.fi\\\/lukiot-kauriala\\\/tapahtumat\\\/taidetapahtuma-aulangolla-ja-aisteissa\\\/#breadcrumb\"},\"inLanguage\":\"fi\",\"potentialAction\":[{\"@type\":\"ReadAction\",\"target\":[\"https:\\\/\\\/www.kktavastia.fi\\\/lukiot-kauriala\\\/tapahtumat\\\/taidetapahtuma-aulangolla-ja-aisteissa\\\/\"]}]},{\"@type\":\"ImageObject\",\"inLanguage\":\"fi\",\"@id\":\"https:\\\/\\\/www.kktavastia.fi\\\/lukiot-kauriala\\\/tapahtumat\\\/taidetapahtuma-aulangolla-ja-aisteissa\\\/#primaryimage\",\"url\":\"https:\\\/\\\/www.kktavastia.fi\\\/media\\\/sites\\\/6\\\/taidetapahtuman-juliste-200x300.jpg\",\"contentUrl\":\"https:\\\/\\\/www.kktavastia.fi\\\/media\\\/sites\\\/6\\\/taidetapahtuman-juliste-200x300.jpg\"},{\"@type\":\"BreadcrumbList\",\"@id\":\"https:\\\/\\\/www.kktavastia.fi\\\/lukiot-kauriala\\\/tapahtumat\\\/taidetapahtuma-aulangolla-ja-aisteissa\\\/#breadcrumb\",\"itemListElement\":[{\"@type\":\"ListItem\",\"position\":1,\"name\":\"Home\",\"item\":\"https:\\\/\\\/www.kktavastia.fi\\\/lukiot-kauriala\\\/\"},{\"@type\":\"ListItem\",\"position\":2,\"name\":\"Tapahtumat\",\"item\":\"https:\\\/\\\/www.kktavastia.fi\\\/lukiot-kauriala\\\/tapahtumat\\\/\"},{\"@type\":\"ListItem\",\"position\":3,\"name\":\"Taidetapahtuma: Aulangolla ja aisteissa\"}]},{\"@type\":\"WebSite\",\"@id\":\"https:\\\/\\\/www.kktavastia.fi\\\/lukiot-kauriala\\\/#website\",\"url\":\"https:\\\/\\\/www.kktavastia.fi\\\/lukiot-kauriala\\\/\",\"name\":\"Kaurialan lukio\",\"description\":\"\",\"potentialAction\":[{\"@type\":\"SearchAction\",\"target\":{\"@type\":\"EntryPoint\",\"urlTemplate\":\"https:\\\/\\\/www.kktavastia.fi\\\/lukiot-kauriala\\\/?s={search_term_string}\"},\"query-input\":{\"@type\":\"PropertyValueSpecification\",\"valueRequired\":true,\"valueName\":\"search_term_string\"}}],\"inLanguage\":\"fi\"}]}<\/script>","yoast_head_json":{"title":"Taidetapahtuma: Aulangolla ja aisteissa - Kaurialan lukio","robots":{"index":"index","follow":"follow","max-snippet":"max-snippet:-1","max-image-preview":"max-image-preview:large","max-video-preview":"max-video-preview:-1"},"canonical":"https:\/\/www.kktavastia.fi\/lukiot-kauriala\/tapahtumat\/taidetapahtuma-aulangolla-ja-aisteissa\/","og_locale":"fi_FI","og_type":"article","og_title":"Taidetapahtuma: Aulangolla ja aisteissa - Kaurialan lukio","og_description":"Kaurialan lukiossa on aloittanut taidelinja, jossa on suuntautumisvaihtoehtona kuvataide ja musiikki. Taidelinjalaiset ovat aloittaneet syksyn ty\u00f6skentelyns\u00e4 valmistelemalla taidetapahtuman Aulangolle. Ryhm\u00e4l\u00e4iset [&hellip;]","og_url":"https:\/\/www.kktavastia.fi\/lukiot-kauriala\/tapahtumat\/taidetapahtuma-aulangolla-ja-aisteissa\/","og_site_name":"Kaurialan lukio","og_image":[{"width":1707,"height":2560,"url":"https:\/\/www.kktavastia.fi\/media\/sites\/6\/taidetapahtuman-juliste-scaled.jpg","type":"image\/jpeg"}],"twitter_card":"summary_large_image","schema":{"@context":"https:\/\/schema.org","@graph":[{"@type":"WebPage","@id":"https:\/\/www.kktavastia.fi\/lukiot-kauriala\/tapahtumat\/taidetapahtuma-aulangolla-ja-aisteissa\/","url":"https:\/\/www.kktavastia.fi\/lukiot-kauriala\/tapahtumat\/taidetapahtuma-aulangolla-ja-aisteissa\/","name":"Taidetapahtuma: Aulangolla ja aisteissa - Kaurialan lukio","isPartOf":{"@id":"https:\/\/www.kktavastia.fi\/lukiot-kauriala\/#website"},"primaryImageOfPage":{"@id":"https:\/\/www.kktavastia.fi\/lukiot-kauriala\/tapahtumat\/taidetapahtuma-aulangolla-ja-aisteissa\/#primaryimage"},"image":{"@id":"https:\/\/www.kktavastia.fi\/lukiot-kauriala\/tapahtumat\/taidetapahtuma-aulangolla-ja-aisteissa\/#primaryimage"},"thumbnailUrl":"https:\/\/www.kktavastia.fi\/media\/sites\/6\/taidetapahtuman-juliste-200x300.jpg","datePublished":"2026-08-31T09:19:19+00:00","breadcrumb":{"@id":"https:\/\/www.kktavastia.fi\/lukiot-kauriala\/tapahtumat\/taidetapahtuma-aulangolla-ja-aisteissa\/#breadcrumb"},"inLanguage":"fi","potentialAction":[{"@type":"ReadAction","target":["https:\/\/www.kktavastia.fi\/lukiot-kauriala\/tapahtumat\/taidetapahtuma-aulangolla-ja-aisteissa\/"]}]},{"@type":"ImageObject","inLanguage":"fi","@id":"https:\/\/www.kktavastia.fi\/lukiot-kauriala\/tapahtumat\/taidetapahtuma-aulangolla-ja-aisteissa\/#primaryimage","url":"https:\/\/www.kktavastia.fi\/media\/sites\/6\/taidetapahtuman-juliste-200x300.jpg","contentUrl":"https:\/\/www.kktavastia.fi\/media\/sites\/6\/taidetapahtuman-juliste-200x300.jpg"},{"@type":"BreadcrumbList","@id":"https:\/\/www.kktavastia.fi\/lukiot-kauriala\/tapahtumat\/taidetapahtuma-aulangolla-ja-aisteissa\/#breadcrumb","itemListElement":[{"@type":"ListItem","position":1,"name":"Home","item":"https:\/\/www.kktavastia.fi\/lukiot-kauriala\/"},{"@type":"ListItem","position":2,"name":"Tapahtumat","item":"https:\/\/www.kktavastia.fi\/lukiot-kauriala\/tapahtumat\/"},{"@type":"ListItem","position":3,"name":"Taidetapahtuma: Aulangolla ja aisteissa"}]},{"@type":"WebSite","@id":"https:\/\/www.kktavastia.fi\/lukiot-kauriala\/#website","url":"https:\/\/www.kktavastia.fi\/lukiot-kauriala\/","name":"Kaurialan lukio","description":"","potentialAction":[{"@type":"SearchAction","target":{"@type":"EntryPoint","urlTemplate":"https:\/\/www.kktavastia.fi\/lukiot-kauriala\/?s={search_term_string}"},"query-input":{"@type":"PropertyValueSpecification","valueRequired":true,"valueName":"search_term_string"}}],"inLanguage":"fi"}]}},"_links":{"self":[{"href":"https:\/\/www.kktavastia.fi\/lukiot-kauriala\/wp-json\/wp\/v2\/event\/5112","targetHints":{"allow":["GET"]}}],"collection":[{"href":"https:\/\/www.kktavastia.fi\/lukiot-kauriala\/wp-json\/wp\/v2\/event"}],"about":[{"href":"https:\/\/www.kktavastia.fi\/lukiot-kauriala\/wp-json\/wp\/v2\/types\/event"}],"version-history":[{"count":1,"href":"https:\/\/www.kktavastia.fi\/lukiot-kauriala\/wp-json\/wp\/v2\/event\/5112\/revisions"}],"predecessor-version":[{"id":5114,"href":"https:\/\/www.kktavastia.fi\/lukiot-kauriala\/wp-json\/wp\/v2\/event\/5112\/revisions\/5114"}],"wp:attachment":[{"href":"https:\/\/www.kktavastia.fi\/lukiot-kauriala\/wp-json\/wp\/v2\/media?parent=5112"}],"curies":[{"name":"wp","href":"https:\/\/api.w.org\/{rel}","templated":true}]}}

<p>Kaurialan lukiossa on aloittanut taidelinja, jossa on suuntautumisvaihtoehtona kuvataide ja musiikki. Taidelinjalaiset ovat aloittaneet syksyn työskentelynsä valmistelemalla taidetapahtuman Aulangolle. Ryhmäläiset tekivät yhteisen retken Aulangolle ja ovat sen jälkeen työstäneet musiikkia ja kuvataidetta vierailusta inspiroituneena. Aulanko valikoitui taidelinjan ensimmäiseksi yhteiseksi projektin inspiraatioksi, koska sillä on niin pitkä historia merkittävänä kohteena ja paikkana Hämeenlinnassa.</p>
<p>Taidetapahtumaa vietetään torstaina 3.9.2026 kello 18-20 Aulangon ulkoilumajalla. Aulangolla ja aisteissa -tapahtumassa pääsee kuulemaan, näkemään, kokemaan ja kokeilemaankin. Kaurialan lukion taidelinjalaiset kutsuvatkin kaikki lämpimästi tervetulleeksi taidetapahtumaan, jossa voi aistia Aulangon tunnelmaa ja vaikka myös kysellä taidelinjasta. Kuvataidetyöt jäävät ulkoilumajalle ja sen ympäristöön kahvilan aukioloajoiksi syyskuun viikonlopuiksi. Taidetapahtumaa on työstetty nopealla aikataululla ja ideaan kuuluu kokeileminen, yhdessä tekeminen ja keskeneräisyydenkin hyväksyminen.</p>
<p>Tervetuloa Aulangolle!</p>
<p><img loading="lazy" decoding="async" class="alignnone size-medium wp-image-5113" src="https://www.kktavastia.fi/media/sites/6/taidetapahtuman-juliste-200x300.jpg" alt="" width="200" height="300" srcset="https://www.kktavastia.fi/media/sites/6/taidetapahtuman-juliste-200x300.jpg 200w, https://www.kktavastia.fi/media/sites/6/taidetapahtuman-juliste-683x1024.jpg 683w, https://www.kktavastia.fi/media/sites/6/taidetapahtuman-juliste-768x1152.jpg 768w, https://www.kktavastia.fi/media/sites/6/taidetapahtuman-juliste-1024x1536.jpg 1024w, https://www.kktavastia.fi/media/sites/6/taidetapahtuman-juliste-1365x2048.jpg 1365w, https://www.kktavastia.fi/media/sites/6/taidetapahtuman-juliste-307x460.jpg 307w, https://www.kktavastia.fi/media/sites/6/taidetapahtuman-juliste-13x20.jpg 13w, https://www.kktavastia.fi/media/sites/6/taidetapahtuman-juliste-scaled.jpg 1707w" sizes="auto, (max-width: 200px) 100vw, 200px" /></p>

<title>Taidetapahtuma: Aulangolla ja aisteissa - Kaurialan lukio</title>
<meta name="robots" content="index, follow, max-snippet:-1, max-image-preview:large, max-video-preview:-1" />
<link rel="canonical" href="https://www.kktavastia.fi/lukiot-kauriala/tapahtumat/taidetapahtuma-aulangolla-ja-aisteissa/" />
<meta property="og:locale" content="fi_FI" />
<meta property="og:type" content="article" />
<meta property="og:title" content="Taidetapahtuma: Aulangolla ja aisteissa - Kaurialan lukio" />
<meta property="og:description" content="Kaurialan lukiossa on aloittanut taidelinja, jossa on suuntautumisvaihtoehtona kuvataide ja musiikki. Taidelinjalaiset ovat aloittaneet syksyn työskentelynsä valmistelemalla taidetapahtuman Aulangolle. Ryhmäläiset [&hellip;]" />
<meta property="og:url" content="https://www.kktavastia.fi/lukiot-kauriala/tapahtumat/taidetapahtuma-aulangolla-ja-aisteissa/" />
<meta property="og:site_name" content="Kaurialan lukio" />
<meta property="og:image" content="https://www.kktavastia.fi/media/sites/6/taidetapahtuman-juliste-scaled.jpg" />
	<meta property="og:image:width" content="1707" />
	<meta property="og:image:height" content="2560" />
	<meta property="og:image:type" content="image/jpeg" />
<meta name="twitter:card" content="summary_large_image" />
<script type="application/ld+json" class="yoast-schema-graph">{"@context":"https:\/\/schema.org","@graph":[{"@type":"WebPage","@id":"https:\/\/www.kktavastia.fi\/lukiot-kauriala\/tapahtumat\/taidetapahtuma-aulangolla-ja-aisteissa\/","url":"https:\/\/www.kktavastia.fi\/lukiot-kauriala\/tapahtumat\/taidetapahtuma-aulangolla-ja-aisteissa\/","name":"Taidetapahtuma: Aulangolla ja aisteissa - Kaurialan lukio","isPartOf":{"@id":"https:\/\/www.kktavastia.fi\/lukiot-kauriala\/#website"},"primaryImageOfPage":{"@id":"https:\/\/www.kktavastia.fi\/lukiot-kauriala\/tapahtumat\/taidetapahtuma-aulangolla-ja-aisteissa\/#primaryimage"},"image":{"@id":"https:\/\/www.kktavastia.fi\/lukiot-kauriala\/tapahtumat\/taidetapahtuma-aulangolla-ja-aisteissa\/#primaryimage"},"thumbnailUrl":"https:\/\/www.kktavastia.fi\/media\/sites\/6\/taidetapahtuman-juliste-200x300.jpg","datePublished":"2026-08-31T09:19:19+00:00","breadcrumb":{"@id":"https:\/\/www.kktavastia.fi\/lukiot-kauriala\/tapahtumat\/taidetapahtuma-aulangolla-ja-aisteissa\/#breadcrumb"},"inLanguage":"fi","potentialAction":[{"@type":"ReadAction","target":["https:\/\/www.kktavastia.fi\/lukiot-kauriala\/tapahtumat\/taidetapahtuma-aulangolla-ja-aisteissa\/"]}]},{"@type":"ImageObject","inLanguage":"fi","@id":"https:\/\/www.kktavastia.fi\/lukiot-kauriala\/tapahtumat\/taidetapahtuma-aulangolla-ja-aisteissa\/#primaryimage","url":"https:\/\/www.kktavastia.fi\/media\/sites\/6\/taidetapahtuman-juliste-200x300.jpg","contentUrl":"https:\/\/www.kktavastia.fi\/media\/sites\/6\/taidetapahtuman-juliste-200x300.jpg"},{"@type":"BreadcrumbList","@id":"https:\/\/www.kktavastia.fi\/lukiot-kauriala\/tapahtumat\/taidetapahtuma-aulangolla-ja-aisteissa\/#breadcrumb","itemListElement":[{"@type":"ListItem","position":1,"name":"Home","item":"https:\/\/www.kktavastia.fi\/lukiot-kauriala\/"},{"@type":"ListItem","position":2,"name":"Tapahtumat","item":"https:\/\/www.kktavastia.fi\/lukiot-kauriala\/tapahtumat\/"},{"@type":"ListItem","position":3,"name":"Taidetapahtuma: Aulangolla ja aisteissa"}]},{"@type":"WebSite","@id":"https:\/\/www.kktavastia.fi\/lukiot-kauriala\/#website","url":"https:\/\/www.kktavastia.fi\/lukiot-kauriala\/","name":"Kaurialan lukio","description":"","potentialAction":[{"@type":"SearchAction","target":{"@type":"EntryPoint","urlTemplate":"https:\/\/www.kktavastia.fi\/lukiot-kauriala\/?s={search_term_string}"},"query-input":{"@type":"PropertyValueSpecification","valueRequired":true,"valueName":"search_term_string"}}],"inLanguage":"fi"}]}</script>

Kaurialan lukiossa on aloittanut taidelinja, jossa on suuntautumisvaihtoehtona kuvataide ja musiikki. Taidelinjalaiset ovat aloittaneet syksyn työskentelynsä valmistelemalla taidetapahtuman Aulangolle. Ryhmäläiset [&hellip;]
