{"id":4357,"date":"2024-03-22T15:02:09","date_gmt":"2024-03-22T13:02:09","guid":{"rendered":"https:\/\/www.kktavastia.fi\/lukiot-kauriala\/?post_type=event&#038;p=4357"},"modified":"2024-03-22T15:42:29","modified_gmt":"2024-03-22T13:42:29","slug":"kaurialan-100-vuotisjuhlat-luokkakokous-ja-paajuhla","status":"publish","type":"event","link":"https:\/\/www.kktavastia.fi\/lukiot-kauriala\/tapahtumat\/kaurialan-100-vuotisjuhlat-luokkakokous-ja-paajuhla\/","title":{"rendered":"Kaurialan 100-vuotisjuhlat \u2013 luokkakokous ja p\u00e4\u00e4juhla"},"content":{"rendered":"<p>Kaurialassa juhlitaan satavuosista taivaltamme kahtena p\u00e4iv\u00e4n\u00e4! H\u00e4meenlinnan tytt\u00f6lyseosta tai Kaurialan lukiosta valmistunut alumni \u2013 olet tervetullut luokkakokousiltaan pe 3.5. tai varsinaiseen juhlap\u00e4iv\u00e4\u00e4mme la 4.5. \u2013 voit tulla vaikka molempiin!<\/p>\n<p><a href=\"https:\/\/www.kktavastia.fi\/lukiot-kauriala\/2024\/kaurialan-lukio-juhlii-luokkakokousilta-pe-3-5-ilmoittaudu-mukaan\/\">Katso lis\u00e4tiedot luokkakokousillasta pe 3.5. ja ilmoittaudu!<\/a><\/p>\n<p><a href=\"https:\/\/www.kktavastia.fi\/lukiot-kauriala\/2024\/kaurialan-lukio-juhlii-paajuhla-la-4-5-ilmoittaudu-mukaan\/\">Katso lis\u00e4tiedot p\u00e4\u00e4juhlasta la 4.5. ja ilmoittaudu!<\/a><\/p>\n","protected":false},"featured_media":0,"template":"","meta":{"_acf_changed":false,"_relevanssi_hide_post":"","_relevanssi_hide_content":"","_relevanssi_pin_for_all":"","_relevanssi_pin_keywords":"","_relevanssi_unpin_keywords":"","_relevanssi_related_keywords":"","_relevanssi_related_include_ids":"","_relevanssi_related_exclude_ids":"","_relevanssi_related_no_append":"","_relevanssi_related_not_related":"","_relevanssi_related_posts":"","_relevanssi_noindex_reason":"","footnotes":""},"class_list":["post-4357","event","type-event","status-publish","hentry"],"acf":[],"yoast_head":"<title>Kaurialan 100-vuotisjuhlat \u2013 luokkakokous ja p\u00e4\u00e4juhla - Kaurialan lukio<\/title>\n<meta name=\"robots\" content=\"index, follow, max-snippet:-1, max-image-preview:large, max-video-preview:-1\" \/>\n<link rel=\"canonical\" href=\"https:\/\/www.kktavastia.fi\/lukiot-kauriala\/tapahtumat\/kaurialan-100-vuotisjuhlat-luokkakokous-ja-paajuhla\/\" \/>\n<meta property=\"og:locale\" content=\"fi_FI\" \/>\n<meta property=\"og:type\" content=\"article\" \/>\n<meta property=\"og:title\" content=\"Kaurialan 100-vuotisjuhlat \u2013 luokkakokous ja p\u00e4\u00e4juhla - Kaurialan lukio\" \/>\n<meta property=\"og:description\" content=\"Kaurialassa juhlitaan satavuosista taivaltamme kahtena p\u00e4iv\u00e4n\u00e4! H\u00e4meenlinnan tytt\u00f6lyseosta tai Kaurialan lukiosta valmistunut alumni \u2013 olet tervetullut luokkakokousiltaan pe 3.5. tai [&hellip;]\" \/>\n<meta property=\"og:url\" content=\"https:\/\/www.kktavastia.fi\/lukiot-kauriala\/tapahtumat\/kaurialan-100-vuotisjuhlat-luokkakokous-ja-paajuhla\/\" \/>\n<meta property=\"og:site_name\" content=\"Kaurialan lukio\" \/>\n<meta property=\"article:modified_time\" content=\"2024-03-22T13:42:29+00:00\" \/>\n<meta name=\"twitter:card\" content=\"summary_large_image\" \/>\n<script type=\"application\/ld+json\" class=\"yoast-schema-graph\">{\"@context\":\"https:\\\/\\\/schema.org\",\"@graph\":[{\"@type\":\"WebPage\",\"@id\":\"https:\\\/\\\/www.kktavastia.fi\\\/lukiot-kauriala\\\/tapahtumat\\\/kaurialan-100-vuotisjuhlat-luokkakokous-ja-paajuhla\\\/\",\"url\":\"https:\\\/\\\/www.kktavastia.fi\\\/lukiot-kauriala\\\/tapahtumat\\\/kaurialan-100-vuotisjuhlat-luokkakokous-ja-paajuhla\\\/\",\"name\":\"Kaurialan 100-vuotisjuhlat \u2013 luokkakokous ja p\u00e4\u00e4juhla - Kaurialan lukio\",\"isPartOf\":{\"@id\":\"https:\\\/\\\/www.kktavastia.fi\\\/lukiot-kauriala\\\/#website\"},\"datePublished\":\"2024-03-22T13:02:09+00:00\",\"dateModified\":\"2024-03-22T13:42:29+00:00\",\"breadcrumb\":{\"@id\":\"https:\\\/\\\/www.kktavastia.fi\\\/lukiot-kauriala\\\/tapahtumat\\\/kaurialan-100-vuotisjuhlat-luokkakokous-ja-paajuhla\\\/#breadcrumb\"},\"inLanguage\":\"fi\",\"potentialAction\":[{\"@type\":\"ReadAction\",\"target\":[\"https:\\\/\\\/www.kktavastia.fi\\\/lukiot-kauriala\\\/tapahtumat\\\/kaurialan-100-vuotisjuhlat-luokkakokous-ja-paajuhla\\\/\"]}]},{\"@type\":\"BreadcrumbList\",\"@id\":\"https:\\\/\\\/www.kktavastia.fi\\\/lukiot-kauriala\\\/tapahtumat\\\/kaurialan-100-vuotisjuhlat-luokkakokous-ja-paajuhla\\\/#breadcrumb\",\"itemListElement\":[{\"@type\":\"ListItem\",\"position\":1,\"name\":\"Home\",\"item\":\"https:\\\/\\\/www.kktavastia.fi\\\/lukiot-kauriala\\\/\"},{\"@type\":\"ListItem\",\"position\":2,\"name\":\"Tapahtumat\",\"item\":\"https:\\\/\\\/www.kktavastia.fi\\\/lukiot-kauriala\\\/tapahtumat\\\/\"},{\"@type\":\"ListItem\",\"position\":3,\"name\":\"Kaurialan 100-vuotisjuhlat \u2013 luokkakokous ja p\u00e4\u00e4juhla\"}]},{\"@type\":\"WebSite\",\"@id\":\"https:\\\/\\\/www.kktavastia.fi\\\/lukiot-kauriala\\\/#website\",\"url\":\"https:\\\/\\\/www.kktavastia.fi\\\/lukiot-kauriala\\\/\",\"name\":\"Kaurialan lukio\",\"description\":\"\",\"potentialAction\":[{\"@type\":\"SearchAction\",\"target\":{\"@type\":\"EntryPoint\",\"urlTemplate\":\"https:\\\/\\\/www.kktavastia.fi\\\/lukiot-kauriala\\\/?s={search_term_string}\"},\"query-input\":{\"@type\":\"PropertyValueSpecification\",\"valueRequired\":true,\"valueName\":\"search_term_string\"}}],\"inLanguage\":\"fi\"}]}<\/script>","yoast_head_json":{"title":"Kaurialan 100-vuotisjuhlat \u2013 luokkakokous ja p\u00e4\u00e4juhla - Kaurialan lukio","robots":{"index":"index","follow":"follow","max-snippet":"max-snippet:-1","max-image-preview":"max-image-preview:large","max-video-preview":"max-video-preview:-1"},"canonical":"https:\/\/www.kktavastia.fi\/lukiot-kauriala\/tapahtumat\/kaurialan-100-vuotisjuhlat-luokkakokous-ja-paajuhla\/","og_locale":"fi_FI","og_type":"article","og_title":"Kaurialan 100-vuotisjuhlat \u2013 luokkakokous ja p\u00e4\u00e4juhla - Kaurialan lukio","og_description":"Kaurialassa juhlitaan satavuosista taivaltamme kahtena p\u00e4iv\u00e4n\u00e4! H\u00e4meenlinnan tytt\u00f6lyseosta tai Kaurialan lukiosta valmistunut alumni \u2013 olet tervetullut luokkakokousiltaan pe 3.5. tai [&hellip;]","og_url":"https:\/\/www.kktavastia.fi\/lukiot-kauriala\/tapahtumat\/kaurialan-100-vuotisjuhlat-luokkakokous-ja-paajuhla\/","og_site_name":"Kaurialan lukio","article_modified_time":"2024-03-22T13:42:29+00:00","twitter_card":"summary_large_image","schema":{"@context":"https:\/\/schema.org","@graph":[{"@type":"WebPage","@id":"https:\/\/www.kktavastia.fi\/lukiot-kauriala\/tapahtumat\/kaurialan-100-vuotisjuhlat-luokkakokous-ja-paajuhla\/","url":"https:\/\/www.kktavastia.fi\/lukiot-kauriala\/tapahtumat\/kaurialan-100-vuotisjuhlat-luokkakokous-ja-paajuhla\/","name":"Kaurialan 100-vuotisjuhlat \u2013 luokkakokous ja p\u00e4\u00e4juhla - Kaurialan lukio","isPartOf":{"@id":"https:\/\/www.kktavastia.fi\/lukiot-kauriala\/#website"},"datePublished":"2024-03-22T13:02:09+00:00","dateModified":"2024-03-22T13:42:29+00:00","breadcrumb":{"@id":"https:\/\/www.kktavastia.fi\/lukiot-kauriala\/tapahtumat\/kaurialan-100-vuotisjuhlat-luokkakokous-ja-paajuhla\/#breadcrumb"},"inLanguage":"fi","potentialAction":[{"@type":"ReadAction","target":["https:\/\/www.kktavastia.fi\/lukiot-kauriala\/tapahtumat\/kaurialan-100-vuotisjuhlat-luokkakokous-ja-paajuhla\/"]}]},{"@type":"BreadcrumbList","@id":"https:\/\/www.kktavastia.fi\/lukiot-kauriala\/tapahtumat\/kaurialan-100-vuotisjuhlat-luokkakokous-ja-paajuhla\/#breadcrumb","itemListElement":[{"@type":"ListItem","position":1,"name":"Home","item":"https:\/\/www.kktavastia.fi\/lukiot-kauriala\/"},{"@type":"ListItem","position":2,"name":"Tapahtumat","item":"https:\/\/www.kktavastia.fi\/lukiot-kauriala\/tapahtumat\/"},{"@type":"ListItem","position":3,"name":"Kaurialan 100-vuotisjuhlat \u2013 luokkakokous ja p\u00e4\u00e4juhla"}]},{"@type":"WebSite","@id":"https:\/\/www.kktavastia.fi\/lukiot-kauriala\/#website","url":"https:\/\/www.kktavastia.fi\/lukiot-kauriala\/","name":"Kaurialan lukio","description":"","potentialAction":[{"@type":"SearchAction","target":{"@type":"EntryPoint","urlTemplate":"https:\/\/www.kktavastia.fi\/lukiot-kauriala\/?s={search_term_string}"},"query-input":{"@type":"PropertyValueSpecification","valueRequired":true,"valueName":"search_term_string"}}],"inLanguage":"fi"}]}},"_links":{"self":[{"href":"https:\/\/www.kktavastia.fi\/lukiot-kauriala\/wp-json\/wp\/v2\/event\/4357","targetHints":{"allow":["GET"]}}],"collection":[{"href":"https:\/\/www.kktavastia.fi\/lukiot-kauriala\/wp-json\/wp\/v2\/event"}],"about":[{"href":"https:\/\/www.kktavastia.fi\/lukiot-kauriala\/wp-json\/wp\/v2\/types\/event"}],"version-history":[{"count":3,"href":"https:\/\/www.kktavastia.fi\/lukiot-kauriala\/wp-json\/wp\/v2\/event\/4357\/revisions"}],"predecessor-version":[{"id":4363,"href":"https:\/\/www.kktavastia.fi\/lukiot-kauriala\/wp-json\/wp\/v2\/event\/4357\/revisions\/4363"}],"wp:attachment":[{"href":"https:\/\/www.kktavastia.fi\/lukiot-kauriala\/wp-json\/wp\/v2\/media?parent=4357"}],"curies":[{"name":"wp","href":"https:\/\/api.w.org\/{rel}","templated":true}]}}

Kaurialan 100-vuotisjuhlat – luokkakokous ja pääjuhla

<p>Kaurialassa juhlitaan satavuosista taivaltamme kahtena päivänä! Hämeenlinnan tyttölyseosta tai Kaurialan lukiosta valmistunut alumni – olet tervetullut luokkakokousiltaan pe 3.5. tai varsinaiseen juhlapäiväämme la 4.5. – voit tulla vaikka molempiin!</p>
<p><a href="https://www.kktavastia.fi/lukiot-kauriala/2024/kaurialan-lukio-juhlii-luokkakokousilta-pe-3-5-ilmoittaudu-mukaan/">Katso lisätiedot luokkakokousillasta pe 3.5. ja ilmoittaudu!</a></p>
<p><a href="https://www.kktavastia.fi/lukiot-kauriala/2024/kaurialan-lukio-juhlii-paajuhla-la-4-5-ilmoittaudu-mukaan/">Katso lisätiedot pääjuhlasta la 4.5. ja ilmoittaudu!</a></p>

<title>Kaurialan 100-vuotisjuhlat – luokkakokous ja pääjuhla - Kaurialan lukio</title>
<meta name="robots" content="index, follow, max-snippet:-1, max-image-preview:large, max-video-preview:-1" />
<link rel="canonical" href="https://www.kktavastia.fi/lukiot-kauriala/tapahtumat/kaurialan-100-vuotisjuhlat-luokkakokous-ja-paajuhla/" />
<meta property="og:locale" content="fi_FI" />
<meta property="og:type" content="article" />
<meta property="og:title" content="Kaurialan 100-vuotisjuhlat – luokkakokous ja pääjuhla - Kaurialan lukio" />
<meta property="og:description" content="Kaurialassa juhlitaan satavuosista taivaltamme kahtena päivänä! Hämeenlinnan tyttölyseosta tai Kaurialan lukiosta valmistunut alumni – olet tervetullut luokkakokousiltaan pe 3.5. tai [&hellip;]" />
<meta property="og:url" content="https://www.kktavastia.fi/lukiot-kauriala/tapahtumat/kaurialan-100-vuotisjuhlat-luokkakokous-ja-paajuhla/" />
<meta property="og:site_name" content="Kaurialan lukio" />
<meta property="article:modified_time" content="2024-03-22T13:42:29+00:00" />
<meta name="twitter:card" content="summary_large_image" />
<script type="application/ld+json" class="yoast-schema-graph">{"@context":"https:\/\/schema.org","@graph":[{"@type":"WebPage","@id":"https:\/\/www.kktavastia.fi\/lukiot-kauriala\/tapahtumat\/kaurialan-100-vuotisjuhlat-luokkakokous-ja-paajuhla\/","url":"https:\/\/www.kktavastia.fi\/lukiot-kauriala\/tapahtumat\/kaurialan-100-vuotisjuhlat-luokkakokous-ja-paajuhla\/","name":"Kaurialan 100-vuotisjuhlat – luokkakokous ja pääjuhla - Kaurialan lukio","isPartOf":{"@id":"https:\/\/www.kktavastia.fi\/lukiot-kauriala\/#website"},"datePublished":"2024-03-22T13:02:09+00:00","dateModified":"2024-03-22T13:42:29+00:00","breadcrumb":{"@id":"https:\/\/www.kktavastia.fi\/lukiot-kauriala\/tapahtumat\/kaurialan-100-vuotisjuhlat-luokkakokous-ja-paajuhla\/#breadcrumb"},"inLanguage":"fi","potentialAction":[{"@type":"ReadAction","target":["https:\/\/www.kktavastia.fi\/lukiot-kauriala\/tapahtumat\/kaurialan-100-vuotisjuhlat-luokkakokous-ja-paajuhla\/"]}]},{"@type":"BreadcrumbList","@id":"https:\/\/www.kktavastia.fi\/lukiot-kauriala\/tapahtumat\/kaurialan-100-vuotisjuhlat-luokkakokous-ja-paajuhla\/#breadcrumb","itemListElement":[{"@type":"ListItem","position":1,"name":"Home","item":"https:\/\/www.kktavastia.fi\/lukiot-kauriala\/"},{"@type":"ListItem","position":2,"name":"Tapahtumat","item":"https:\/\/www.kktavastia.fi\/lukiot-kauriala\/tapahtumat\/"},{"@type":"ListItem","position":3,"name":"Kaurialan 100-vuotisjuhlat – luokkakokous ja pääjuhla"}]},{"@type":"WebSite","@id":"https:\/\/www.kktavastia.fi\/lukiot-kauriala\/#website","url":"https:\/\/www.kktavastia.fi\/lukiot-kauriala\/","name":"Kaurialan lukio","description":"","potentialAction":[{"@type":"SearchAction","target":{"@type":"EntryPoint","urlTemplate":"https:\/\/www.kktavastia.fi\/lukiot-kauriala\/?s={search_term_string}"},"query-input":{"@type":"PropertyValueSpecification","valueRequired":true,"valueName":"search_term_string"}}],"inLanguage":"fi"}]}</script>

Kaurialan 100-vuotisjuhlat – luokkakokous ja pääjuhla - Kaurialan lukio

Kaurialassa juhlitaan satavuosista taivaltamme kahtena päivänä! Hämeenlinnan tyttölyseosta tai Kaurialan lukiosta valmistunut alumni – olet tervetullut luokkakokousiltaan pe 3.5. tai [&hellip;]
