{"id":5,"date":"2021-01-05T14:21:41","date_gmt":"2021-01-05T12:21:41","guid":{"rendered":"https:\/\/kktavastia.vaiheessa.fi\/lukiot-hameenlinnan-lyseo\/?page_id=5"},"modified":"2025-06-17T14:24:11","modified_gmt":"2025-06-17T11:24:11","slug":"historiaa","status":"publish","type":"page","link":"https:\/\/www.kktavastia.fi\/lukiot-hameenlinnan-lyseo\/opiskelijalle\/historiaa\/","title":{"rendered":"Koulun historiaa"},"content":{"rendered":"\n<p class=\"is-style-ingress\">H\u00e4meenlinnan lyseon lukio kuuluu suomalaisen sivistyshistoria kruununjalokiviin. Sen sataviisikymmenvuotinen historia kuvaa selke\u00e4sti sit\u00e4 mutkikasta pitkospolkua, jota pitkin suomenkielisen kulttuurin oli tarvottava, ennen kuin kielemme saavutti lopullisesti sille H\u00e4meenlinnassa kes\u00e4ll\u00e4 1873 s\u00e4\u00e4detyn asemansa.<\/p>\n\n\n\n<p>Ensimm\u00e4isen suomenkielisen normaalilyseon perustaminen muualle kuin maan p\u00e4\u00e4kaupunkiin kuvasti hyvin ruotsinkielisen yl\u00e4luokan omaksumaa asennetta. Silloisen kouluhallituksen ylitireht\u00f6\u00f6ri, paroni Kasimir von Kothen luki suureksi ansioikseen sen, ett\u00e4 suomenkielinen normaalilyseo onnistuttiin karkottamaan H\u00e4meenlinnaan, jossa sill\u00e4 ei katsottu olevan el\u00e4misen mahdollisuuksia.<\/p>\n\n\n\n<p>H\u00e4meenlinnan kannalta kouluratkaisu oli onnellinen p\u00e4\u00e4t\u00f6s. Vaatimattomassa suomenkielisess\u00e4 \u2013 joskin yll\u00e4tt\u00e4v\u00e4n kansainv\u00e4lisess\u00e4 \u2013 pikkukaupungissa kouluty\u00f6 saatettiin k\u00e4ynnist\u00e4\u00e4 kaikessa rauhassa. Suuri rooli suomenkielisen sivistyneist\u00f6n keskeisen\u00e4 opinahjona lankesi sille ik\u00e4\u00e4n kuin huomenlahjana. Se sai rehtoreikseen ja opettajikseen ajan kansallisen hengen el\u00e4hdytt\u00e4mi\u00e4 valistus- ja tiedemiehi\u00e4, jotka sittemmin kyntiv\u00e4t syv\u00e4n vaon suomalaisen kulttuurin sarkaan.<\/p>\n\n\n\n<p>Samalla tavoin, kuten rehtori Johan Gabriel Geitlin vuosikertomuksen esipuheessa kertoi, t\u00e4nne virtasi lahjakkaita oppilaita maan kaikista \u00e4\u00e4rist\u00e4, jopa rajojemme ulkopuolelta.<\/p>\n\n\n\n<p>Vaikka normaalilyseo sittemmin vuonna 1887 siirrettiin Helsinkiin, ei se ratkaisevasti h\u00e4irinnyt lycee-kartanon el\u00e4m\u00e4\u00e4. Oppilaat ja suuri osa oppilaista jatkoivat ty\u00f6t\u00e4\u00e4n reaalilyseossa niin kuin ennenkin.<\/p>\n\n\n\n<p>Koulun perustamisesta alkaen oli itsest\u00e4\u00e4n selv\u00e4\u00e4, ettei se tulisi toimimaan keskell\u00e4 kaupunkia suljettuna luostarina, vaan s\u00e4teilisi henkist\u00e4 voimaansa laajalle ymp\u00e4rist\u00f6\u00f6ns\u00e4. Opettajat osallistuivat aktiivisesti sek\u00e4 kunnallis- ett\u00e4 seurapiiriel\u00e4m\u00e4\u00e4n. Oppilaiden muodostamat kuorot, orkesterit ja urheiluseurat toivat oman panoksensa kaupungin el\u00e4m\u00e4\u00e4n. <\/p>\n\n\n\n<p>Oma t\u00e4rke\u00e4 roolinsa oli toverikunnalla, jotka levittiv\u00e4t kirjallista sivistyst\u00e4 my\u00f6s naapuripit\u00e4jiin. Esiintyminen Jocin tai Vasaman palstoilla, laulaminen kuorossa tai soittaminen kuorossa yht\u00e4 hyvin kuin aktiivinen osallistuminen Calypson tai Ilveksen toimintaan; kaikki n\u00e4m\u00e4 olivat asioita, joiden piirist\u00e4 moni nuori oli l\u00f6yt\u00e4v\u00e4 jopa tulevaisuuden ammattinsa.<\/p>\n\n\n\n<h3 class=\"wp-block-heading\">Juhlavuosi 2023<\/h3>\n\n\n\n<p>Vuosi 2023 on H\u00e4meenlinnan lyseon 150-vuotisjuhlavuosi. Ajatella, ett\u00e4 lyseota on k\u00e4yty jo paljon ennen Suomen itsen\u00e4istymist\u00e4. Sota-aikana kouluty\u00f6 oli keskeytyksiss\u00e4 ja vanha lyseo-rakennus toimi sotilassairaalana. Lyseo toimi poikakouluna aina vuoteen 1974, jolloin peruskoulun my\u00f6t\u00e4 tyt\u00f6tkin p\u00e4\u00e4siv\u00e4t opiskelemaan kouluumme. Koulu el\u00e4\u00e4 ajassa ja t\u00e4n\u00e4\u00e4nkin H\u00e4meenlinnan lyseon lukio on vahvasti ymp\u00e4rilleen avautuva opinahjo t\u00e4ynn\u00e4 lahjakkaita nuoria.<\/p>\n\n\n\n<h3 class=\"wp-block-heading\">Video lyseon lukiosta (alla)<\/h3>\n\n\n\n<h3 class=\"wp-block-heading\"><a href=\"https:\/\/www.youtube.com\/watch?v=u9OhQmMYhyI\">Lyseo vuonna 2023<\/a><\/h3>\n","protected":false},"excerpt":{"rendered":"<p>H\u00e4meenlinnan lyseon lukio kuuluu suomalaisen sivistyshistoria kruununjalokiviin. Sen sataviisikymmenvuotinen historia kuvaa selke\u00e4sti sit\u00e4 mutkikasta pitkospolkua, jota pitkin suomenkielisen kulttuurin oli [&hellip;]<\/p>\n","protected":false},"author":3,"featured_media":0,"parent":77,"menu_order":10,"comment_status":"closed","ping_status":"closed","template":"","meta":{"_acf_changed":false,"_relevanssi_hide_post":"","_relevanssi_hide_content":"","_relevanssi_pin_for_all":"","_relevanssi_pin_keywords":"","_relevanssi_unpin_keywords":"","_relevanssi_related_keywords":"","_relevanssi_related_include_ids":"","_relevanssi_related_exclude_ids":"","_relevanssi_related_no_append":"","_relevanssi_related_not_related":"","_relevanssi_related_posts":"1784,1713,3136,2599,1725,3421","_relevanssi_noindex_reason":"","footnotes":""},"class_list":["post-5","page","type-page","status-publish","hentry"],"acf":[],"yoast_head":"<title>H\u00e4meenlinnan lyseon lukion historiaa<\/title>\n<meta name=\"description\" content=\"H\u00e4meenlinnan lyseon lukion historia ulottuu 1870-luvulle. Vuonan 2023 juhlitaan lyseon 150-vuotisjuhlaa.\" \/>\n<meta name=\"robots\" content=\"index, follow, max-snippet:-1, max-image-preview:large, max-video-preview:-1\" \/>\n<link rel=\"canonical\" href=\"https:\/\/www.kktavastia.fi\/lukiot-hameenlinnan-lyseo\/opiskelijalle\/historiaa\/\" \/>\n<meta property=\"og:locale\" content=\"fi_FI\" \/>\n<meta property=\"og:type\" content=\"article\" \/>\n<meta property=\"og:title\" content=\"H\u00e4meenlinnan lyseon lukion historiaa\" \/>\n<meta property=\"og:description\" content=\"H\u00e4meenlinnan lyseon lukion historia ulottuu 1870-luvulle. Vuonan 2023 juhlitaan lyseon 150-vuotisjuhlaa.\" \/>\n<meta property=\"og:url\" content=\"https:\/\/www.kktavastia.fi\/lukiot-hameenlinnan-lyseo\/opiskelijalle\/historiaa\/\" \/>\n<meta property=\"og:site_name\" content=\"H\u00e4meenlinnan lyseon lukio\" \/>\n<meta property=\"article:modified_time\" content=\"2025-06-17T11:24:11+00:00\" \/>\n<meta name=\"twitter:card\" content=\"summary_large_image\" \/>\n<script type=\"application\/ld+json\" class=\"yoast-schema-graph\">{\"@context\":\"https:\\\/\\\/schema.org\",\"@graph\":[{\"@type\":\"WebPage\",\"@id\":\"https:\\\/\\\/www.kktavastia.fi\\\/lukiot-hameenlinnan-lyseo\\\/opiskelijalle\\\/historiaa\\\/\",\"url\":\"https:\\\/\\\/www.kktavastia.fi\\\/lukiot-hameenlinnan-lyseo\\\/opiskelijalle\\\/historiaa\\\/\",\"name\":\"H\u00e4meenlinnan lyseon lukion historiaa\",\"isPartOf\":{\"@id\":\"https:\\\/\\\/www.kktavastia.fi\\\/lukiot-hameenlinnan-lyseo\\\/#website\"},\"datePublished\":\"2021-01-05T12:21:41+00:00\",\"dateModified\":\"2025-06-17T11:24:11+00:00\",\"description\":\"H\u00e4meenlinnan lyseon lukion historia ulottuu 1870-luvulle. Vuonan 2023 juhlitaan lyseon 150-vuotisjuhlaa.\",\"breadcrumb\":{\"@id\":\"https:\\\/\\\/www.kktavastia.fi\\\/lukiot-hameenlinnan-lyseo\\\/opiskelijalle\\\/historiaa\\\/#breadcrumb\"},\"inLanguage\":\"fi\",\"potentialAction\":[{\"@type\":\"ReadAction\",\"target\":[\"https:\\\/\\\/www.kktavastia.fi\\\/lukiot-hameenlinnan-lyseo\\\/opiskelijalle\\\/historiaa\\\/\"]}]},{\"@type\":\"BreadcrumbList\",\"@id\":\"https:\\\/\\\/www.kktavastia.fi\\\/lukiot-hameenlinnan-lyseo\\\/opiskelijalle\\\/historiaa\\\/#breadcrumb\",\"itemListElement\":[{\"@type\":\"ListItem\",\"position\":1,\"name\":\"Home\",\"item\":\"https:\\\/\\\/www.kktavastia.fi\\\/lukiot-hameenlinnan-lyseo\\\/\"},{\"@type\":\"ListItem\",\"position\":2,\"name\":\"Opiskelijalle\",\"item\":\"https:\\\/\\\/www.kktavastia.fi\\\/lukiot-hameenlinnan-lyseo\\\/opiskelijalle\\\/\"},{\"@type\":\"ListItem\",\"position\":3,\"name\":\"Koulun historiaa\"}]},{\"@type\":\"WebSite\",\"@id\":\"https:\\\/\\\/www.kktavastia.fi\\\/lukiot-hameenlinnan-lyseo\\\/#website\",\"url\":\"https:\\\/\\\/www.kktavastia.fi\\\/lukiot-hameenlinnan-lyseo\\\/\",\"name\":\"H\u00e4meenlinnan lyseon lukio\",\"description\":\"\",\"potentialAction\":[{\"@type\":\"SearchAction\",\"target\":{\"@type\":\"EntryPoint\",\"urlTemplate\":\"https:\\\/\\\/www.kktavastia.fi\\\/lukiot-hameenlinnan-lyseo\\\/?s={search_term_string}\"},\"query-input\":{\"@type\":\"PropertyValueSpecification\",\"valueRequired\":true,\"valueName\":\"search_term_string\"}}],\"inLanguage\":\"fi\"}]}<\/script>","yoast_head_json":{"title":"H\u00e4meenlinnan lyseon lukion historiaa","description":"H\u00e4meenlinnan lyseon lukion historia ulottuu 1870-luvulle. Vuonan 2023 juhlitaan lyseon 150-vuotisjuhlaa.","robots":{"index":"index","follow":"follow","max-snippet":"max-snippet:-1","max-image-preview":"max-image-preview:large","max-video-preview":"max-video-preview:-1"},"canonical":"https:\/\/www.kktavastia.fi\/lukiot-hameenlinnan-lyseo\/opiskelijalle\/historiaa\/","og_locale":"fi_FI","og_type":"article","og_title":"H\u00e4meenlinnan lyseon lukion historiaa","og_description":"H\u00e4meenlinnan lyseon lukion historia ulottuu 1870-luvulle. Vuonan 2023 juhlitaan lyseon 150-vuotisjuhlaa.","og_url":"https:\/\/www.kktavastia.fi\/lukiot-hameenlinnan-lyseo\/opiskelijalle\/historiaa\/","og_site_name":"H\u00e4meenlinnan lyseon lukio","article_modified_time":"2025-06-17T11:24:11+00:00","twitter_card":"summary_large_image","schema":{"@context":"https:\/\/schema.org","@graph":[{"@type":"WebPage","@id":"https:\/\/www.kktavastia.fi\/lukiot-hameenlinnan-lyseo\/opiskelijalle\/historiaa\/","url":"https:\/\/www.kktavastia.fi\/lukiot-hameenlinnan-lyseo\/opiskelijalle\/historiaa\/","name":"H\u00e4meenlinnan lyseon lukion historiaa","isPartOf":{"@id":"https:\/\/www.kktavastia.fi\/lukiot-hameenlinnan-lyseo\/#website"},"datePublished":"2021-01-05T12:21:41+00:00","dateModified":"2025-06-17T11:24:11+00:00","description":"H\u00e4meenlinnan lyseon lukion historia ulottuu 1870-luvulle. Vuonan 2023 juhlitaan lyseon 150-vuotisjuhlaa.","breadcrumb":{"@id":"https:\/\/www.kktavastia.fi\/lukiot-hameenlinnan-lyseo\/opiskelijalle\/historiaa\/#breadcrumb"},"inLanguage":"fi","potentialAction":[{"@type":"ReadAction","target":["https:\/\/www.kktavastia.fi\/lukiot-hameenlinnan-lyseo\/opiskelijalle\/historiaa\/"]}]},{"@type":"BreadcrumbList","@id":"https:\/\/www.kktavastia.fi\/lukiot-hameenlinnan-lyseo\/opiskelijalle\/historiaa\/#breadcrumb","itemListElement":[{"@type":"ListItem","position":1,"name":"Home","item":"https:\/\/www.kktavastia.fi\/lukiot-hameenlinnan-lyseo\/"},{"@type":"ListItem","position":2,"name":"Opiskelijalle","item":"https:\/\/www.kktavastia.fi\/lukiot-hameenlinnan-lyseo\/opiskelijalle\/"},{"@type":"ListItem","position":3,"name":"Koulun historiaa"}]},{"@type":"WebSite","@id":"https:\/\/www.kktavastia.fi\/lukiot-hameenlinnan-lyseo\/#website","url":"https:\/\/www.kktavastia.fi\/lukiot-hameenlinnan-lyseo\/","name":"H\u00e4meenlinnan lyseon lukio","description":"","potentialAction":[{"@type":"SearchAction","target":{"@type":"EntryPoint","urlTemplate":"https:\/\/www.kktavastia.fi\/lukiot-hameenlinnan-lyseo\/?s={search_term_string}"},"query-input":{"@type":"PropertyValueSpecification","valueRequired":true,"valueName":"search_term_string"}}],"inLanguage":"fi"}]}},"_links":{"self":[{"href":"https:\/\/www.kktavastia.fi\/lukiot-hameenlinnan-lyseo\/wp-json\/wp\/v2\/pages\/5","targetHints":{"allow":["GET"]}}],"collection":[{"href":"https:\/\/www.kktavastia.fi\/lukiot-hameenlinnan-lyseo\/wp-json\/wp\/v2\/pages"}],"about":[{"href":"https:\/\/www.kktavastia.fi\/lukiot-hameenlinnan-lyseo\/wp-json\/wp\/v2\/types\/page"}],"author":[{"embeddable":true,"href":"https:\/\/www.kktavastia.fi\/lukiot-hameenlinnan-lyseo\/wp-json\/wp\/v2\/users\/3"}],"replies":[{"embeddable":true,"href":"https:\/\/www.kktavastia.fi\/lukiot-hameenlinnan-lyseo\/wp-json\/wp\/v2\/comments?post=5"}],"version-history":[{"count":25,"href":"https:\/\/www.kktavastia.fi\/lukiot-hameenlinnan-lyseo\/wp-json\/wp\/v2\/pages\/5\/revisions"}],"predecessor-version":[{"id":5899,"href":"https:\/\/www.kktavastia.fi\/lukiot-hameenlinnan-lyseo\/wp-json\/wp\/v2\/pages\/5\/revisions\/5899"}],"up":[{"embeddable":true,"href":"https:\/\/www.kktavastia.fi\/lukiot-hameenlinnan-lyseo\/wp-json\/wp\/v2\/pages\/77"}],"wp:attachment":[{"href":"https:\/\/www.kktavastia.fi\/lukiot-hameenlinnan-lyseo\/wp-json\/wp\/v2\/media?parent=5"}],"curies":[{"name":"wp","href":"https:\/\/api.w.org\/{rel}","templated":true}]}}