{"id":49,"date":"2021-01-05T15:06:57","date_gmt":"2021-01-05T13:06:57","guid":{"rendered":"https:\/\/kktavastia.vaiheessa.fi\/lukiot-hameenlinnan-lyseo\/?page_id=49"},"modified":"2025-10-01T10:12:12","modified_gmt":"2025-10-01T07:12:12","slug":"erityislinjat","status":"publish","type":"page","link":"https:\/\/www.kktavastia.fi\/lukiot-hameenlinnan-lyseo\/erityislinjat\/","title":{"rendered":"Erityislinjat"},"content":{"rendered":"\n<p class=\"is-style-ingress\">Sek\u00e4 luovan yritt\u00e4jyyden linjalle ett\u00e4 urheilulinjalle haetaan valtakunnallisessa yhteishaussa. Tutustu t\u00e4\u00e4ll\u00e4 tarkemmin linjojen sis\u00e4lt\u00f6ihin ja painotuksiin.<\/p>\n","protected":false},"excerpt":{"rendered":"<p>Sek\u00e4 luovan yritt\u00e4jyyden linjalle ett\u00e4 urheilulinjalle haetaan valtakunnallisessa yhteishaussa. Tutustu t\u00e4\u00e4ll\u00e4 tarkemmin linjojen sis\u00e4lt\u00f6ihin ja painotuksiin.<\/p>\n","protected":false},"author":3,"featured_media":0,"parent":0,"menu_order":3,"comment_status":"closed","ping_status":"closed","template":"template-modular.php","meta":{"_acf_changed":false,"_relevanssi_hide_post":"","_relevanssi_hide_content":"","_relevanssi_pin_for_all":"","_relevanssi_pin_keywords":"","_relevanssi_unpin_keywords":"","_relevanssi_related_keywords":"","_relevanssi_related_include_ids":"","_relevanssi_related_exclude_ids":"","_relevanssi_related_no_append":"","_relevanssi_related_not_related":"","_relevanssi_related_posts":"","_relevanssi_noindex_reason":"","footnotes":""},"class_list":["post-49","page","type-page","status-publish","hentry"],"acf":[],"yoast_head":"<title>Erityislinjat lyseon lukiossa: urheilulinja ja luovan yritt\u00e4jyyden linja<\/title>\n<meta name=\"description\" content=\"H\u00e4meenlinnan lyseon lukion erityislinjat ovat urheilulinja ja luovan yritt\u00e4jyyden linja. Erityislinjoihin haetaan yhteishaussa.\" \/>\n<meta name=\"robots\" content=\"index, follow, max-snippet:-1, max-image-preview:large, max-video-preview:-1\" \/>\n<link rel=\"canonical\" href=\"https:\/\/www.kktavastia.fi\/lukiot-hameenlinnan-lyseo\/erityislinjat\/\" \/>\n<meta property=\"og:locale\" content=\"fi_FI\" \/>\n<meta property=\"og:type\" content=\"article\" \/>\n<meta property=\"og:title\" content=\"Erityislinjat lyseon lukiossa: urheilulinja ja luovan yritt\u00e4jyyden linja\" \/>\n<meta property=\"og:description\" content=\"H\u00e4meenlinnan lyseon lukion erityislinjat ovat urheilulinja ja luovan yritt\u00e4jyyden linja. Erityislinjoihin haetaan yhteishaussa.\" \/>\n<meta property=\"og:url\" content=\"https:\/\/www.kktavastia.fi\/lukiot-hameenlinnan-lyseo\/erityislinjat\/\" \/>\n<meta property=\"og:site_name\" content=\"H\u00e4meenlinnan lyseon lukio\" \/>\n<meta property=\"article:modified_time\" content=\"2025-10-01T07:12:12+00:00\" \/>\n<meta name=\"twitter:card\" content=\"summary_large_image\" \/>\n<script type=\"application\/ld+json\" class=\"yoast-schema-graph\">{\"@context\":\"https:\\\/\\\/schema.org\",\"@graph\":[{\"@type\":\"WebPage\",\"@id\":\"https:\\\/\\\/www.kktavastia.fi\\\/lukiot-hameenlinnan-lyseo\\\/erityislinjat\\\/\",\"url\":\"https:\\\/\\\/www.kktavastia.fi\\\/lukiot-hameenlinnan-lyseo\\\/erityislinjat\\\/\",\"name\":\"Erityislinjat lyseon lukiossa: urheilulinja ja luovan yritt\u00e4jyyden linja\",\"isPartOf\":{\"@id\":\"https:\\\/\\\/www.kktavastia.fi\\\/lukiot-hameenlinnan-lyseo\\\/#website\"},\"datePublished\":\"2021-01-05T13:06:57+00:00\",\"dateModified\":\"2025-10-01T07:12:12+00:00\",\"description\":\"H\u00e4meenlinnan lyseon lukion erityislinjat ovat urheilulinja ja luovan yritt\u00e4jyyden linja. Erityislinjoihin haetaan yhteishaussa.\",\"breadcrumb\":{\"@id\":\"https:\\\/\\\/www.kktavastia.fi\\\/lukiot-hameenlinnan-lyseo\\\/erityislinjat\\\/#breadcrumb\"},\"inLanguage\":\"fi\",\"potentialAction\":[{\"@type\":\"ReadAction\",\"target\":[\"https:\\\/\\\/www.kktavastia.fi\\\/lukiot-hameenlinnan-lyseo\\\/erityislinjat\\\/\"]}]},{\"@type\":\"BreadcrumbList\",\"@id\":\"https:\\\/\\\/www.kktavastia.fi\\\/lukiot-hameenlinnan-lyseo\\\/erityislinjat\\\/#breadcrumb\",\"itemListElement\":[{\"@type\":\"ListItem\",\"position\":1,\"name\":\"Home\",\"item\":\"https:\\\/\\\/www.kktavastia.fi\\\/lukiot-hameenlinnan-lyseo\\\/\"},{\"@type\":\"ListItem\",\"position\":2,\"name\":\"Erityislinjat\"}]},{\"@type\":\"WebSite\",\"@id\":\"https:\\\/\\\/www.kktavastia.fi\\\/lukiot-hameenlinnan-lyseo\\\/#website\",\"url\":\"https:\\\/\\\/www.kktavastia.fi\\\/lukiot-hameenlinnan-lyseo\\\/\",\"name\":\"H\u00e4meenlinnan lyseon lukio\",\"description\":\"\",\"potentialAction\":[{\"@type\":\"SearchAction\",\"target\":{\"@type\":\"EntryPoint\",\"urlTemplate\":\"https:\\\/\\\/www.kktavastia.fi\\\/lukiot-hameenlinnan-lyseo\\\/?s={search_term_string}\"},\"query-input\":{\"@type\":\"PropertyValueSpecification\",\"valueRequired\":true,\"valueName\":\"search_term_string\"}}],\"inLanguage\":\"fi\"}]}<\/script>","yoast_head_json":{"title":"Erityislinjat lyseon lukiossa: urheilulinja ja luovan yritt\u00e4jyyden linja","description":"H\u00e4meenlinnan lyseon lukion erityislinjat ovat urheilulinja ja luovan yritt\u00e4jyyden linja. Erityislinjoihin haetaan yhteishaussa.","robots":{"index":"index","follow":"follow","max-snippet":"max-snippet:-1","max-image-preview":"max-image-preview:large","max-video-preview":"max-video-preview:-1"},"canonical":"https:\/\/www.kktavastia.fi\/lukiot-hameenlinnan-lyseo\/erityislinjat\/","og_locale":"fi_FI","og_type":"article","og_title":"Erityislinjat lyseon lukiossa: urheilulinja ja luovan yritt\u00e4jyyden linja","og_description":"H\u00e4meenlinnan lyseon lukion erityislinjat ovat urheilulinja ja luovan yritt\u00e4jyyden linja. Erityislinjoihin haetaan yhteishaussa.","og_url":"https:\/\/www.kktavastia.fi\/lukiot-hameenlinnan-lyseo\/erityislinjat\/","og_site_name":"H\u00e4meenlinnan lyseon lukio","article_modified_time":"2025-10-01T07:12:12+00:00","twitter_card":"summary_large_image","schema":{"@context":"https:\/\/schema.org","@graph":[{"@type":"WebPage","@id":"https:\/\/www.kktavastia.fi\/lukiot-hameenlinnan-lyseo\/erityislinjat\/","url":"https:\/\/www.kktavastia.fi\/lukiot-hameenlinnan-lyseo\/erityislinjat\/","name":"Erityislinjat lyseon lukiossa: urheilulinja ja luovan yritt\u00e4jyyden linja","isPartOf":{"@id":"https:\/\/www.kktavastia.fi\/lukiot-hameenlinnan-lyseo\/#website"},"datePublished":"2021-01-05T13:06:57+00:00","dateModified":"2025-10-01T07:12:12+00:00","description":"H\u00e4meenlinnan lyseon lukion erityislinjat ovat urheilulinja ja luovan yritt\u00e4jyyden linja. Erityislinjoihin haetaan yhteishaussa.","breadcrumb":{"@id":"https:\/\/www.kktavastia.fi\/lukiot-hameenlinnan-lyseo\/erityislinjat\/#breadcrumb"},"inLanguage":"fi","potentialAction":[{"@type":"ReadAction","target":["https:\/\/www.kktavastia.fi\/lukiot-hameenlinnan-lyseo\/erityislinjat\/"]}]},{"@type":"BreadcrumbList","@id":"https:\/\/www.kktavastia.fi\/lukiot-hameenlinnan-lyseo\/erityislinjat\/#breadcrumb","itemListElement":[{"@type":"ListItem","position":1,"name":"Home","item":"https:\/\/www.kktavastia.fi\/lukiot-hameenlinnan-lyseo\/"},{"@type":"ListItem","position":2,"name":"Erityislinjat"}]},{"@type":"WebSite","@id":"https:\/\/www.kktavastia.fi\/lukiot-hameenlinnan-lyseo\/#website","url":"https:\/\/www.kktavastia.fi\/lukiot-hameenlinnan-lyseo\/","name":"H\u00e4meenlinnan lyseon lukio","description":"","potentialAction":[{"@type":"SearchAction","target":{"@type":"EntryPoint","urlTemplate":"https:\/\/www.kktavastia.fi\/lukiot-hameenlinnan-lyseo\/?s={search_term_string}"},"query-input":{"@type":"PropertyValueSpecification","valueRequired":true,"valueName":"search_term_string"}}],"inLanguage":"fi"}]}},"_links":{"self":[{"href":"https:\/\/www.kktavastia.fi\/lukiot-hameenlinnan-lyseo\/wp-json\/wp\/v2\/pages\/49","targetHints":{"allow":["GET"]}}],"collection":[{"href":"https:\/\/www.kktavastia.fi\/lukiot-hameenlinnan-lyseo\/wp-json\/wp\/v2\/pages"}],"about":[{"href":"https:\/\/www.kktavastia.fi\/lukiot-hameenlinnan-lyseo\/wp-json\/wp\/v2\/types\/page"}],"author":[{"embeddable":true,"href":"https:\/\/www.kktavastia.fi\/lukiot-hameenlinnan-lyseo\/wp-json\/wp\/v2\/users\/3"}],"replies":[{"embeddable":true,"href":"https:\/\/www.kktavastia.fi\/lukiot-hameenlinnan-lyseo\/wp-json\/wp\/v2\/comments?post=49"}],"version-history":[{"count":12,"href":"https:\/\/www.kktavastia.fi\/lukiot-hameenlinnan-lyseo\/wp-json\/wp\/v2\/pages\/49\/revisions"}],"predecessor-version":[{"id":5978,"href":"https:\/\/www.kktavastia.fi\/lukiot-hameenlinnan-lyseo\/wp-json\/wp\/v2\/pages\/49\/revisions\/5978"}],"wp:attachment":[{"href":"https:\/\/www.kktavastia.fi\/lukiot-hameenlinnan-lyseo\/wp-json\/wp\/v2\/media?parent=49"}],"curies":[{"name":"wp","href":"https:\/\/api.w.org\/{rel}","templated":true}]}}