{"id":251,"date":"2021-01-13T13:24:08","date_gmt":"2021-01-13T11:24:08","guid":{"rendered":"https:\/\/kktavastia.vaiheessa.fi\/lukiot-hameenlinnan-lyseo\/?page_id=251"},"modified":"2025-06-17T14:23:38","modified_gmt":"2025-06-17T11:23:38","slug":"calypso","status":"publish","type":"page","link":"https:\/\/www.kktavastia.fi\/lukiot-hameenlinnan-lyseo\/opiskelijalle\/calypso\/","title":{"rendered":"Calypso"},"content":{"rendered":"\n<p class=\"is-style-ingress\">Calypso on H\u00e4meenlinnan lyseon lukion oma, pitk\u00e4t perinteet omaava luonnontiedekerho.<\/p>\n\n\n\n<p>Kerho perustettiin jo vuonna 1903. Calypso j\u00e4rjest\u00e4\u00e4 vuosittain useita retki\u00e4 l\u00e4hiseudun luontoon ja H\u00e4meen kansallispuistoihin. Lis\u00e4ksi kerhon ohjelmaan kuuluvat viikkokokoukset, koko koulun Korkeasaari-retken j\u00e4rjest\u00e4minen Kissojen y\u00f6 -tapahtumaan, pikkujoulujen vietto vuokram\u00f6kill\u00e4 sek\u00e4 kev\u00e4tretki telttaillen. <\/p>\n\n\n\n<p>Calypson toiminta on aina j\u00e4sentens\u00e4 n\u00e4k\u00f6ist\u00e4. Kerhon harrastusiltap\u00e4iviss\u00e4 onkin k\u00e4yty niin sieni- ja linturetkill\u00e4 kuin melomassa ja ratsastamassakin. Kaiken kaikkiaan toiminta on leppoisaa yhdess\u00e4oloa samanhenkisten, luonnosta ja ymp\u00e4rist\u00f6asioista kiinnostuneiden kavereiden kanssa. <\/p>\n\n\n\n<p>Lis\u00e4tietoja toiminnasta saat koulun biologian ja maantieteen opettajilta S\u00e4teelt\u00e4 ja Helilt\u00e4.<\/p>\n\n\n\n<p>Tervetuloa calypsolaisten iloiseen joukkoon!<\/p>\n","protected":false},"excerpt":{"rendered":"<p>Calypso on H\u00e4meenlinnan lyseon lukion oma, pitk\u00e4t perinteet omaava luonnontiedekerho. Kerho perustettiin jo vuonna 1903. Calypso j\u00e4rjest\u00e4\u00e4 vuosittain useita retki\u00e4 [&hellip;]<\/p>\n","protected":false},"author":6,"featured_media":0,"parent":77,"menu_order":9,"comment_status":"closed","ping_status":"closed","template":"","meta":{"_acf_changed":false,"_relevanssi_hide_post":"","_relevanssi_hide_content":"","_relevanssi_pin_for_all":"","_relevanssi_pin_keywords":"","_relevanssi_unpin_keywords":"","_relevanssi_related_keywords":"","_relevanssi_related_include_ids":"","_relevanssi_related_exclude_ids":"","_relevanssi_related_no_append":"","_relevanssi_related_not_related":"","_relevanssi_related_posts":"33","_relevanssi_noindex_reason":"","footnotes":""},"class_list":["post-251","page","type-page","status-publish","hentry"],"acf":[],"yoast_head":"<title>Luonnontiedekerho Calypso | H\u00e4meenlinnan lyseon lukio<\/title>\n<meta name=\"description\" content=\"Luonnontiedekerho Calypso on H\u00e4meenlinnan lyseon lukion oma perinteik\u00e4s luontokerho. Calypso j\u00e4rjest\u00e4\u00e4 retki\u00e4 ja tapahtumia, tule mukaan!\" \/>\n<meta name=\"robots\" content=\"index, follow, max-snippet:-1, max-image-preview:large, max-video-preview:-1\" \/>\n<link rel=\"canonical\" href=\"https:\/\/www.kktavastia.fi\/lukiot-hameenlinnan-lyseo\/opiskelijalle\/calypso\/\" \/>\n<meta property=\"og:locale\" content=\"fi_FI\" \/>\n<meta property=\"og:type\" content=\"article\" \/>\n<meta property=\"og:title\" content=\"Luonnontiedekerho Calypso | H\u00e4meenlinnan lyseon lukio\" \/>\n<meta property=\"og:description\" content=\"Luonnontiedekerho Calypso on H\u00e4meenlinnan lyseon lukion oma perinteik\u00e4s luontokerho. Calypso j\u00e4rjest\u00e4\u00e4 retki\u00e4 ja tapahtumia, tule mukaan!\" \/>\n<meta property=\"og:url\" content=\"https:\/\/www.kktavastia.fi\/lukiot-hameenlinnan-lyseo\/opiskelijalle\/calypso\/\" \/>\n<meta property=\"og:site_name\" content=\"H\u00e4meenlinnan lyseon lukio\" \/>\n<meta property=\"article:modified_time\" content=\"2025-06-17T11:23:38+00:00\" \/>\n<meta name=\"twitter:card\" content=\"summary_large_image\" \/>\n<script type=\"application\/ld+json\" class=\"yoast-schema-graph\">{\"@context\":\"https:\\\/\\\/schema.org\",\"@graph\":[{\"@type\":\"WebPage\",\"@id\":\"https:\\\/\\\/www.kktavastia.fi\\\/lukiot-hameenlinnan-lyseo\\\/opiskelijalle\\\/calypso\\\/\",\"url\":\"https:\\\/\\\/www.kktavastia.fi\\\/lukiot-hameenlinnan-lyseo\\\/opiskelijalle\\\/calypso\\\/\",\"name\":\"Luonnontiedekerho Calypso | H\u00e4meenlinnan lyseon lukio\",\"isPartOf\":{\"@id\":\"https:\\\/\\\/www.kktavastia.fi\\\/lukiot-hameenlinnan-lyseo\\\/#website\"},\"datePublished\":\"2021-01-13T11:24:08+00:00\",\"dateModified\":\"2025-06-17T11:23:38+00:00\",\"description\":\"Luonnontiedekerho Calypso on H\u00e4meenlinnan lyseon lukion oma perinteik\u00e4s luontokerho. Calypso j\u00e4rjest\u00e4\u00e4 retki\u00e4 ja tapahtumia, tule mukaan!\",\"breadcrumb\":{\"@id\":\"https:\\\/\\\/www.kktavastia.fi\\\/lukiot-hameenlinnan-lyseo\\\/opiskelijalle\\\/calypso\\\/#breadcrumb\"},\"inLanguage\":\"fi\",\"potentialAction\":[{\"@type\":\"ReadAction\",\"target\":[\"https:\\\/\\\/www.kktavastia.fi\\\/lukiot-hameenlinnan-lyseo\\\/opiskelijalle\\\/calypso\\\/\"]}]},{\"@type\":\"BreadcrumbList\",\"@id\":\"https:\\\/\\\/www.kktavastia.fi\\\/lukiot-hameenlinnan-lyseo\\\/opiskelijalle\\\/calypso\\\/#breadcrumb\",\"itemListElement\":[{\"@type\":\"ListItem\",\"position\":1,\"name\":\"Home\",\"item\":\"https:\\\/\\\/www.kktavastia.fi\\\/lukiot-hameenlinnan-lyseo\\\/\"},{\"@type\":\"ListItem\",\"position\":2,\"name\":\"Opiskelijalle\",\"item\":\"https:\\\/\\\/www.kktavastia.fi\\\/lukiot-hameenlinnan-lyseo\\\/opiskelijalle\\\/\"},{\"@type\":\"ListItem\",\"position\":3,\"name\":\"Calypso\"}]},{\"@type\":\"WebSite\",\"@id\":\"https:\\\/\\\/www.kktavastia.fi\\\/lukiot-hameenlinnan-lyseo\\\/#website\",\"url\":\"https:\\\/\\\/www.kktavastia.fi\\\/lukiot-hameenlinnan-lyseo\\\/\",\"name\":\"H\u00e4meenlinnan lyseon lukio\",\"description\":\"\",\"potentialAction\":[{\"@type\":\"SearchAction\",\"target\":{\"@type\":\"EntryPoint\",\"urlTemplate\":\"https:\\\/\\\/www.kktavastia.fi\\\/lukiot-hameenlinnan-lyseo\\\/?s={search_term_string}\"},\"query-input\":{\"@type\":\"PropertyValueSpecification\",\"valueRequired\":true,\"valueName\":\"search_term_string\"}}],\"inLanguage\":\"fi\"}]}<\/script>","yoast_head_json":{"title":"Luonnontiedekerho Calypso | H\u00e4meenlinnan lyseon lukio","description":"Luonnontiedekerho Calypso on H\u00e4meenlinnan lyseon lukion oma perinteik\u00e4s luontokerho. Calypso j\u00e4rjest\u00e4\u00e4 retki\u00e4 ja tapahtumia, tule mukaan!","robots":{"index":"index","follow":"follow","max-snippet":"max-snippet:-1","max-image-preview":"max-image-preview:large","max-video-preview":"max-video-preview:-1"},"canonical":"https:\/\/www.kktavastia.fi\/lukiot-hameenlinnan-lyseo\/opiskelijalle\/calypso\/","og_locale":"fi_FI","og_type":"article","og_title":"Luonnontiedekerho Calypso | H\u00e4meenlinnan lyseon lukio","og_description":"Luonnontiedekerho Calypso on H\u00e4meenlinnan lyseon lukion oma perinteik\u00e4s luontokerho. Calypso j\u00e4rjest\u00e4\u00e4 retki\u00e4 ja tapahtumia, tule mukaan!","og_url":"https:\/\/www.kktavastia.fi\/lukiot-hameenlinnan-lyseo\/opiskelijalle\/calypso\/","og_site_name":"H\u00e4meenlinnan lyseon lukio","article_modified_time":"2025-06-17T11:23:38+00:00","twitter_card":"summary_large_image","schema":{"@context":"https:\/\/schema.org","@graph":[{"@type":"WebPage","@id":"https:\/\/www.kktavastia.fi\/lukiot-hameenlinnan-lyseo\/opiskelijalle\/calypso\/","url":"https:\/\/www.kktavastia.fi\/lukiot-hameenlinnan-lyseo\/opiskelijalle\/calypso\/","name":"Luonnontiedekerho Calypso | H\u00e4meenlinnan lyseon lukio","isPartOf":{"@id":"https:\/\/www.kktavastia.fi\/lukiot-hameenlinnan-lyseo\/#website"},"datePublished":"2021-01-13T11:24:08+00:00","dateModified":"2025-06-17T11:23:38+00:00","description":"Luonnontiedekerho Calypso on H\u00e4meenlinnan lyseon lukion oma perinteik\u00e4s luontokerho. Calypso j\u00e4rjest\u00e4\u00e4 retki\u00e4 ja tapahtumia, tule mukaan!","breadcrumb":{"@id":"https:\/\/www.kktavastia.fi\/lukiot-hameenlinnan-lyseo\/opiskelijalle\/calypso\/#breadcrumb"},"inLanguage":"fi","potentialAction":[{"@type":"ReadAction","target":["https:\/\/www.kktavastia.fi\/lukiot-hameenlinnan-lyseo\/opiskelijalle\/calypso\/"]}]},{"@type":"BreadcrumbList","@id":"https:\/\/www.kktavastia.fi\/lukiot-hameenlinnan-lyseo\/opiskelijalle\/calypso\/#breadcrumb","itemListElement":[{"@type":"ListItem","position":1,"name":"Home","item":"https:\/\/www.kktavastia.fi\/lukiot-hameenlinnan-lyseo\/"},{"@type":"ListItem","position":2,"name":"Opiskelijalle","item":"https:\/\/www.kktavastia.fi\/lukiot-hameenlinnan-lyseo\/opiskelijalle\/"},{"@type":"ListItem","position":3,"name":"Calypso"}]},{"@type":"WebSite","@id":"https:\/\/www.kktavastia.fi\/lukiot-hameenlinnan-lyseo\/#website","url":"https:\/\/www.kktavastia.fi\/lukiot-hameenlinnan-lyseo\/","name":"H\u00e4meenlinnan lyseon lukio","description":"","potentialAction":[{"@type":"SearchAction","target":{"@type":"EntryPoint","urlTemplate":"https:\/\/www.kktavastia.fi\/lukiot-hameenlinnan-lyseo\/?s={search_term_string}"},"query-input":{"@type":"PropertyValueSpecification","valueRequired":true,"valueName":"search_term_string"}}],"inLanguage":"fi"}]}},"_links":{"self":[{"href":"https:\/\/www.kktavastia.fi\/lukiot-hameenlinnan-lyseo\/wp-json\/wp\/v2\/pages\/251","targetHints":{"allow":["GET"]}}],"collection":[{"href":"https:\/\/www.kktavastia.fi\/lukiot-hameenlinnan-lyseo\/wp-json\/wp\/v2\/pages"}],"about":[{"href":"https:\/\/www.kktavastia.fi\/lukiot-hameenlinnan-lyseo\/wp-json\/wp\/v2\/types\/page"}],"author":[{"embeddable":true,"href":"https:\/\/www.kktavastia.fi\/lukiot-hameenlinnan-lyseo\/wp-json\/wp\/v2\/users\/6"}],"replies":[{"embeddable":true,"href":"https:\/\/www.kktavastia.fi\/lukiot-hameenlinnan-lyseo\/wp-json\/wp\/v2\/comments?post=251"}],"version-history":[{"count":11,"href":"https:\/\/www.kktavastia.fi\/lukiot-hameenlinnan-lyseo\/wp-json\/wp\/v2\/pages\/251\/revisions"}],"predecessor-version":[{"id":5898,"href":"https:\/\/www.kktavastia.fi\/lukiot-hameenlinnan-lyseo\/wp-json\/wp\/v2\/pages\/251\/revisions\/5898"}],"up":[{"embeddable":true,"href":"https:\/\/www.kktavastia.fi\/lukiot-hameenlinnan-lyseo\/wp-json\/wp\/v2\/pages\/77"}],"wp:attachment":[{"href":"https:\/\/www.kktavastia.fi\/lukiot-hameenlinnan-lyseo\/wp-json\/wp\/v2\/media?parent=251"}],"curies":[{"name":"wp","href":"https:\/\/api.w.org\/{rel}","templated":true}]}}