{"id":223,"date":"2021-01-13T12:30:31","date_gmt":"2021-01-13T10:30:31","guid":{"rendered":"https:\/\/kktavastia.vaiheessa.fi\/lukiot-hameenlinnan-lyseo\/?page_id=223"},"modified":"2026-03-25T13:47:39","modified_gmt":"2026-03-25T11:47:39","slug":"entisten-oppilaiden-yhdistys","status":"publish","type":"page","link":"https:\/\/www.kktavastia.fi\/lukiot-hameenlinnan-lyseo\/opiskelijalle\/historiaa\/entisten-oppilaiden-yhdistys\/","title":{"rendered":"Entisten oppilaiden yhdistys"},"content":{"rendered":"\n<p class=\"is-style-ingress\">Entisten oppilaiden yhdistys vaalii perinteit\u00e4 ja luo siteit\u00e4 entisten ja nykyisten lyseolaisten v\u00e4lille.<\/p>\n\n\n\n<h3 class=\"wp-block-heading\">Aktiivinen Entisten oppilaiden yhdistys<\/h3>\n\n\n\n<p>Kouluty\u00f6mme taustavoimana toimii H\u00e4meenlinnan Lyseon Entisten Oppilaiden yhdistys ry, joka s\u00e4\u00e4nt\u00f6jens\u00e4 mukaan toimii H\u00e4meenlinnan normaalilyseon, H\u00e4meenlinnan klassillisen lyseon, H\u00e4meenlinnan Lyseon ja H\u00e4meenlinnan Lyseon lukion entisten oppilaiden sek\u00e4 entisten ja nykyisten opettajien yhdyssiteen\u00e4. Yhdistyksen teht\u00e4v\u00e4n\u00e4 on my\u00f6s yll\u00e4pit\u00e4\u00e4 harrastusta ja kiintymyst\u00e4 entist\u00e4 koulua kohtaan ja vaalia perinteit\u00e4.<\/p>\n\n\n\n<p>Entisten oppilaiden yhdistys vaikuttaa asioihin, jotka liittyv\u00e4t tai vaikuttavat l\u00e4heisesti koulun toimintaan. Yhdistys my\u00f6t\u00e4vaikuttaa monien koulun juhlien ja retkien j\u00e4rjestelyihin, ja muun muassa Lycee-p\u00e4iv\u00e4n j\u00e4rjestelyiss\u00e4 yhdistyksell\u00e4 on avainrooli. Yhdistys jakaa vuosittain huomattavan m\u00e4\u00e4r\u00e4n stipendej\u00e4 ylioppilaille, jotka ovat ansioituneet eri aloilla (musiikki, matematiikka, kuvaamataito, liikunta, biologia, kemia, tietotekniikka, jne). Entisten oppilaiden yhdistys on osa t\u00e4m\u00e4n p\u00e4iv\u00e4n lyseota. Yhdistyksen olemassaolo ja toiminta tuo syv\u00e4llisyytt\u00e4 ja luo luonnollisen jatkumon kouluopinnoille.<\/p>\n\n\n\n<h3 class=\"wp-block-heading\">Liity j\u00e4seneksi<\/h3>\n\n\n\n<p>Kaikki koulumme entiset oppilaat kautta aikain ovat yhdistyksemme j\u00e4seni\u00e4.<\/p>\n\n\n\n<p>Halutessasi voit tukea toimintaamme maksamalla ainaisj\u00e4senmaksun 100 \u20ac.<br>Yhdistyksen tili: H\u00e4meenlinna Nordea 103230-508683<\/p>\n\n\n\n<h3 class=\"wp-block-heading\">Ota yhteytt\u00e4<\/h3>\n\n\n\n<p>Yhdistykseen suuntautuvat yhteydenotot ja erityisesti osoitteenmuutokset voi k\u00e4tevimmin toimittaa yhdistyksen sihteerille tai lukion kansliaan:<\/p>\n\n\n\n<ul class=\"wp-block-list\">\n<li>Pasi Seila, yhdistyksen sihteeri, puh. 040 5923 038, pasi.seila@hmledu.fi<\/li>\n\n\n\n<li>Lyseon lukion kanslia, puh. 050 5090 757, Hattelmalantie 6, G-rakennus, 13100 H\u00e4meenlinna<\/li>\n<\/ul>\n\n\n\n<h5 class=\"wp-block-heading\">Hallituksen j\u00e4senet<\/h5>\n\n\n\n<ul class=\"wp-block-list\">\n<li>Jutta \u00c4ij\u00e4l\u00e4 (pj.)<\/li>\n\n\n\n<li>Antti Korpimaa (vpj.)<\/li>\n\n\n\n<li>Pasi Seila (siht.)<\/li>\n\n\n\n<li>Eero Kaukola (rh)<\/li>\n\n\n\n<li>Tellervo Estemaa<\/li>\n\n\n\n<li>Juho Jokinen<\/li>\n\n\n\n<li>Harri Lintum\u00e4ki<\/li>\n\n\n\n<li>Matti Vihervuori<\/li>\n\n\n\n<li>Kari Viitam\u00e4ki<\/li>\n<\/ul>\n","protected":false},"excerpt":{"rendered":"<p>Entisten oppilaiden yhdistys vaalii perinteit\u00e4 ja luo siteit\u00e4 entisten ja nykyisten lyseolaisten v\u00e4lille. Aktiivinen Entisten oppilaiden yhdistys Kouluty\u00f6mme taustavoimana toimii [&hellip;]<\/p>\n","protected":false},"author":6,"featured_media":0,"parent":5,"menu_order":0,"comment_status":"closed","ping_status":"closed","template":"","meta":{"_acf_changed":false,"_relevanssi_hide_post":"","_relevanssi_hide_content":"","_relevanssi_pin_for_all":"","_relevanssi_pin_keywords":"","_relevanssi_unpin_keywords":"","_relevanssi_related_keywords":"","_relevanssi_related_include_ids":"","_relevanssi_related_exclude_ids":"","_relevanssi_related_no_append":"","_relevanssi_related_not_related":"","_relevanssi_related_posts":"33","_relevanssi_noindex_reason":"","footnotes":""},"class_list":["post-223","page","type-page","status-publish","hentry"],"acf":[],"yoast_head":"<title>H\u00e4meenlinnan lyseon lukio | Entisten oppilaiden yhdistys<\/title>\n<meta name=\"description\" content=\"H\u00e4meenlinnan lyseon lukion Entisten oppilaiden yhdistys on lukiomme aktiivinen taustatoimija. Liity mukaan yhdistykseen!\" \/>\n<meta name=\"robots\" content=\"index, follow, max-snippet:-1, max-image-preview:large, max-video-preview:-1\" \/>\n<link rel=\"canonical\" href=\"https:\/\/www.kktavastia.fi\/lukiot-hameenlinnan-lyseo\/opiskelijalle\/historiaa\/entisten-oppilaiden-yhdistys\/\" \/>\n<meta property=\"og:locale\" content=\"fi_FI\" \/>\n<meta property=\"og:type\" content=\"article\" \/>\n<meta property=\"og:title\" content=\"H\u00e4meenlinnan lyseon lukio | Entisten oppilaiden yhdistys\" \/>\n<meta property=\"og:description\" content=\"H\u00e4meenlinnan lyseon lukion Entisten oppilaiden yhdistys on lukiomme aktiivinen taustatoimija. Liity mukaan yhdistykseen!\" \/>\n<meta property=\"og:url\" content=\"https:\/\/www.kktavastia.fi\/lukiot-hameenlinnan-lyseo\/opiskelijalle\/historiaa\/entisten-oppilaiden-yhdistys\/\" \/>\n<meta property=\"og:site_name\" content=\"H\u00e4meenlinnan lyseon lukio\" \/>\n<meta property=\"article:modified_time\" content=\"2026-03-25T11:47:39+00:00\" \/>\n<meta name=\"twitter:card\" content=\"summary_large_image\" \/>\n<script type=\"application\/ld+json\" class=\"yoast-schema-graph\">{\"@context\":\"https:\\\/\\\/schema.org\",\"@graph\":[{\"@type\":\"WebPage\",\"@id\":\"https:\\\/\\\/www.kktavastia.fi\\\/lukiot-hameenlinnan-lyseo\\\/opiskelijalle\\\/historiaa\\\/entisten-oppilaiden-yhdistys\\\/\",\"url\":\"https:\\\/\\\/www.kktavastia.fi\\\/lukiot-hameenlinnan-lyseo\\\/opiskelijalle\\\/historiaa\\\/entisten-oppilaiden-yhdistys\\\/\",\"name\":\"H\u00e4meenlinnan lyseon lukio | Entisten oppilaiden yhdistys\",\"isPartOf\":{\"@id\":\"https:\\\/\\\/www.kktavastia.fi\\\/lukiot-hameenlinnan-lyseo\\\/#website\"},\"datePublished\":\"2021-01-13T10:30:31+00:00\",\"dateModified\":\"2026-03-25T11:47:39+00:00\",\"description\":\"H\u00e4meenlinnan lyseon lukion Entisten oppilaiden yhdistys on lukiomme aktiivinen taustatoimija. Liity mukaan yhdistykseen!\",\"breadcrumb\":{\"@id\":\"https:\\\/\\\/www.kktavastia.fi\\\/lukiot-hameenlinnan-lyseo\\\/opiskelijalle\\\/historiaa\\\/entisten-oppilaiden-yhdistys\\\/#breadcrumb\"},\"inLanguage\":\"fi\",\"potentialAction\":[{\"@type\":\"ReadAction\",\"target\":[\"https:\\\/\\\/www.kktavastia.fi\\\/lukiot-hameenlinnan-lyseo\\\/opiskelijalle\\\/historiaa\\\/entisten-oppilaiden-yhdistys\\\/\"]}]},{\"@type\":\"BreadcrumbList\",\"@id\":\"https:\\\/\\\/www.kktavastia.fi\\\/lukiot-hameenlinnan-lyseo\\\/opiskelijalle\\\/historiaa\\\/entisten-oppilaiden-yhdistys\\\/#breadcrumb\",\"itemListElement\":[{\"@type\":\"ListItem\",\"position\":1,\"name\":\"Home\",\"item\":\"https:\\\/\\\/www.kktavastia.fi\\\/lukiot-hameenlinnan-lyseo\\\/\"},{\"@type\":\"ListItem\",\"position\":2,\"name\":\"Opiskelijalle\",\"item\":\"https:\\\/\\\/www.kktavastia.fi\\\/lukiot-hameenlinnan-lyseo\\\/opiskelijalle\\\/\"},{\"@type\":\"ListItem\",\"position\":3,\"name\":\"Koulun historiaa\",\"item\":\"https:\\\/\\\/www.kktavastia.fi\\\/lukiot-hameenlinnan-lyseo\\\/opiskelijalle\\\/historiaa\\\/\"},{\"@type\":\"ListItem\",\"position\":4,\"name\":\"Entisten oppilaiden yhdistys\"}]},{\"@type\":\"WebSite\",\"@id\":\"https:\\\/\\\/www.kktavastia.fi\\\/lukiot-hameenlinnan-lyseo\\\/#website\",\"url\":\"https:\\\/\\\/www.kktavastia.fi\\\/lukiot-hameenlinnan-lyseo\\\/\",\"name\":\"H\u00e4meenlinnan lyseon lukio\",\"description\":\"\",\"potentialAction\":[{\"@type\":\"SearchAction\",\"target\":{\"@type\":\"EntryPoint\",\"urlTemplate\":\"https:\\\/\\\/www.kktavastia.fi\\\/lukiot-hameenlinnan-lyseo\\\/?s={search_term_string}\"},\"query-input\":{\"@type\":\"PropertyValueSpecification\",\"valueRequired\":true,\"valueName\":\"search_term_string\"}}],\"inLanguage\":\"fi\"}]}<\/script>","yoast_head_json":{"title":"H\u00e4meenlinnan lyseon lukio | Entisten oppilaiden yhdistys","description":"H\u00e4meenlinnan lyseon lukion Entisten oppilaiden yhdistys on lukiomme aktiivinen taustatoimija. Liity mukaan yhdistykseen!","robots":{"index":"index","follow":"follow","max-snippet":"max-snippet:-1","max-image-preview":"max-image-preview:large","max-video-preview":"max-video-preview:-1"},"canonical":"https:\/\/www.kktavastia.fi\/lukiot-hameenlinnan-lyseo\/opiskelijalle\/historiaa\/entisten-oppilaiden-yhdistys\/","og_locale":"fi_FI","og_type":"article","og_title":"H\u00e4meenlinnan lyseon lukio | Entisten oppilaiden yhdistys","og_description":"H\u00e4meenlinnan lyseon lukion Entisten oppilaiden yhdistys on lukiomme aktiivinen taustatoimija. Liity mukaan yhdistykseen!","og_url":"https:\/\/www.kktavastia.fi\/lukiot-hameenlinnan-lyseo\/opiskelijalle\/historiaa\/entisten-oppilaiden-yhdistys\/","og_site_name":"H\u00e4meenlinnan lyseon lukio","article_modified_time":"2026-03-25T11:47:39+00:00","twitter_card":"summary_large_image","schema":{"@context":"https:\/\/schema.org","@graph":[{"@type":"WebPage","@id":"https:\/\/www.kktavastia.fi\/lukiot-hameenlinnan-lyseo\/opiskelijalle\/historiaa\/entisten-oppilaiden-yhdistys\/","url":"https:\/\/www.kktavastia.fi\/lukiot-hameenlinnan-lyseo\/opiskelijalle\/historiaa\/entisten-oppilaiden-yhdistys\/","name":"H\u00e4meenlinnan lyseon lukio | Entisten oppilaiden yhdistys","isPartOf":{"@id":"https:\/\/www.kktavastia.fi\/lukiot-hameenlinnan-lyseo\/#website"},"datePublished":"2021-01-13T10:30:31+00:00","dateModified":"2026-03-25T11:47:39+00:00","description":"H\u00e4meenlinnan lyseon lukion Entisten oppilaiden yhdistys on lukiomme aktiivinen taustatoimija. Liity mukaan yhdistykseen!","breadcrumb":{"@id":"https:\/\/www.kktavastia.fi\/lukiot-hameenlinnan-lyseo\/opiskelijalle\/historiaa\/entisten-oppilaiden-yhdistys\/#breadcrumb"},"inLanguage":"fi","potentialAction":[{"@type":"ReadAction","target":["https:\/\/www.kktavastia.fi\/lukiot-hameenlinnan-lyseo\/opiskelijalle\/historiaa\/entisten-oppilaiden-yhdistys\/"]}]},{"@type":"BreadcrumbList","@id":"https:\/\/www.kktavastia.fi\/lukiot-hameenlinnan-lyseo\/opiskelijalle\/historiaa\/entisten-oppilaiden-yhdistys\/#breadcrumb","itemListElement":[{"@type":"ListItem","position":1,"name":"Home","item":"https:\/\/www.kktavastia.fi\/lukiot-hameenlinnan-lyseo\/"},{"@type":"ListItem","position":2,"name":"Opiskelijalle","item":"https:\/\/www.kktavastia.fi\/lukiot-hameenlinnan-lyseo\/opiskelijalle\/"},{"@type":"ListItem","position":3,"name":"Koulun historiaa","item":"https:\/\/www.kktavastia.fi\/lukiot-hameenlinnan-lyseo\/opiskelijalle\/historiaa\/"},{"@type":"ListItem","position":4,"name":"Entisten oppilaiden yhdistys"}]},{"@type":"WebSite","@id":"https:\/\/www.kktavastia.fi\/lukiot-hameenlinnan-lyseo\/#website","url":"https:\/\/www.kktavastia.fi\/lukiot-hameenlinnan-lyseo\/","name":"H\u00e4meenlinnan lyseon lukio","description":"","potentialAction":[{"@type":"SearchAction","target":{"@type":"EntryPoint","urlTemplate":"https:\/\/www.kktavastia.fi\/lukiot-hameenlinnan-lyseo\/?s={search_term_string}"},"query-input":{"@type":"PropertyValueSpecification","valueRequired":true,"valueName":"search_term_string"}}],"inLanguage":"fi"}]}},"_links":{"self":[{"href":"https:\/\/www.kktavastia.fi\/lukiot-hameenlinnan-lyseo\/wp-json\/wp\/v2\/pages\/223","targetHints":{"allow":["GET"]}}],"collection":[{"href":"https:\/\/www.kktavastia.fi\/lukiot-hameenlinnan-lyseo\/wp-json\/wp\/v2\/pages"}],"about":[{"href":"https:\/\/www.kktavastia.fi\/lukiot-hameenlinnan-lyseo\/wp-json\/wp\/v2\/types\/page"}],"author":[{"embeddable":true,"href":"https:\/\/www.kktavastia.fi\/lukiot-hameenlinnan-lyseo\/wp-json\/wp\/v2\/users\/6"}],"replies":[{"embeddable":true,"href":"https:\/\/www.kktavastia.fi\/lukiot-hameenlinnan-lyseo\/wp-json\/wp\/v2\/comments?post=223"}],"version-history":[{"count":6,"href":"https:\/\/www.kktavastia.fi\/lukiot-hameenlinnan-lyseo\/wp-json\/wp\/v2\/pages\/223\/revisions"}],"predecessor-version":[{"id":6116,"href":"https:\/\/www.kktavastia.fi\/lukiot-hameenlinnan-lyseo\/wp-json\/wp\/v2\/pages\/223\/revisions\/6116"}],"up":[{"embeddable":true,"href":"https:\/\/www.kktavastia.fi\/lukiot-hameenlinnan-lyseo\/wp-json\/wp\/v2\/pages\/5"}],"wp:attachment":[{"href":"https:\/\/www.kktavastia.fi\/lukiot-hameenlinnan-lyseo\/wp-json\/wp\/v2\/media?parent=223"}],"curies":[{"name":"wp","href":"https:\/\/api.w.org\/{rel}","templated":true}]}}