{"id":89,"date":"2020-12-31T13:33:15","date_gmt":"2020-12-31T11:33:15","guid":{"rendered":"https:\/\/kktavastia.vaiheessa.fi\/lukiot-hameenlinnan-lyseo-aikuislinja\/?page_id=89"},"modified":"2025-06-16T09:43:10","modified_gmt":"2025-06-16T06:43:10","slug":"tyo-ja-loma-ajat","status":"publish","type":"page","link":"https:\/\/www.kktavastia.fi\/lukiot-hameenlinnan-lyseo-aikuislinja\/opiskelijalle\/tyo-ja-loma-ajat\/","title":{"rendered":"Ty\u00f6- ja loma-ajat"},"content":{"rendered":"\n<h2 class=\"wp-block-heading\">Uusi lukuvuosi 2025-2026 alkaa 18.8.2025<\/h2>\n\n\n\n<h2 class=\"wp-block-heading\"><strong>Lukuvuosi  2025-2026<\/strong><\/h2>\n\n\n\n<p>Syyslukukausi alkaa ma 18.8.2025<br>syysloma vk 42 13.-19.10.2025<br>joululoma           22.12.2025-6.1.2026<br>talviloma vk 9    23.2.-1.3.2026<br>p\u00e4\u00e4si\u00e4inen         to 2.4.- ma 6.4.<br>vappu                 to 30.4.-pe 1.5.2026<br>Lukuvuosi p\u00e4\u00e4ttyy la 30.5.2026<\/p>\n\n\n\n<h2 class=\"wp-block-heading\"><br><\/h2>\n\n\n\n<h2 class=\"wp-block-heading\">Lukuvuoden 2025-2026 jaksotus<\/h2>\n\n\n\n<p>Lukuvuosijakso 1 18.8.-2.10.2025         P\u00e4\u00e4tt\u00f6viikko ma 29.9.- to 2.10.2025<br>Lukuvuosijakso 2 6.10.-27.11.2025       P\u00e4\u00e4tt\u00f6viikko ma 24.11.- to 27.11.2025<br>Lukuvuosijakso 3 1.12.2025-3.2.2026  P\u00e4\u00e4tt\u00f6viikko ke 28.1.- ti 3.2.2026<br>Lukuvuosijakso 4 4.2.-31.3.2026           P\u00e4\u00e4tt\u00f6viikko ke 25.3.-ti 31.3.2026<br>Lukuvuosijakso 5 1.4.-26.5.2026           P\u00e4\u00e4tt\u00f6viikko ke 20.5.- ti 26.5.2026<\/p>\n\n\n\n<h3 class=\"wp-block-heading\">Uusintakuulustelut<\/h3>\n\n\n\n<p>Uusintoihin on ilmoittauduttava viimeist\u00e4\u00e4n kolme vuorokautta ennen uusintakuulustelua. Uusintakuulustelut pidet\u00e4\u00e4n <strong>uusintakuulustelup\u00e4ivin\u00e4 perjantaisin klo 17.00<\/strong><\/p>\n\n\n\n<p>Lukuvuoden 2024-2025 5. jakson uusinta pidet\u00e4\u00e4n pe 29.8.2025 <\/p>\n\n\n\n<ul class=\"wp-block-list\">\n<li>1. jakson uusinta  24.10.2025<\/li>\n\n\n\n<li>2.jakson uusinta  12.12.2025<\/li>\n\n\n\n<li>3.jakson uusinta   13.2.2026<\/li>\n\n\n\n<li>4. jakson uusinta  17.4.2026<\/li>\n<\/ul>\n\n\n\n<h3 class=\"wp-block-heading\">Valmistuminen ja lakkiaiset<\/h3>\n\n\n\n<p>Syyslukukauden 2025 lakkiaisia vietet\u00e4\u00e4n pe 5.12.2026 klo 13.00<br>Kev\u00e4tlukukauden 2026 lakkiaisia vietet\u00e4\u00e4n la 30.5.2026 klo 10.00. Lakkiaisharjoitukset edellisen\u00e4 p\u00e4iv\u00e4n\u00e4 klo 17.00.<\/p>\n\n\n\n<p>N\u00e4ist\u00e4 lis\u00e4tietoja valmistuville Wilma-viestill\u00e4, kun ylioppilaskirjoitusten tulokset ovat saapuneet.<\/p>\n","protected":false},"excerpt":{"rendered":"<p>Uusi lukuvuosi 2025-2026 alkaa 18.8.2025 Lukuvuosi 2025-2026 Syyslukukausi alkaa ma 18.8.2025syysloma vk 42 13.-19.10.2025joululoma 22.12.2025-6.1.2026talviloma vk 9 23.2.-1.3.2026p\u00e4\u00e4si\u00e4inen to 2.4.- [&hellip;]<\/p>\n","protected":false},"author":3,"featured_media":0,"parent":33,"menu_order":0,"comment_status":"closed","ping_status":"closed","template":"","meta":{"_acf_changed":false,"_relevanssi_hide_post":"","_relevanssi_hide_content":"","_relevanssi_pin_for_all":"","_relevanssi_pin_keywords":"","_relevanssi_unpin_keywords":"","_relevanssi_related_keywords":"","_relevanssi_related_include_ids":"","_relevanssi_related_exclude_ids":"","_relevanssi_related_no_append":"","_relevanssi_related_not_related":"","_relevanssi_related_posts":"812,868,850,817,958,610","_relevanssi_noindex_reason":"","footnotes":""},"class_list":["post-89","page","type-page","status-publish","hentry"],"acf":[],"yoast_head":"<title>Ty\u00f6- ja loma-ajat H\u00e4meenlinnan lyseon lukion aikuislinjalla | Jaksot<\/title>\n<meta name=\"description\" content=\"Ty\u00f6- ja loma-ajat H\u00e4meenlinnan lyseon lukion aikuislinjalla: syys- ja kev\u00e4tlukukausi, lomat ja jaksojen ajankohdat.\" \/>\n<meta name=\"robots\" content=\"index, follow, max-snippet:-1, max-image-preview:large, max-video-preview:-1\" \/>\n<link rel=\"canonical\" href=\"https:\/\/www.kktavastia.fi\/lukiot-hameenlinnan-lyseo-aikuislinja\/opiskelijalle\/tyo-ja-loma-ajat\/\" \/>\n<meta property=\"og:locale\" content=\"fi_FI\" \/>\n<meta property=\"og:type\" content=\"article\" \/>\n<meta property=\"og:title\" content=\"Ty\u00f6- ja loma-ajat H\u00e4meenlinnan lyseon lukion aikuislinjalla | Jaksot\" \/>\n<meta property=\"og:description\" content=\"Ty\u00f6- ja loma-ajat H\u00e4meenlinnan lyseon lukion aikuislinjalla: syys- ja kev\u00e4tlukukausi, lomat ja jaksojen ajankohdat.\" \/>\n<meta property=\"og:url\" content=\"https:\/\/www.kktavastia.fi\/lukiot-hameenlinnan-lyseo-aikuislinja\/opiskelijalle\/tyo-ja-loma-ajat\/\" \/>\n<meta property=\"og:site_name\" content=\"H\u00e4meenlinnan lyseon lukion aikuislinja\" \/>\n<meta property=\"article:modified_time\" content=\"2025-06-16T06:43:10+00:00\" \/>\n<meta name=\"twitter:card\" content=\"summary_large_image\" \/>\n<script type=\"application\/ld+json\" class=\"yoast-schema-graph\">{\"@context\":\"https:\\\/\\\/schema.org\",\"@graph\":[{\"@type\":\"WebPage\",\"@id\":\"https:\\\/\\\/www.kktavastia.fi\\\/lukiot-hameenlinnan-lyseo-aikuislinja\\\/opiskelijalle\\\/tyo-ja-loma-ajat\\\/\",\"url\":\"https:\\\/\\\/www.kktavastia.fi\\\/lukiot-hameenlinnan-lyseo-aikuislinja\\\/opiskelijalle\\\/tyo-ja-loma-ajat\\\/\",\"name\":\"Ty\u00f6- ja loma-ajat H\u00e4meenlinnan lyseon lukion aikuislinjalla | Jaksot\",\"isPartOf\":{\"@id\":\"https:\\\/\\\/www.kktavastia.fi\\\/lukiot-hameenlinnan-lyseo-aikuislinja\\\/#website\"},\"datePublished\":\"2020-12-31T11:33:15+00:00\",\"dateModified\":\"2025-06-16T06:43:10+00:00\",\"description\":\"Ty\u00f6- ja loma-ajat H\u00e4meenlinnan lyseon lukion aikuislinjalla: syys- ja kev\u00e4tlukukausi, lomat ja jaksojen ajankohdat.\",\"breadcrumb\":{\"@id\":\"https:\\\/\\\/www.kktavastia.fi\\\/lukiot-hameenlinnan-lyseo-aikuislinja\\\/opiskelijalle\\\/tyo-ja-loma-ajat\\\/#breadcrumb\"},\"inLanguage\":\"fi\",\"potentialAction\":[{\"@type\":\"ReadAction\",\"target\":[\"https:\\\/\\\/www.kktavastia.fi\\\/lukiot-hameenlinnan-lyseo-aikuislinja\\\/opiskelijalle\\\/tyo-ja-loma-ajat\\\/\"]}]},{\"@type\":\"BreadcrumbList\",\"@id\":\"https:\\\/\\\/www.kktavastia.fi\\\/lukiot-hameenlinnan-lyseo-aikuislinja\\\/opiskelijalle\\\/tyo-ja-loma-ajat\\\/#breadcrumb\",\"itemListElement\":[{\"@type\":\"ListItem\",\"position\":1,\"name\":\"Home\",\"item\":\"https:\\\/\\\/www.kktavastia.fi\\\/lukiot-hameenlinnan-lyseo-aikuislinja\\\/\"},{\"@type\":\"ListItem\",\"position\":2,\"name\":\"Aikuislinjan opiskelijalle\",\"item\":\"https:\\\/\\\/www.kktavastia.fi\\\/lukiot-hameenlinnan-lyseo-aikuislinja\\\/opiskelijalle\\\/\"},{\"@type\":\"ListItem\",\"position\":3,\"name\":\"Ty\u00f6- ja loma-ajat\"}]},{\"@type\":\"WebSite\",\"@id\":\"https:\\\/\\\/www.kktavastia.fi\\\/lukiot-hameenlinnan-lyseo-aikuislinja\\\/#website\",\"url\":\"https:\\\/\\\/www.kktavastia.fi\\\/lukiot-hameenlinnan-lyseo-aikuislinja\\\/\",\"name\":\"H\u00e4meenlinnan lyseon lukion aikuislinja\",\"description\":\"\",\"potentialAction\":[{\"@type\":\"SearchAction\",\"target\":{\"@type\":\"EntryPoint\",\"urlTemplate\":\"https:\\\/\\\/www.kktavastia.fi\\\/lukiot-hameenlinnan-lyseo-aikuislinja\\\/?s={search_term_string}\"},\"query-input\":{\"@type\":\"PropertyValueSpecification\",\"valueRequired\":true,\"valueName\":\"search_term_string\"}}],\"inLanguage\":\"fi\"}]}<\/script>","yoast_head_json":{"title":"Ty\u00f6- ja loma-ajat H\u00e4meenlinnan lyseon lukion aikuislinjalla | Jaksot","description":"Ty\u00f6- ja loma-ajat H\u00e4meenlinnan lyseon lukion aikuislinjalla: syys- ja kev\u00e4tlukukausi, lomat ja jaksojen ajankohdat.","robots":{"index":"index","follow":"follow","max-snippet":"max-snippet:-1","max-image-preview":"max-image-preview:large","max-video-preview":"max-video-preview:-1"},"canonical":"https:\/\/www.kktavastia.fi\/lukiot-hameenlinnan-lyseo-aikuislinja\/opiskelijalle\/tyo-ja-loma-ajat\/","og_locale":"fi_FI","og_type":"article","og_title":"Ty\u00f6- ja loma-ajat H\u00e4meenlinnan lyseon lukion aikuislinjalla | Jaksot","og_description":"Ty\u00f6- ja loma-ajat H\u00e4meenlinnan lyseon lukion aikuislinjalla: syys- ja kev\u00e4tlukukausi, lomat ja jaksojen ajankohdat.","og_url":"https:\/\/www.kktavastia.fi\/lukiot-hameenlinnan-lyseo-aikuislinja\/opiskelijalle\/tyo-ja-loma-ajat\/","og_site_name":"H\u00e4meenlinnan lyseon lukion aikuislinja","article_modified_time":"2025-06-16T06:43:10+00:00","twitter_card":"summary_large_image","schema":{"@context":"https:\/\/schema.org","@graph":[{"@type":"WebPage","@id":"https:\/\/www.kktavastia.fi\/lukiot-hameenlinnan-lyseo-aikuislinja\/opiskelijalle\/tyo-ja-loma-ajat\/","url":"https:\/\/www.kktavastia.fi\/lukiot-hameenlinnan-lyseo-aikuislinja\/opiskelijalle\/tyo-ja-loma-ajat\/","name":"Ty\u00f6- ja loma-ajat H\u00e4meenlinnan lyseon lukion aikuislinjalla | Jaksot","isPartOf":{"@id":"https:\/\/www.kktavastia.fi\/lukiot-hameenlinnan-lyseo-aikuislinja\/#website"},"datePublished":"2020-12-31T11:33:15+00:00","dateModified":"2025-06-16T06:43:10+00:00","description":"Ty\u00f6- ja loma-ajat H\u00e4meenlinnan lyseon lukion aikuislinjalla: syys- ja kev\u00e4tlukukausi, lomat ja jaksojen ajankohdat.","breadcrumb":{"@id":"https:\/\/www.kktavastia.fi\/lukiot-hameenlinnan-lyseo-aikuislinja\/opiskelijalle\/tyo-ja-loma-ajat\/#breadcrumb"},"inLanguage":"fi","potentialAction":[{"@type":"ReadAction","target":["https:\/\/www.kktavastia.fi\/lukiot-hameenlinnan-lyseo-aikuislinja\/opiskelijalle\/tyo-ja-loma-ajat\/"]}]},{"@type":"BreadcrumbList","@id":"https:\/\/www.kktavastia.fi\/lukiot-hameenlinnan-lyseo-aikuislinja\/opiskelijalle\/tyo-ja-loma-ajat\/#breadcrumb","itemListElement":[{"@type":"ListItem","position":1,"name":"Home","item":"https:\/\/www.kktavastia.fi\/lukiot-hameenlinnan-lyseo-aikuislinja\/"},{"@type":"ListItem","position":2,"name":"Aikuislinjan opiskelijalle","item":"https:\/\/www.kktavastia.fi\/lukiot-hameenlinnan-lyseo-aikuislinja\/opiskelijalle\/"},{"@type":"ListItem","position":3,"name":"Ty\u00f6- ja loma-ajat"}]},{"@type":"WebSite","@id":"https:\/\/www.kktavastia.fi\/lukiot-hameenlinnan-lyseo-aikuislinja\/#website","url":"https:\/\/www.kktavastia.fi\/lukiot-hameenlinnan-lyseo-aikuislinja\/","name":"H\u00e4meenlinnan lyseon lukion aikuislinja","description":"","potentialAction":[{"@type":"SearchAction","target":{"@type":"EntryPoint","urlTemplate":"https:\/\/www.kktavastia.fi\/lukiot-hameenlinnan-lyseo-aikuislinja\/?s={search_term_string}"},"query-input":{"@type":"PropertyValueSpecification","valueRequired":true,"valueName":"search_term_string"}}],"inLanguage":"fi"}]}},"_links":{"self":[{"href":"https:\/\/www.kktavastia.fi\/lukiot-hameenlinnan-lyseo-aikuislinja\/wp-json\/wp\/v2\/pages\/89","targetHints":{"allow":["GET"]}}],"collection":[{"href":"https:\/\/www.kktavastia.fi\/lukiot-hameenlinnan-lyseo-aikuislinja\/wp-json\/wp\/v2\/pages"}],"about":[{"href":"https:\/\/www.kktavastia.fi\/lukiot-hameenlinnan-lyseo-aikuislinja\/wp-json\/wp\/v2\/types\/page"}],"author":[{"embeddable":true,"href":"https:\/\/www.kktavastia.fi\/lukiot-hameenlinnan-lyseo-aikuislinja\/wp-json\/wp\/v2\/users\/3"}],"replies":[{"embeddable":true,"href":"https:\/\/www.kktavastia.fi\/lukiot-hameenlinnan-lyseo-aikuislinja\/wp-json\/wp\/v2\/comments?post=89"}],"version-history":[{"count":25,"href":"https:\/\/www.kktavastia.fi\/lukiot-hameenlinnan-lyseo-aikuislinja\/wp-json\/wp\/v2\/pages\/89\/revisions"}],"predecessor-version":[{"id":2106,"href":"https:\/\/www.kktavastia.fi\/lukiot-hameenlinnan-lyseo-aikuislinja\/wp-json\/wp\/v2\/pages\/89\/revisions\/2106"}],"up":[{"embeddable":true,"href":"https:\/\/www.kktavastia.fi\/lukiot-hameenlinnan-lyseo-aikuislinja\/wp-json\/wp\/v2\/pages\/33"}],"wp:attachment":[{"href":"https:\/\/www.kktavastia.fi\/lukiot-hameenlinnan-lyseo-aikuislinja\/wp-json\/wp\/v2\/media?parent=89"}],"curies":[{"name":"wp","href":"https:\/\/api.w.org\/{rel}","templated":true}]}}