{"id":994,"date":"2021-01-07T10:33:21","date_gmt":"2021-01-07T08:33:21","guid":{"rendered":"https:\/\/kktavastia.vaiheessa.fi\/ammattiopisto\/?page_id=994"},"modified":"2025-09-12T13:13:22","modified_gmt":"2025-09-12T10:13:22","slug":"opiskelija-asuntola","status":"publish","type":"page","link":"https:\/\/www.kktavastia.fi\/ammattiopisto\/hakijalle\/yhteishaku\/opiskelija-asuntola\/","title":{"rendered":"Opiskelija-asuntola"},"content":{"rendered":"\n<p class=\"is-style-ingress\">Ammattiopisto Tavastialla on asuntolapaikkoja Kauratiell\u00e4 ja Punaportilla aivan kampusalueen kupeessa. Kauratiell\u00e4 on kahden ja nelj\u00e4n hengen soluasuntoja ja Punaportilla kahden hengen huoneita. Huoneet ovat kalustettuja. Asuminen Ammattiopiston asuntoloissa on opiskelijalle maksutonta.<\/p>\n\n\n\n<figure class=\"wp-block-image size-large\"><img loading=\"lazy\" decoding=\"async\" width=\"1024\" height=\"325\" src=\"https:\/\/www.kktavastia.fi\/media\/sites\/2\/asuntola-1024x325.png\" alt=\"\" class=\"wp-image-39191\" srcset=\"https:\/\/www.kktavastia.fi\/media\/sites\/2\/asuntola-1024x325.png 1024w, https:\/\/www.kktavastia.fi\/media\/sites\/2\/asuntola-300x95.png 300w, https:\/\/www.kktavastia.fi\/media\/sites\/2\/asuntola-768x244.png 768w, https:\/\/www.kktavastia.fi\/media\/sites\/2\/asuntola-460x146.png 460w, https:\/\/www.kktavastia.fi\/media\/sites\/2\/asuntola-20x6.png 20w, https:\/\/www.kktavastia.fi\/media\/sites\/2\/asuntola.png 1260w\" sizes=\"auto, (max-width: 1024px) 100vw, 1024px\" \/><\/figure>\n\n\n\n<p>Asuntolaan valitaan ensisijaisesti oppivelvollisia, alaik\u00e4isi\u00e4 opiskelijoita, joiden p\u00e4ivitt\u00e4inen kulkeminen kotoa oppilaitokseen ei ole mahdollista. Asuntolapaikka my\u00f6nnet\u00e4\u00e4n korkeintaan lukuvuodeksi kerrallaan. Kaikkia asukkaita (my\u00f6s t\u00e4ysi-ik\u00e4isi\u00e4 opiskelijoita) koskevat Ammattiopisto Tavastian opiskelija-asuntolan j\u00e4rjestyss\u00e4\u00e4nn\u00f6t.<\/p>\n\n\n\n<p>T\u00e4ysi-ik\u00e4isille opiskelijoille voimme harvoin tarjota asuntolapaikkoja, joten ensisijaisesti kannattaa hakea esimerkiksi H\u00e4meenlinnan seudun opiskelija-asuntos\u00e4\u00e4ti\u00f6n asuntoja.<\/p>\n\n\n\n<h3 class=\"wp-block-heading\">Asuntolaan valinnan kriteerit<\/h3>\n\n\n\n<p>Ammatillisen koulutuksen lain mukaan koulutuksen j\u00e4rjest\u00e4j\u00e4 p\u00e4\u00e4tt\u00e4\u00e4 asuntolapaikan my\u00f6nt\u00e4misen perusteista. Asuminen koulutuksen j\u00e4rjest\u00e4j\u00e4n asuntolassa on opiskelijoille maksutonta. Asuntolapaikan my\u00f6nt\u00e4misess\u00e4 sovelletaan yhdenvertaisia my\u00f6nt\u00e4misperusteita ja otetaan huomioon opiskelijan tarve asuntolapaikalle (Laki ammatillisesta koulutuksesta \u00a7 104).<\/p>\n\n\n\n<p>Asuntolapaikat on my\u00f6nnett\u00e4v\u00e4 ensisijaisesti oppivelvollisuuslaissa tarkoitetuille oppivelvollisille, toissijaisesti muille mainitun lain 16 \u00a7:n nojalla maksuttomaan koulutukseen oikeutetuille opiskelijoille ja n\u00e4iden j\u00e4lkeen muille opiskelijoille. My\u00f6nt\u00e4misperusteet tulee ilmoittaa asuntolapaikkaa hakeville etuk\u00e4teen. (Laki ammatillisesta koulutuksesta annetun lain muuttamisesta 1218\/2020 \u00a7 104.)<\/p>\n\n\n\n<p>Ammattiopisto Tavastian opiskelijoille asuntolapaikka my\u00f6nnet\u00e4\u00e4n korkeintaan lukuvuodeksi kerrallaan. Asuntolapaikat ovat tarkoitettu ammatillisen koulutuksen lains\u00e4\u00e4d\u00e4nn\u00f6n mukaisille opiskelijoille, jotka suorittavat ammatillista perustutkintoa tai tutkintokoulutukseen valmentavaa koulutusta (TUVA).<\/p>\n\n\n\n<h4 class=\"wp-block-heading\">Asukasvalintoja tehdess\u00e4 noudatetaan seuraavia perusteita:<\/h4>\n\n\n\n<ul class=\"wp-block-list\">\n<li>Asuntolapaikkoja my\u00f6nnet\u00e4\u00e4n ammatillista perustutkintoa tai TUVA-koulutusta suorittaville opiskelijoille.<\/li>\n\n\n\n<li>Asuntolapaikka ei voi olla kenenk\u00e4\u00e4n asukkaan ainoa asunto Suomessa.<\/li>\n\n\n\n<li>Etusija on oppivelvollisilla, alaik\u00e4isill\u00e4, uusilla opiskelijoilla, jotka t\u00e4ytt\u00e4v\u00e4t matkakriteerit.<\/li>\n\n\n\n<li>Sen j\u00e4lkeen valitaan muita maksuttomuuden piiriin kuuluvia uusia opiskelijoita, joilla matkakriteerit t\u00e4yttyv\u00e4t tai asuntolapaikan edellisen\u00e4 lukuvuotena saaneita, maksuttoman koulutuksen piiriin kuuluvia, joilla opiskelu viel\u00e4 jatkuu (oppivelvollisuuslaki\/ maksuton koulutus).<\/li>\n<\/ul>\n\n\n\n<h4 class=\"wp-block-heading\">Matkakriteerit<\/h4>\n\n\n\n<ul class=\"wp-block-list\">\n<li>P\u00e4ivitt\u00e4inen kulkeminen kotoa oppilaitokseen ei ole mahdollista julkisilla kulkuneuvoilla tai koulumatka on kohtuuttoman pitk\u00e4 ajallisesti tai kulkuyhteydet ovat hankalat.<\/li>\n\n\n\n<li>Matkakriteeri\u00e4 selvitett\u00e4ess\u00e4 otetaan huomioon my\u00f6s jaettavien asuntolapaikkojen m\u00e4\u00e4r\u00e4.<\/li>\n<\/ul>\n\n\n\n<h4 class=\"wp-block-heading\">Asuntolapaikan hakeminen ja my\u00f6nt\u00e4minen<\/h4>\n\n\n\n<ul class=\"wp-block-list\">\n<li>Asuntolapaikkaa voi hakea, kun on saanut opiskelupaikan Ammattiopisto Tavastian ammatillisesta perustutkinnosta tai TUVA-koulutuksesta.<\/li>\n\n\n\n<li>Haku opiskelija-asuntolaan avautuu yhteishaun tulosten julkistamisen j\u00e4lkeen. (Asuntolahakemus)<\/li>\n\n\n\n<li>Asukasvalinnat tehd\u00e4\u00e4n vuosittain yhteishaun tulosten julkistamisen j\u00e4lkeen hein\u00e4kuussa. Asuntolapaikkaa ei luvata t\u00e4t\u00e4 aikaisemmin my\u00f6sk\u00e4\u00e4n aikaisemmin asuntolassa asuneille opiskelijoille.<\/li>\n\n\n\n<li>Asuntolapaikasta tiedotetaan kirjeitse.<\/li>\n<\/ul>\n\n\n\n<h3 class=\"wp-block-heading\">Ammattiopisto Tavastian asuntoloiden yhteystiedot<\/h3>\n\n\n\n<h4 class=\"wp-block-heading\">Asuntolan toimisto<\/h4>\n\n\n\n<ul class=\"wp-block-list\">\n<li>puh. 050 4400 920<\/li>\n\n\n\n<li>Julia Jackson, asuntolaohjaaja<\/li>\n\n\n\n<li>Pinja Poikonen, asuntolaohjaaja, iltaohjaaja<\/li>\n<\/ul>\n\n\n\n<h4 class=\"wp-block-heading\">Kauratien asumisyksikk\u00f6<\/h4>\n\n\n\n<ul class=\"wp-block-list\">\n<li>K\u00e4yntiosoite: Kauratie 2, 13100 H\u00e4meenlinna<\/li>\n\n\n\n<li>Postiosoitteet ilmoitetaan asumaan valituille.<\/li>\n<\/ul>\n\n\n\n<h4 class=\"wp-block-heading\">Opiskelija-asuntola Punaportti<\/h4>\n\n\n\n<ul class=\"wp-block-list\">\n<li>K\u00e4yntiosoite: Hattelmalantie 25, P-rakennus, 13100 H\u00e4meenlinna<\/li>\n\n\n\n<li>Postiosoitteet ilmoitetaan asumaan valituille.<\/li>\n<\/ul>\n\n\n\n<h3 class=\"wp-block-heading\">Opiskelija-asunnot H\u00e4meenlinnassa<\/h3>\n\n\n\n<ul class=\"wp-block-list\">\n<li>H\u00e4meenlinnan seudun opiskelija-asuntos\u00e4\u00e4ti\u00f6 (HOPS)<br>Retta Is\u00e4nn\u00f6inti Oy | Raatihuoneenkatu 17, 13100 H\u00e4meenlinna (3. kerros), hops@retta.fi | <a href=\"http:\/\/www.hops.fi\/\" target=\"_blank\" rel=\"noreferrer noopener\">www.hops.fi<\/a><\/li>\n\n\n\n<li>Itsen\u00e4istym\u00e4ss\u00e4 olevat nuoret voivat kysy\u00e4 asuntoja mm.&nbsp;<a href=\"https:\/\/nalhameenlinnanseutu.fi\/\" target=\"_blank\" rel=\"noreferrer noopener\">NAL H\u00e4meenlinnan seutu ry:lt\u00e4<\/a>.<\/li>\n<\/ul>\n\n\n\n<p>Opiskelija-asuntojen vuokralaisilla on mahdollisuus hakea Kelan yleist\u00e4 asumistukea.<\/p>\n\n\n\n<p><\/p>\n","protected":false},"excerpt":{"rendered":"<p>Ammattiopisto Tavastialla on asuntolapaikkoja Kauratiell\u00e4 ja Punaportilla aivan kampusalueen kupeessa. Kauratiell\u00e4 on kahden ja nelj\u00e4n hengen soluasuntoja ja Punaportilla kahden [&hellip;]<\/p>\n","protected":false},"author":6,"featured_media":0,"parent":132,"menu_order":0,"comment_status":"closed","ping_status":"closed","template":"","meta":{"_acf_changed":false,"_relevanssi_hide_post":"","_relevanssi_hide_content":"","_relevanssi_pin_for_all":"","_relevanssi_pin_keywords":"asuntola","_relevanssi_unpin_keywords":"","_relevanssi_related_keywords":"","_relevanssi_related_include_ids":"","_relevanssi_related_exclude_ids":"","_relevanssi_related_no_append":"","_relevanssi_related_not_related":"","_relevanssi_related_posts":"15408,18445,40116,991,39824,1111","_relevanssi_noindex_reason":"","footnotes":""},"class_list":["post-994","page","type-page","status-publish","hentry"],"acf":[],"yoast_head":"<title>Opiskelija-asuntola - Ammattiopisto Tavastia<\/title>\n<meta name=\"robots\" content=\"index, follow, max-snippet:-1, max-image-preview:large, max-video-preview:-1\" \/>\n<link rel=\"canonical\" href=\"https:\/\/www.kktavastia.fi\/ammattiopisto\/hakijalle\/yhteishaku\/opiskelija-asuntola\/\" \/>\n<meta property=\"og:locale\" content=\"fi_FI\" \/>\n<meta property=\"og:type\" content=\"article\" \/>\n<meta property=\"og:title\" content=\"Opiskelija-asuntola - Ammattiopisto Tavastia\" \/>\n<meta property=\"og:description\" content=\"Ammattiopisto Tavastialla on asuntolapaikkoja Kauratiell\u00e4 ja Punaportilla aivan kampusalueen kupeessa. Kauratiell\u00e4 on kahden ja nelj\u00e4n hengen soluasuntoja ja Punaportilla kahden [&hellip;]\" \/>\n<meta property=\"og:url\" content=\"https:\/\/www.kktavastia.fi\/ammattiopisto\/hakijalle\/yhteishaku\/opiskelija-asuntola\/\" \/>\n<meta property=\"og:site_name\" content=\"Ammattiopisto Tavastia\" \/>\n<meta property=\"article:modified_time\" content=\"2025-09-12T10:13:22+00:00\" \/>\n<meta property=\"og:image\" content=\"https:\/\/www.kktavastia.fi\/media\/sites\/2\/asuntola.png\" \/>\n\t<meta property=\"og:image:width\" content=\"1260\" \/>\n\t<meta property=\"og:image:height\" content=\"400\" \/>\n\t<meta property=\"og:image:type\" content=\"image\/png\" \/>\n<meta name=\"twitter:card\" content=\"summary_large_image\" \/>\n<script type=\"application\/ld+json\" class=\"yoast-schema-graph\">{\"@context\":\"https:\\\/\\\/schema.org\",\"@graph\":[{\"@type\":\"WebPage\",\"@id\":\"https:\\\/\\\/www.kktavastia.fi\\\/ammattiopisto\\\/hakijalle\\\/yhteishaku\\\/opiskelija-asuntola\\\/\",\"url\":\"https:\\\/\\\/www.kktavastia.fi\\\/ammattiopisto\\\/hakijalle\\\/yhteishaku\\\/opiskelija-asuntola\\\/\",\"name\":\"Opiskelija-asuntola - Ammattiopisto Tavastia\",\"isPartOf\":{\"@id\":\"https:\\\/\\\/www.kktavastia.fi\\\/ammattiopisto\\\/#website\"},\"primaryImageOfPage\":{\"@id\":\"https:\\\/\\\/www.kktavastia.fi\\\/ammattiopisto\\\/hakijalle\\\/yhteishaku\\\/opiskelija-asuntola\\\/#primaryimage\"},\"image\":{\"@id\":\"https:\\\/\\\/www.kktavastia.fi\\\/ammattiopisto\\\/hakijalle\\\/yhteishaku\\\/opiskelija-asuntola\\\/#primaryimage\"},\"thumbnailUrl\":\"https:\\\/\\\/www.kktavastia.fi\\\/media\\\/sites\\\/2\\\/asuntola-1024x325.png\",\"datePublished\":\"2021-01-07T08:33:21+00:00\",\"dateModified\":\"2025-09-12T10:13:22+00:00\",\"breadcrumb\":{\"@id\":\"https:\\\/\\\/www.kktavastia.fi\\\/ammattiopisto\\\/hakijalle\\\/yhteishaku\\\/opiskelija-asuntola\\\/#breadcrumb\"},\"inLanguage\":\"fi\",\"potentialAction\":[{\"@type\":\"ReadAction\",\"target\":[\"https:\\\/\\\/www.kktavastia.fi\\\/ammattiopisto\\\/hakijalle\\\/yhteishaku\\\/opiskelija-asuntola\\\/\"]}]},{\"@type\":\"ImageObject\",\"inLanguage\":\"fi\",\"@id\":\"https:\\\/\\\/www.kktavastia.fi\\\/ammattiopisto\\\/hakijalle\\\/yhteishaku\\\/opiskelija-asuntola\\\/#primaryimage\",\"url\":\"https:\\\/\\\/www.kktavastia.fi\\\/media\\\/sites\\\/2\\\/asuntola-1024x325.png\",\"contentUrl\":\"https:\\\/\\\/www.kktavastia.fi\\\/media\\\/sites\\\/2\\\/asuntola-1024x325.png\"},{\"@type\":\"BreadcrumbList\",\"@id\":\"https:\\\/\\\/www.kktavastia.fi\\\/ammattiopisto\\\/hakijalle\\\/yhteishaku\\\/opiskelija-asuntola\\\/#breadcrumb\",\"itemListElement\":[{\"@type\":\"ListItem\",\"position\":1,\"name\":\"Home\",\"item\":\"https:\\\/\\\/www.kktavastia.fi\\\/ammattiopisto\\\/\"},{\"@type\":\"ListItem\",\"position\":2,\"name\":\"Hakijalle\",\"item\":\"https:\\\/\\\/www.kktavastia.fi\\\/ammattiopisto\\\/hakijalle\\\/\"},{\"@type\":\"ListItem\",\"position\":3,\"name\":\"Yhteishaku\",\"item\":\"https:\\\/\\\/www.kktavastia.fi\\\/ammattiopisto\\\/hakijalle\\\/yhteishaku\\\/\"},{\"@type\":\"ListItem\",\"position\":4,\"name\":\"Opiskelija-asuntola\"}]},{\"@type\":\"WebSite\",\"@id\":\"https:\\\/\\\/www.kktavastia.fi\\\/ammattiopisto\\\/#website\",\"url\":\"https:\\\/\\\/www.kktavastia.fi\\\/ammattiopisto\\\/\",\"name\":\"Ammattiopisto Tavastia\",\"description\":\"\",\"potentialAction\":[{\"@type\":\"SearchAction\",\"target\":{\"@type\":\"EntryPoint\",\"urlTemplate\":\"https:\\\/\\\/www.kktavastia.fi\\\/ammattiopisto\\\/?s={search_term_string}\"},\"query-input\":{\"@type\":\"PropertyValueSpecification\",\"valueRequired\":true,\"valueName\":\"search_term_string\"}}],\"inLanguage\":\"fi\"}]}<\/script>","yoast_head_json":{"title":"Opiskelija-asuntola - Ammattiopisto Tavastia","robots":{"index":"index","follow":"follow","max-snippet":"max-snippet:-1","max-image-preview":"max-image-preview:large","max-video-preview":"max-video-preview:-1"},"canonical":"https:\/\/www.kktavastia.fi\/ammattiopisto\/hakijalle\/yhteishaku\/opiskelija-asuntola\/","og_locale":"fi_FI","og_type":"article","og_title":"Opiskelija-asuntola - Ammattiopisto Tavastia","og_description":"Ammattiopisto Tavastialla on asuntolapaikkoja Kauratiell\u00e4 ja Punaportilla aivan kampusalueen kupeessa. Kauratiell\u00e4 on kahden ja nelj\u00e4n hengen soluasuntoja ja Punaportilla kahden [&hellip;]","og_url":"https:\/\/www.kktavastia.fi\/ammattiopisto\/hakijalle\/yhteishaku\/opiskelija-asuntola\/","og_site_name":"Ammattiopisto Tavastia","article_modified_time":"2025-09-12T10:13:22+00:00","og_image":[{"width":1260,"height":400,"url":"https:\/\/www.kktavastia.fi\/media\/sites\/2\/asuntola.png","type":"image\/png"}],"twitter_card":"summary_large_image","schema":{"@context":"https:\/\/schema.org","@graph":[{"@type":"WebPage","@id":"https:\/\/www.kktavastia.fi\/ammattiopisto\/hakijalle\/yhteishaku\/opiskelija-asuntola\/","url":"https:\/\/www.kktavastia.fi\/ammattiopisto\/hakijalle\/yhteishaku\/opiskelija-asuntola\/","name":"Opiskelija-asuntola - Ammattiopisto Tavastia","isPartOf":{"@id":"https:\/\/www.kktavastia.fi\/ammattiopisto\/#website"},"primaryImageOfPage":{"@id":"https:\/\/www.kktavastia.fi\/ammattiopisto\/hakijalle\/yhteishaku\/opiskelija-asuntola\/#primaryimage"},"image":{"@id":"https:\/\/www.kktavastia.fi\/ammattiopisto\/hakijalle\/yhteishaku\/opiskelija-asuntola\/#primaryimage"},"thumbnailUrl":"https:\/\/www.kktavastia.fi\/media\/sites\/2\/asuntola-1024x325.png","datePublished":"2021-01-07T08:33:21+00:00","dateModified":"2025-09-12T10:13:22+00:00","breadcrumb":{"@id":"https:\/\/www.kktavastia.fi\/ammattiopisto\/hakijalle\/yhteishaku\/opiskelija-asuntola\/#breadcrumb"},"inLanguage":"fi","potentialAction":[{"@type":"ReadAction","target":["https:\/\/www.kktavastia.fi\/ammattiopisto\/hakijalle\/yhteishaku\/opiskelija-asuntola\/"]}]},{"@type":"ImageObject","inLanguage":"fi","@id":"https:\/\/www.kktavastia.fi\/ammattiopisto\/hakijalle\/yhteishaku\/opiskelija-asuntola\/#primaryimage","url":"https:\/\/www.kktavastia.fi\/media\/sites\/2\/asuntola-1024x325.png","contentUrl":"https:\/\/www.kktavastia.fi\/media\/sites\/2\/asuntola-1024x325.png"},{"@type":"BreadcrumbList","@id":"https:\/\/www.kktavastia.fi\/ammattiopisto\/hakijalle\/yhteishaku\/opiskelija-asuntola\/#breadcrumb","itemListElement":[{"@type":"ListItem","position":1,"name":"Home","item":"https:\/\/www.kktavastia.fi\/ammattiopisto\/"},{"@type":"ListItem","position":2,"name":"Hakijalle","item":"https:\/\/www.kktavastia.fi\/ammattiopisto\/hakijalle\/"},{"@type":"ListItem","position":3,"name":"Yhteishaku","item":"https:\/\/www.kktavastia.fi\/ammattiopisto\/hakijalle\/yhteishaku\/"},{"@type":"ListItem","position":4,"name":"Opiskelija-asuntola"}]},{"@type":"WebSite","@id":"https:\/\/www.kktavastia.fi\/ammattiopisto\/#website","url":"https:\/\/www.kktavastia.fi\/ammattiopisto\/","name":"Ammattiopisto Tavastia","description":"","potentialAction":[{"@type":"SearchAction","target":{"@type":"EntryPoint","urlTemplate":"https:\/\/www.kktavastia.fi\/ammattiopisto\/?s={search_term_string}"},"query-input":{"@type":"PropertyValueSpecification","valueRequired":true,"valueName":"search_term_string"}}],"inLanguage":"fi"}]}},"_links":{"self":[{"href":"https:\/\/www.kktavastia.fi\/ammattiopisto\/wp-json\/wp\/v2\/pages\/994","targetHints":{"allow":["GET"]}}],"collection":[{"href":"https:\/\/www.kktavastia.fi\/ammattiopisto\/wp-json\/wp\/v2\/pages"}],"about":[{"href":"https:\/\/www.kktavastia.fi\/ammattiopisto\/wp-json\/wp\/v2\/types\/page"}],"author":[{"embeddable":true,"href":"https:\/\/www.kktavastia.fi\/ammattiopisto\/wp-json\/wp\/v2\/users\/6"}],"replies":[{"embeddable":true,"href":"https:\/\/www.kktavastia.fi\/ammattiopisto\/wp-json\/wp\/v2\/comments?post=994"}],"version-history":[{"count":25,"href":"https:\/\/www.kktavastia.fi\/ammattiopisto\/wp-json\/wp\/v2\/pages\/994\/revisions"}],"predecessor-version":[{"id":118523,"href":"https:\/\/www.kktavastia.fi\/ammattiopisto\/wp-json\/wp\/v2\/pages\/994\/revisions\/118523"}],"up":[{"embeddable":true,"href":"https:\/\/www.kktavastia.fi\/ammattiopisto\/wp-json\/wp\/v2\/pages\/132"}],"wp:attachment":[{"href":"https:\/\/www.kktavastia.fi\/ammattiopisto\/wp-json\/wp\/v2\/media?parent=994"}],"curies":[{"name":"wp","href":"https:\/\/api.w.org\/{rel}","templated":true}]}}