{"id":934,"date":"2021-01-05T14:00:22","date_gmt":"2021-01-05T12:00:22","guid":{"rendered":"https:\/\/kktavastia.vaiheessa.fi\/ammattiopisto\/?page_id=934"},"modified":"2026-03-02T19:42:33","modified_gmt":"2026-03-02T17:42:33","slug":"harkintaan-perustuva-valinta","status":"publish","type":"page","link":"https:\/\/www.kktavastia.fi\/ammattiopisto\/hakijalle\/yhteishaku\/harkintaan-perustuva-valinta\/","title":{"rendered":"Harkintaan perustuva valinta"},"content":{"rendered":"\n<p class=\"is-style-ingress\">Harkintaan perustuvaa hakua k\u00e4ytet\u00e4\u00e4n yhteishaun rinnalla vain painavista syist\u00e4. Mahdollisia syit\u00e4 hakea harkintaan perustuvassa haussa ovat muun muassa oppimisvaikeudet tai todistuksen vertailuvaikeudet. <\/p>\n\n\n\n<p>Jos haluat tulla huomioiduksi my\u00f6s harkintaan perustuvassa haussa, hae normaalisti yhteishaussa ja klikkaa \u201dkyll\u00e4\u201d&nbsp;hakulomakkeen kysymyksess\u00e4 &#8221;Haetko koulutukseen harkintaan perustuvassa haussa?&#8221;. Muista toimittaa tarvittavat liitteet hakemaasi oppilaitokseen! Voit k\u00e4ytt\u00e4\u00e4 my\u00f6s Tavastian omaa liitelomaketta, jonka saat <a href=\"https:\/\/kktavastia.tweb.fi\/3\/195365\" target=\"_blank\" rel=\"noreferrer noopener\">t\u00e4st\u00e4<\/a>.<\/p>\n\n\n\n<h4 class=\"wp-block-heading\"><strong>Huomioithan, ett\u00e4<\/strong>&#8230;<\/h4>\n\n\n\n<ul class=\"wp-block-list\">\n<li>Ammattiopisto Tavastiaan riitt\u00e4v\u00e4t yhdet dokumentit\/hakija, vaikka hakisit useampaan koulutusvaihtoehtoon.<\/li>\n\n\n\n<li>Hakijan nimi, syntym\u00e4aika tai hakemusnumero + perustelut tai liitelomake&nbsp;<strong>on toimitettava oppilaitokseen&nbsp;viimeist\u00e4\u00e4n 27.3.2026 klo 15 postitse osoitteella: Ammattiopisto Tavastia, Harkintaan perustuva haku, PL 30, 13101 H\u00e4meenlinna.<\/strong><\/li>\n\n\n\n<li>Liitteit\u00e4 ei saa l\u00e4hett\u00e4\u00e4 tavallisella s\u00e4hk\u00f6postilla. Jos haluat l\u00e4hett\u00e4\u00e4 liitteet s\u00e4hk\u00f6postitse, k\u00e4yt\u00e4 turvapostia.<br>Turvaposti on tarkoitettu luottamuksellisten tietojen l\u00e4hett\u00e4miseen. <a href=\"https:\/\/secmail.com\/send\/DwKu3c85\">L\u00e4het\u00e4 turvapostia t\u00e4st\u00e4<\/a>.<\/li>\n\n\n\n<li>Harkintaan perustuvan valinnan ty\u00f6ryhm\u00e4 k\u00e4sittelee hakemukset oppilaitoksessa.<\/li>\n\n\n\n<li>Hakijoille ei erikseen ilmoiteta valinnasta harkintaan perustuvassa haussa, vaan hakija saa Opetushallituksen tuloskirjeen ja oppilaitokselta mahdollisen p\u00e4\u00e4t\u00f6ksen opiskelijavalinnasta, kun yhteishaun tulokset julkaistaan 11.6.2026.<\/li>\n<\/ul>\n\n\n\n<h4 class=\"wp-block-heading\">Syit\u00e4, joihin voi vedota harkintaan perustuvassa haussa:<\/h4>\n\n\n\n<ul class=\"wp-block-list\">\n<li><strong>Oppimisvaikeudet<\/strong><br><em>Kun hakija hakee alalle, jossa n\u00e4m\u00e4 oppimisvaikeudet voidaan ottaa huomioon.<\/em><\/li>\n\n\n\n<li><strong>Koulutodistuksen vertailuvaikeudet<\/strong><br><em>Esim. maahanmuuttaja, jolla ei ole suomalaista peruskoulutodistusta.<\/em><\/li>\n\n\n\n<li><strong>Koulutodistuksen puuttuminen<\/strong><br><em>Esim. jos peruskoulu on j\u00e4\u00e4nyt aikanaan kesken tai maahanmuuttajataustainen hakija, jolla ei ole lainkaan koulutodistuksia.<\/em><\/li>\n\n\n\n<li><strong>Sosiaaliset syyt<\/strong><br><em>Jos hakijan peruskoulutodistus ei vastaa kykyjen mukaista suoriutumista johtuen esimerkiksi pitk\u00e4aikaisesta sairaudesta, lastensuojelun toimenpiteist\u00e4 tai muista sellaisista merkitt\u00e4vist\u00e4 nuoreen tai perheeseen kohdistuneista asioista, joiden vuoksi suoriutuminen peruskoulussa ei ole ollut sit\u00e4 tasoa, jota se olisi ollut ilman n\u00e4it\u00e4 tekij\u00f6it\u00e4.<\/em><\/li>\n\n\n\n<li><strong>Tutkinnon suorittamiseen riitt\u00e4m\u00e4t\u00f6n tutkintokielen taito<\/strong>\n<ul class=\"wp-block-list\">\n<li><em>Tavastiassa on asetettu suomen kielen taidolle tutkintokohtaiset vaatimukset<\/em><\/li>\n\n\n\n<li><em>P\u00e4\u00e4s\u00e4\u00e4nt\u00f6isesti vieraskieliset hakijat kutsutaan kielikokeeseen<\/em><\/li>\n\n\n\n<li><em>Jos olet saamassa perusopetuksen p\u00e4\u00e4tt\u00f6todistuksen tai sinulla on jo peruskoulu suoritettuna Suomessa, kielitaitoa ei testata.<\/em><\/li>\n<\/ul>\n<\/li>\n<\/ul>\n\n\n\n<div class=\"wp-block-columns is-layout-flex wp-container-core-columns-is-layout-9d6595d7 wp-block-columns-is-layout-flex\">\n<div class=\"wp-block-column has-background is-layout-flow wp-block-column-is-layout-flow\" style=\"background-color:#fcb90017\">\n<ul class=\"wp-block-list\">\n<li><strong>Yksil\u00f6llistetty arvosana sek\u00e4 matematiikassa ett\u00e4 \u00e4idinkieless\u00e4<\/strong><br><em><em>Jos hakija on saanut perusopetuksen p\u00e4\u00e4tt\u00f6todistuksen ennen 1.8.2025 ja p\u00e4\u00e4tt\u00f6todistuksessa on yksil\u00f6llistetty arvosana<\/em> sek\u00e4 matematiikassa ett\u00e4 \u00e4idinkieless\u00e4,\u00a0<strong>hakijan hakemus muuttuu automaattisesti harkintaan perustuvaksi hakemukseksi.<\/strong>\u00a0T\u00e4ll\u00f6in hakija ei voi tulla valituksi muuten kuin oppilaitoksen harkintaan perustuvan valinnan kautta.<\/em> N\u00e4m\u00e4 hakijat kutsutaan erikseen lyhyeen haastatteluun. T\u00e4st\u00e4 ilmoitetaan hakijalle henkil\u00f6kohtaisesti. <\/li>\n\n\n\n<li>1.8.2025 j\u00e4lkeen perusopetuksen p\u00e4\u00e4tt\u00f6todistuksen saaneita t\u00e4m\u00e4 ei koske. Perusopetuksen arviointi on muuttunut, eik\u00e4 1.8.2025 j\u00e4lkeen en\u00e4\u00e4 anneta yksil\u00f6llistettyj\u00e4 arvosanoja, vaan tarvittaessa oppim\u00e4\u00e4r\u00e4 rajataan. T\u00e4ll\u00f6in hakija on mukana normaalissa pistevalinnassa.<\/li>\n<\/ul>\n<\/div>\n<\/div>\n\n\n\n<p>Jos sinulla ei ole suomalaista peruskoulun p\u00e4\u00e4tt\u00f6todistusta, valitset yhteishaun hakulomakkeella koulutustausta-kohdassa \u201dulkomailla suoritettu koulutus\u201d. T\u00e4m\u00e4n j\u00e4lkeen hakusi muuttuu automaattisesti harkintaan perustuvaksi hauksi.<\/p>\n\n\n\n<p>Kaikilta harkintaan perustuvassa haussa hakevilta edellytet\u00e4\u00e4n my\u00f6s tietoa siit\u00e4, onko h\u00e4nell\u00e4 riitt\u00e4v\u00e4t edellytykset suoriutua koulutuksesta, johon h\u00e4n harkintaan perustuvassa haussa hakee. Pyyd\u00e4mme liitt\u00e4m\u00e4\u00e4n oman, huoltajan, opinto-ohjaajan, erityisopettajan tai muun tahon arvion siit\u00e4, katsotaanko hakijalla olevan mahdollisuudet suoriutua ko. koulutuksesta. Lis\u00e4ksi peruskoulusta suoraan (9. luokalta) tulevien hakijoiden tulee liitt\u00e4\u00e4 kopio viimeisimm\u00e4st\u00e4 jaksotodistuksesta harkintaan perustuvan haun liitteeksi.<\/p>\n\n\n\n<h4 class=\"wp-block-heading\">P\u00e4\u00e4t\u00f6s perustuu koulutuksen j\u00e4rjest\u00e4j\u00e4n harkintaan<\/h4>\n\n\n\n<p>Koulutuksen j\u00e4rjest\u00e4j\u00e4 p\u00e4\u00e4tt\u00e4\u00e4, puoltaako se hakijaa harkintaan perustuvassa haussa. Harkintaan perustuvassa haussa voidaan puoltaa enint\u00e4\u00e4n 30 % hakukohteesta. Koulutuksen j\u00e4rjest\u00e4j\u00e4ll\u00e4 ei ole velvoitetta puoltaa hakijoita harkintaan perustuvassa haussa. P\u00e4\u00e4t\u00f6kset perustuvat koulutuksen j\u00e4rjest\u00e4j\u00e4n harkintaan. Hakija on mukana normaalissa hakuprosessissa, mink\u00e4 kautta h\u00e4n voi p\u00e4\u00e4st\u00e4 koulutukseen ilman harkintaan perustuvaa hakuakin. Poikkeuksena on tilanne, jossa hakijalla on yksil\u00f6llistetty arvosana sek\u00e4 matematiikassa ett\u00e4 \u00e4idinkieless\u00e4 tai hakijan pohjakoulutus on ulkomailla suoritettu koulutus, t\u00e4ll\u00f6in hakija on mukana vain harkintaan perustuvassa haussa.<\/p>\n","protected":false},"excerpt":{"rendered":"<p>Harkintaan perustuvaa hakua k\u00e4ytet\u00e4\u00e4n yhteishaun rinnalla vain painavista syist\u00e4. Mahdollisia syit\u00e4 hakea harkintaan perustuvassa haussa ovat muun muassa oppimisvaikeudet tai [&hellip;]<\/p>\n","protected":false},"author":6,"featured_media":0,"parent":132,"menu_order":0,"comment_status":"closed","ping_status":"closed","template":"","meta":{"_acf_changed":false,"_relevanssi_hide_post":"","_relevanssi_hide_content":"","_relevanssi_pin_for_all":"","_relevanssi_pin_keywords":"","_relevanssi_unpin_keywords":"","_relevanssi_related_keywords":"","_relevanssi_related_include_ids":"","_relevanssi_related_exclude_ids":"","_relevanssi_related_no_append":"","_relevanssi_related_not_related":"","_relevanssi_related_posts":"132,134,936,2,991,40171","_relevanssi_noindex_reason":"","footnotes":""},"class_list":["post-934","page","type-page","status-publish","hentry"],"acf":[],"yoast_head":"<title>Harkintaan perustuva valinta - Ammattiopisto Tavastia<\/title>\n<meta name=\"robots\" content=\"index, follow, max-snippet:-1, max-image-preview:large, max-video-preview:-1\" \/>\n<link rel=\"canonical\" href=\"https:\/\/www.kktavastia.fi\/ammattiopisto\/hakijalle\/yhteishaku\/harkintaan-perustuva-valinta\/\" \/>\n<meta property=\"og:locale\" content=\"fi_FI\" \/>\n<meta property=\"og:type\" content=\"article\" \/>\n<meta property=\"og:title\" content=\"Harkintaan perustuva valinta - Ammattiopisto Tavastia\" \/>\n<meta property=\"og:description\" content=\"Harkintaan perustuvaa hakua k\u00e4ytet\u00e4\u00e4n yhteishaun rinnalla vain painavista syist\u00e4. Mahdollisia syit\u00e4 hakea harkintaan perustuvassa haussa ovat muun muassa oppimisvaikeudet tai [&hellip;]\" \/>\n<meta property=\"og:url\" content=\"https:\/\/www.kktavastia.fi\/ammattiopisto\/hakijalle\/yhteishaku\/harkintaan-perustuva-valinta\/\" \/>\n<meta property=\"og:site_name\" content=\"Ammattiopisto Tavastia\" \/>\n<meta property=\"article:modified_time\" content=\"2026-03-02T17:42:33+00:00\" \/>\n<meta name=\"twitter:card\" content=\"summary_large_image\" \/>\n<script type=\"application\/ld+json\" class=\"yoast-schema-graph\">{\"@context\":\"https:\\\/\\\/schema.org\",\"@graph\":[{\"@type\":\"WebPage\",\"@id\":\"https:\\\/\\\/www.kktavastia.fi\\\/ammattiopisto\\\/hakijalle\\\/yhteishaku\\\/harkintaan-perustuva-valinta\\\/\",\"url\":\"https:\\\/\\\/www.kktavastia.fi\\\/ammattiopisto\\\/hakijalle\\\/yhteishaku\\\/harkintaan-perustuva-valinta\\\/\",\"name\":\"Harkintaan perustuva valinta - Ammattiopisto Tavastia\",\"isPartOf\":{\"@id\":\"https:\\\/\\\/www.kktavastia.fi\\\/ammattiopisto\\\/#website\"},\"datePublished\":\"2021-01-05T12:00:22+00:00\",\"dateModified\":\"2026-03-02T17:42:33+00:00\",\"breadcrumb\":{\"@id\":\"https:\\\/\\\/www.kktavastia.fi\\\/ammattiopisto\\\/hakijalle\\\/yhteishaku\\\/harkintaan-perustuva-valinta\\\/#breadcrumb\"},\"inLanguage\":\"fi\",\"potentialAction\":[{\"@type\":\"ReadAction\",\"target\":[\"https:\\\/\\\/www.kktavastia.fi\\\/ammattiopisto\\\/hakijalle\\\/yhteishaku\\\/harkintaan-perustuva-valinta\\\/\"]}]},{\"@type\":\"BreadcrumbList\",\"@id\":\"https:\\\/\\\/www.kktavastia.fi\\\/ammattiopisto\\\/hakijalle\\\/yhteishaku\\\/harkintaan-perustuva-valinta\\\/#breadcrumb\",\"itemListElement\":[{\"@type\":\"ListItem\",\"position\":1,\"name\":\"Home\",\"item\":\"https:\\\/\\\/www.kktavastia.fi\\\/ammattiopisto\\\/\"},{\"@type\":\"ListItem\",\"position\":2,\"name\":\"Hakijalle\",\"item\":\"https:\\\/\\\/www.kktavastia.fi\\\/ammattiopisto\\\/hakijalle\\\/\"},{\"@type\":\"ListItem\",\"position\":3,\"name\":\"Yhteishaku\",\"item\":\"https:\\\/\\\/www.kktavastia.fi\\\/ammattiopisto\\\/hakijalle\\\/yhteishaku\\\/\"},{\"@type\":\"ListItem\",\"position\":4,\"name\":\"Harkintaan perustuva valinta\"}]},{\"@type\":\"WebSite\",\"@id\":\"https:\\\/\\\/www.kktavastia.fi\\\/ammattiopisto\\\/#website\",\"url\":\"https:\\\/\\\/www.kktavastia.fi\\\/ammattiopisto\\\/\",\"name\":\"Ammattiopisto Tavastia\",\"description\":\"\",\"potentialAction\":[{\"@type\":\"SearchAction\",\"target\":{\"@type\":\"EntryPoint\",\"urlTemplate\":\"https:\\\/\\\/www.kktavastia.fi\\\/ammattiopisto\\\/?s={search_term_string}\"},\"query-input\":{\"@type\":\"PropertyValueSpecification\",\"valueRequired\":true,\"valueName\":\"search_term_string\"}}],\"inLanguage\":\"fi\"}]}<\/script>","yoast_head_json":{"title":"Harkintaan perustuva valinta - Ammattiopisto Tavastia","robots":{"index":"index","follow":"follow","max-snippet":"max-snippet:-1","max-image-preview":"max-image-preview:large","max-video-preview":"max-video-preview:-1"},"canonical":"https:\/\/www.kktavastia.fi\/ammattiopisto\/hakijalle\/yhteishaku\/harkintaan-perustuva-valinta\/","og_locale":"fi_FI","og_type":"article","og_title":"Harkintaan perustuva valinta - Ammattiopisto Tavastia","og_description":"Harkintaan perustuvaa hakua k\u00e4ytet\u00e4\u00e4n yhteishaun rinnalla vain painavista syist\u00e4. Mahdollisia syit\u00e4 hakea harkintaan perustuvassa haussa ovat muun muassa oppimisvaikeudet tai [&hellip;]","og_url":"https:\/\/www.kktavastia.fi\/ammattiopisto\/hakijalle\/yhteishaku\/harkintaan-perustuva-valinta\/","og_site_name":"Ammattiopisto Tavastia","article_modified_time":"2026-03-02T17:42:33+00:00","twitter_card":"summary_large_image","schema":{"@context":"https:\/\/schema.org","@graph":[{"@type":"WebPage","@id":"https:\/\/www.kktavastia.fi\/ammattiopisto\/hakijalle\/yhteishaku\/harkintaan-perustuva-valinta\/","url":"https:\/\/www.kktavastia.fi\/ammattiopisto\/hakijalle\/yhteishaku\/harkintaan-perustuva-valinta\/","name":"Harkintaan perustuva valinta - Ammattiopisto Tavastia","isPartOf":{"@id":"https:\/\/www.kktavastia.fi\/ammattiopisto\/#website"},"datePublished":"2021-01-05T12:00:22+00:00","dateModified":"2026-03-02T17:42:33+00:00","breadcrumb":{"@id":"https:\/\/www.kktavastia.fi\/ammattiopisto\/hakijalle\/yhteishaku\/harkintaan-perustuva-valinta\/#breadcrumb"},"inLanguage":"fi","potentialAction":[{"@type":"ReadAction","target":["https:\/\/www.kktavastia.fi\/ammattiopisto\/hakijalle\/yhteishaku\/harkintaan-perustuva-valinta\/"]}]},{"@type":"BreadcrumbList","@id":"https:\/\/www.kktavastia.fi\/ammattiopisto\/hakijalle\/yhteishaku\/harkintaan-perustuva-valinta\/#breadcrumb","itemListElement":[{"@type":"ListItem","position":1,"name":"Home","item":"https:\/\/www.kktavastia.fi\/ammattiopisto\/"},{"@type":"ListItem","position":2,"name":"Hakijalle","item":"https:\/\/www.kktavastia.fi\/ammattiopisto\/hakijalle\/"},{"@type":"ListItem","position":3,"name":"Yhteishaku","item":"https:\/\/www.kktavastia.fi\/ammattiopisto\/hakijalle\/yhteishaku\/"},{"@type":"ListItem","position":4,"name":"Harkintaan perustuva valinta"}]},{"@type":"WebSite","@id":"https:\/\/www.kktavastia.fi\/ammattiopisto\/#website","url":"https:\/\/www.kktavastia.fi\/ammattiopisto\/","name":"Ammattiopisto Tavastia","description":"","potentialAction":[{"@type":"SearchAction","target":{"@type":"EntryPoint","urlTemplate":"https:\/\/www.kktavastia.fi\/ammattiopisto\/?s={search_term_string}"},"query-input":{"@type":"PropertyValueSpecification","valueRequired":true,"valueName":"search_term_string"}}],"inLanguage":"fi"}]}},"_links":{"self":[{"href":"https:\/\/www.kktavastia.fi\/ammattiopisto\/wp-json\/wp\/v2\/pages\/934","targetHints":{"allow":["GET"]}}],"collection":[{"href":"https:\/\/www.kktavastia.fi\/ammattiopisto\/wp-json\/wp\/v2\/pages"}],"about":[{"href":"https:\/\/www.kktavastia.fi\/ammattiopisto\/wp-json\/wp\/v2\/types\/page"}],"author":[{"embeddable":true,"href":"https:\/\/www.kktavastia.fi\/ammattiopisto\/wp-json\/wp\/v2\/users\/6"}],"replies":[{"embeddable":true,"href":"https:\/\/www.kktavastia.fi\/ammattiopisto\/wp-json\/wp\/v2\/comments?post=934"}],"version-history":[{"count":24,"href":"https:\/\/www.kktavastia.fi\/ammattiopisto\/wp-json\/wp\/v2\/pages\/934\/revisions"}],"predecessor-version":[{"id":147624,"href":"https:\/\/www.kktavastia.fi\/ammattiopisto\/wp-json\/wp\/v2\/pages\/934\/revisions\/147624"}],"up":[{"embeddable":true,"href":"https:\/\/www.kktavastia.fi\/ammattiopisto\/wp-json\/wp\/v2\/pages\/132"}],"wp:attachment":[{"href":"https:\/\/www.kktavastia.fi\/ammattiopisto\/wp-json\/wp\/v2\/media?parent=934"}],"curies":[{"name":"wp","href":"https:\/\/api.w.org\/{rel}","templated":true}]}}