{"id":40121,"date":"2024-06-27T13:58:55","date_gmt":"2024-06-27T10:58:55","guid":{"rendered":"https:\/\/www.kktavastia.fi\/ammattiopisto\/?page_id=40121"},"modified":"2024-09-04T13:58:47","modified_gmt":"2024-09-04T10:58:47","slug":"kansainvalisyys","status":"publish","type":"page","link":"https:\/\/www.kktavastia.fi\/ammattiopisto\/tietoa-ammattiopistosta\/kansainvalisyys\/","title":{"rendered":"Kansainv\u00e4lisyys"},"content":{"rendered":"\n<p class=\"is-style-ingress\">Tavastian oppilaitoksissa kannustetaan opiskelijoita ja henkil\u00f6kuntaa kansainv\u00e4liseen verkostoitumiseen ja yhteisty\u00f6h\u00f6n. Kansainv\u00e4linen toiminta edellytt\u00e4\u00e4 tietoja, taitoja ja asenteita, jotka kehittyv\u00e4t k\u00e4yt\u00e4nn\u00f6n tilanteissa, yhteisty\u00f6ss\u00e4 harjoitellen. Kansainv\u00e4lisyys on osa ty\u00f6el\u00e4m\u00e4\u00e4 ja maailmankansalaiseksi kasvamista.&nbsp;Siihen liittyv\u00e4t vahvasti my\u00f6s eri kulttuurien kunnioitus, eettisyys ja vastuullisuus.<\/p>\n\n\n\n<p>Tavastian kansainv\u00e4lisyys n\u00e4ytt\u00e4ytyy kotikansainv\u00e4lisyyten\u00e4, virtuaalikansainv\u00e4lisyyten\u00e4, kansainv\u00e4lisin\u00e4 liikkuvuusjaksoina ja kansainv\u00e4listen verkostojen kanssa toimimisena.<\/p>\n\n\n\n<h3 class=\"wp-block-heading\">Kansainv\u00e4lisyys vahvistaa kansallista ja seudullista elinvoimaa<\/h3>\n\n\n\n<p>Ammattiopisto Tavastia toimii yhteisty\u00f6ss\u00e4 oman seutukunnan yritysten, alueen muiden oppilaitosten sek\u00e4 valtakunnallisten toimijoiden kanssa kansainv\u00e4lisyyden edist\u00e4miseksi. Yritykset hy\u00f6dynt\u00e4v\u00e4t kansainv\u00e4lisi\u00e4 ty\u00f6harjoittelijoitamme, ja osallistumme alueen elinvoimaa vahvistaviin kansainv\u00e4lisiin hankkeisiin. Tarjoamme my\u00f6s seutukunnan kansainv\u00e4lisyytt\u00e4 tukevaa t\u00e4ydennyskoulutusta.<\/p>\n\n\n\n<p>Ammattiopisto Tavastiassa on kuusi kansainv\u00e4lisyysvastaavaa, jotka tekev\u00e4t k\u00e4yt\u00e4nn\u00f6n kansainv\u00e4lisyysty\u00f6t\u00e4 opiskelijoiden parissa. N\u00e4in kansainv\u00e4lisyytt\u00e4 pystyt\u00e4\u00e4n viem\u00e4\u00e4n osastoille mahdollisimman l\u00e4helle opiskelijoita, jolloin heid\u00e4n innostamisensa toimintaan on luontevaa ja tiedonsaanti tapahtuu v\u00e4litt\u00f6m\u00e4sti. Ammattiopistossa on my\u00f6s KV-tiimi, joka k\u00e4y jatkuvaa keskustelua kansainv\u00e4lisyysohjelman toteuttamisesta ja kehitt\u00e4misest\u00e4. KV-tiimi\u00e4 johtaa kehitysjohtaja Arto Ruhala. <\/p>\n\n\n\n<p>Kansainv\u00e4lisell\u00e4 toiminnalla on pitk\u00e4t perinteet. Meneill\u00e4\u00e4n olevissa hankkeissa on kumppaneita noin 20 maasta ja oppilaitoksia tai yrityksi\u00e4 on yli 50. Kumppanien verkosto kattaa koko Euroopan ja jaksoja on toteutettu my\u00f6s esimerkiksi Yhdysvalloissa ja Japanissa.<\/p>\n\n\n\n<p>T\u00e4\u00e4lt\u00e4 l\u00f6yd\u00e4t meneill\u00e4\u00e4n olevat <a href=\"https:\/\/www.kktavastia.fi\/projektit\/kansainvalisyysprojektit\/\">kansainv\u00e4lisyyshankkeidemme kuvaukset<\/a>.<\/p>\n\n\n\n<p>Kev\u00e4\u00e4n 2022 aikana Ammattiopisto Tavastiasta oli ulkomaan jaksolla 29 opiskelijaa ja 26 henkil\u00f6st\u00f6n j\u00e4sent\u00e4. Opiskelijoiden jaksojen kestot ovat olleet keskim\u00e4\u00e4rin 2\u20134 viikkoa. Henkil\u00f6st\u00f6n jaksot ovat olleet noin viikon mittaisia. Ulkomaisilta yhteisty\u00f6kumppaneilta on saapui samaan aikaan 28 opiskelijaa, jotka ovat p\u00e4\u00e4osin suorittaneet jaksoja ty\u00f6paikoilla ja 31 henkil\u00f6st\u00f6n j\u00e4sent\u00e4, jotka ovat tutustuneet oppilaitokseen esimerkiksi jobshadowing -jaksolla.<\/p>\n\n\n\n<p>Kumppaniorganisaatioita Ammattiopisto Tavastialla on yli 50, sijaiten eri kohdemaissa ymp\u00e4ri Eurooppaa kuten Ruotsissa, Tanskassa, Virossa, Hollannissa, Belgiassa, Ranskassa, Espanjassa, Italiassa, Kreikassa ja Irlannissa sek\u00e4 muualla maailmassa.<\/p>\n\n\n\n<h3 class=\"wp-block-heading\">Mit\u00e4 on kotikansainv\u00e4lisyys?<\/h3>\n\n\n\n<p>Kansainv\u00e4listen liikkuvuusjaksojen lis\u00e4ksi my\u00f6s kotimaassa voi osallistua kansainv\u00e4liseen toimintaan. Opetukseen sis\u00e4ltyviss\u00e4 kansainv\u00e4lisiss\u00e4 projekteissa opiskelijat p\u00e4\u00e4sev\u00e4t harjoittelemaan kansainv\u00e4lisyystaitoja. Ammattiopiston opiskelijoista noin 17 prosentilla on \u00e4idinkielen\u00e4 jokin muu kuin suomi tai ruotsi ja opiskelutoverien kautta voi saada yhteyden kymmeniin eri kulttuureihin. Eri alojen yrityksess\u00e4 kansainv\u00e4lisyysosaaminen ja kielitaito on hy\u00f6dyksi. Suomessa liikkuvuusjaksolla oleviin kansainv\u00e4lisiin opiskelijoihin tutustuessa ja heid\u00e4n kanssaan toimiessa opiskelijat p\u00e4\u00e4sev\u00e4t jakamaan kokemuksia ja osaamista eri maiden perinteist\u00e4 ja kulttuurista.<\/p>\n\n\n\n<p>KV-vaihtojen kokemuksia ja niist\u00e4 syntyneit\u00e4 dokumentteja k\u00e4ytet\u00e4\u00e4n apuna innostamassa uusia opiskelijoita mukaan kansainv\u00e4liseen toimintaan. My\u00f6s ammattiinsa valmistuneet opiskelijat voivat toimia vierailujen sek\u00e4 tulevien KV-vaihtojen mentoreina tai alumneina.<\/p>\n\n\n\n<p>Kansainv\u00e4lisyys n\u00e4kyy Ammattiopisto Tavastialla my\u00f6s yhteisten tutkinnon osien opiskelussa. Pakollisten englannin ja ruotsin kieliopintojen lis\u00e4ksi voi valita erilaisia kansainv\u00e4lisyyteen kannustavia valinnaiskursseja. Valinnaisia kieliopintoja voi suorittaa my\u00f6s virosta, ven\u00e4j\u00e4st\u00e4, ranskasta tai saksasta. Asiakaspalveluruotsi-kurssi parantaa kansainv\u00e4lisi\u00e4 valmiuksia etenkin palvelualoilla. Kulinaariranskaa-kurssilla opitaan ranskalaisen keitti\u00f6n sanastoa.<\/p>\n\n\n\n<p>Ammattiopisto Tavastiassa on syksyst\u00e4 2022 alkaen ollut mahdollista suorittaa ammatillinen valinnainen tutkinnon osa, Kansainv\u00e4lisess\u00e4 ty\u00f6ymp\u00e4rist\u00f6ss\u00e4 toimiminen 15 osp. <\/p>\n","protected":false},"excerpt":{"rendered":"<p>Tavastian oppilaitoksissa kannustetaan opiskelijoita ja henkil\u00f6kuntaa kansainv\u00e4liseen verkostoitumiseen ja yhteisty\u00f6h\u00f6n. Kansainv\u00e4linen toiminta edellytt\u00e4\u00e4 tietoja, taitoja ja asenteita, jotka kehittyv\u00e4t k\u00e4yt\u00e4nn\u00f6n [&hellip;]<\/p>\n","protected":false},"author":5,"featured_media":0,"parent":127,"menu_order":5,"comment_status":"closed","ping_status":"closed","template":"","meta":{"_acf_changed":false,"_relevanssi_hide_post":"","_relevanssi_hide_content":"","_relevanssi_pin_for_all":"","_relevanssi_pin_keywords":"","_relevanssi_unpin_keywords":"","_relevanssi_related_keywords":"","_relevanssi_related_include_ids":"","_relevanssi_related_exclude_ids":"","_relevanssi_related_no_append":"","_relevanssi_related_not_related":"","_relevanssi_related_posts":"","_relevanssi_noindex_reason":"","footnotes":""},"class_list":["post-40121","page","type-page","status-publish","hentry"],"acf":[],"yoast_head":"<title>Kansainv\u00e4lisyys - Ammattiopisto Tavastia<\/title>\n<meta name=\"robots\" content=\"index, follow, max-snippet:-1, max-image-preview:large, max-video-preview:-1\" \/>\n<link rel=\"canonical\" href=\"https:\/\/www.kktavastia.fi\/ammattiopisto\/tietoa-ammattiopistosta\/kansainvalisyys\/\" \/>\n<meta property=\"og:locale\" content=\"fi_FI\" \/>\n<meta property=\"og:type\" content=\"article\" \/>\n<meta property=\"og:title\" content=\"Kansainv\u00e4lisyys - Ammattiopisto Tavastia\" \/>\n<meta property=\"og:description\" content=\"Tavastian oppilaitoksissa kannustetaan opiskelijoita ja henkil\u00f6kuntaa kansainv\u00e4liseen verkostoitumiseen ja yhteisty\u00f6h\u00f6n. Kansainv\u00e4linen toiminta edellytt\u00e4\u00e4 tietoja, taitoja ja asenteita, jotka kehittyv\u00e4t k\u00e4yt\u00e4nn\u00f6n [&hellip;]\" \/>\n<meta property=\"og:url\" content=\"https:\/\/www.kktavastia.fi\/ammattiopisto\/tietoa-ammattiopistosta\/kansainvalisyys\/\" \/>\n<meta property=\"og:site_name\" content=\"Ammattiopisto Tavastia\" \/>\n<meta property=\"article:modified_time\" content=\"2024-09-04T10:58:47+00:00\" \/>\n<meta name=\"twitter:card\" content=\"summary_large_image\" \/>\n<script type=\"application\/ld+json\" class=\"yoast-schema-graph\">{\"@context\":\"https:\\\/\\\/schema.org\",\"@graph\":[{\"@type\":\"WebPage\",\"@id\":\"https:\\\/\\\/www.kktavastia.fi\\\/ammattiopisto\\\/tietoa-ammattiopistosta\\\/kansainvalisyys\\\/\",\"url\":\"https:\\\/\\\/www.kktavastia.fi\\\/ammattiopisto\\\/tietoa-ammattiopistosta\\\/kansainvalisyys\\\/\",\"name\":\"Kansainv\u00e4lisyys - Ammattiopisto Tavastia\",\"isPartOf\":{\"@id\":\"https:\\\/\\\/www.kktavastia.fi\\\/ammattiopisto\\\/#website\"},\"datePublished\":\"2024-06-27T10:58:55+00:00\",\"dateModified\":\"2024-09-04T10:58:47+00:00\",\"breadcrumb\":{\"@id\":\"https:\\\/\\\/www.kktavastia.fi\\\/ammattiopisto\\\/tietoa-ammattiopistosta\\\/kansainvalisyys\\\/#breadcrumb\"},\"inLanguage\":\"fi\",\"potentialAction\":[{\"@type\":\"ReadAction\",\"target\":[\"https:\\\/\\\/www.kktavastia.fi\\\/ammattiopisto\\\/tietoa-ammattiopistosta\\\/kansainvalisyys\\\/\"]}]},{\"@type\":\"BreadcrumbList\",\"@id\":\"https:\\\/\\\/www.kktavastia.fi\\\/ammattiopisto\\\/tietoa-ammattiopistosta\\\/kansainvalisyys\\\/#breadcrumb\",\"itemListElement\":[{\"@type\":\"ListItem\",\"position\":1,\"name\":\"Home\",\"item\":\"https:\\\/\\\/www.kktavastia.fi\\\/ammattiopisto\\\/\"},{\"@type\":\"ListItem\",\"position\":2,\"name\":\"Tietoa ammattiopistosta\",\"item\":\"https:\\\/\\\/www.kktavastia.fi\\\/ammattiopisto\\\/tietoa-ammattiopistosta\\\/\"},{\"@type\":\"ListItem\",\"position\":3,\"name\":\"Kansainv\u00e4lisyys\"}]},{\"@type\":\"WebSite\",\"@id\":\"https:\\\/\\\/www.kktavastia.fi\\\/ammattiopisto\\\/#website\",\"url\":\"https:\\\/\\\/www.kktavastia.fi\\\/ammattiopisto\\\/\",\"name\":\"Ammattiopisto Tavastia\",\"description\":\"\",\"potentialAction\":[{\"@type\":\"SearchAction\",\"target\":{\"@type\":\"EntryPoint\",\"urlTemplate\":\"https:\\\/\\\/www.kktavastia.fi\\\/ammattiopisto\\\/?s={search_term_string}\"},\"query-input\":{\"@type\":\"PropertyValueSpecification\",\"valueRequired\":true,\"valueName\":\"search_term_string\"}}],\"inLanguage\":\"fi\"}]}<\/script>","yoast_head_json":{"title":"Kansainv\u00e4lisyys - Ammattiopisto Tavastia","robots":{"index":"index","follow":"follow","max-snippet":"max-snippet:-1","max-image-preview":"max-image-preview:large","max-video-preview":"max-video-preview:-1"},"canonical":"https:\/\/www.kktavastia.fi\/ammattiopisto\/tietoa-ammattiopistosta\/kansainvalisyys\/","og_locale":"fi_FI","og_type":"article","og_title":"Kansainv\u00e4lisyys - Ammattiopisto Tavastia","og_description":"Tavastian oppilaitoksissa kannustetaan opiskelijoita ja henkil\u00f6kuntaa kansainv\u00e4liseen verkostoitumiseen ja yhteisty\u00f6h\u00f6n. Kansainv\u00e4linen toiminta edellytt\u00e4\u00e4 tietoja, taitoja ja asenteita, jotka kehittyv\u00e4t k\u00e4yt\u00e4nn\u00f6n [&hellip;]","og_url":"https:\/\/www.kktavastia.fi\/ammattiopisto\/tietoa-ammattiopistosta\/kansainvalisyys\/","og_site_name":"Ammattiopisto Tavastia","article_modified_time":"2024-09-04T10:58:47+00:00","twitter_card":"summary_large_image","schema":{"@context":"https:\/\/schema.org","@graph":[{"@type":"WebPage","@id":"https:\/\/www.kktavastia.fi\/ammattiopisto\/tietoa-ammattiopistosta\/kansainvalisyys\/","url":"https:\/\/www.kktavastia.fi\/ammattiopisto\/tietoa-ammattiopistosta\/kansainvalisyys\/","name":"Kansainv\u00e4lisyys - Ammattiopisto Tavastia","isPartOf":{"@id":"https:\/\/www.kktavastia.fi\/ammattiopisto\/#website"},"datePublished":"2024-06-27T10:58:55+00:00","dateModified":"2024-09-04T10:58:47+00:00","breadcrumb":{"@id":"https:\/\/www.kktavastia.fi\/ammattiopisto\/tietoa-ammattiopistosta\/kansainvalisyys\/#breadcrumb"},"inLanguage":"fi","potentialAction":[{"@type":"ReadAction","target":["https:\/\/www.kktavastia.fi\/ammattiopisto\/tietoa-ammattiopistosta\/kansainvalisyys\/"]}]},{"@type":"BreadcrumbList","@id":"https:\/\/www.kktavastia.fi\/ammattiopisto\/tietoa-ammattiopistosta\/kansainvalisyys\/#breadcrumb","itemListElement":[{"@type":"ListItem","position":1,"name":"Home","item":"https:\/\/www.kktavastia.fi\/ammattiopisto\/"},{"@type":"ListItem","position":2,"name":"Tietoa ammattiopistosta","item":"https:\/\/www.kktavastia.fi\/ammattiopisto\/tietoa-ammattiopistosta\/"},{"@type":"ListItem","position":3,"name":"Kansainv\u00e4lisyys"}]},{"@type":"WebSite","@id":"https:\/\/www.kktavastia.fi\/ammattiopisto\/#website","url":"https:\/\/www.kktavastia.fi\/ammattiopisto\/","name":"Ammattiopisto Tavastia","description":"","potentialAction":[{"@type":"SearchAction","target":{"@type":"EntryPoint","urlTemplate":"https:\/\/www.kktavastia.fi\/ammattiopisto\/?s={search_term_string}"},"query-input":{"@type":"PropertyValueSpecification","valueRequired":true,"valueName":"search_term_string"}}],"inLanguage":"fi"}]}},"_links":{"self":[{"href":"https:\/\/www.kktavastia.fi\/ammattiopisto\/wp-json\/wp\/v2\/pages\/40121","targetHints":{"allow":["GET"]}}],"collection":[{"href":"https:\/\/www.kktavastia.fi\/ammattiopisto\/wp-json\/wp\/v2\/pages"}],"about":[{"href":"https:\/\/www.kktavastia.fi\/ammattiopisto\/wp-json\/wp\/v2\/types\/page"}],"author":[{"embeddable":true,"href":"https:\/\/www.kktavastia.fi\/ammattiopisto\/wp-json\/wp\/v2\/users\/5"}],"replies":[{"embeddable":true,"href":"https:\/\/www.kktavastia.fi\/ammattiopisto\/wp-json\/wp\/v2\/comments?post=40121"}],"version-history":[{"count":10,"href":"https:\/\/www.kktavastia.fi\/ammattiopisto\/wp-json\/wp\/v2\/pages\/40121\/revisions"}],"predecessor-version":[{"id":51452,"href":"https:\/\/www.kktavastia.fi\/ammattiopisto\/wp-json\/wp\/v2\/pages\/40121\/revisions\/51452"}],"up":[{"embeddable":true,"href":"https:\/\/www.kktavastia.fi\/ammattiopisto\/wp-json\/wp\/v2\/pages\/127"}],"wp:attachment":[{"href":"https:\/\/www.kktavastia.fi\/ammattiopisto\/wp-json\/wp\/v2\/media?parent=40121"}],"curies":[{"name":"wp","href":"https:\/\/api.w.org\/{rel}","templated":true}]}}