{"id":39687,"date":"2024-06-25T12:09:43","date_gmt":"2024-06-25T09:09:43","guid":{"rendered":"https:\/\/www.kktavastia.fi\/ammattiopisto\/?page_id=39687"},"modified":"2026-01-28T16:46:32","modified_gmt":"2026-01-28T14:46:32","slug":"opiskeluarki","status":"publish","type":"page","link":"https:\/\/www.kktavastia.fi\/ammattiopisto\/opiskelijalle\/opiskelu\/opiskeluarki\/","title":{"rendered":"Opiskeluarki"},"content":{"rendered":"\n<h3 class=\"wp-block-heading\">Ty\u00f6- ja loma-ajat, lukuvuosi 2025\u20132026<\/h3>\n\n\n\n<p><strong>Kev\u00e4tlukukausi 7.1.\u201329.5.2026<\/strong><br>Talviloma viikko 9: 23.2.\u20131.3.2026, mahdollisuus vaihteluun viikkojen 8\u201310 aikana opiskelijan HOKSin tai ryhm\u00e4n suunnitelman mukaan<br>P\u00e4\u00e4si\u00e4inen 3.4\u20136.4.2026<br>Vapaap\u00e4iv\u00e4t: Vappu 1.5.2026 sek\u00e4 helatorstai ja sen j\u00e4lkeinen perjantai 14.\u201315.5.2026<\/p>\n\n\n\n<p><strong>Kes\u00e4lukukausi 1.6.\u201312.6.2026<\/strong><br>Opiskelija voi opiskella oman HOKSin tai ryhm\u00e4n suunnitelman mukaan my\u00f6s ma 15.6.\u201331.7.2026<br><br>Ty\u00f6voimaopiskelijoiden lomaviikko 22.\u201328.6.2026<\/p>\n\n\n\n<h3 class=\"wp-block-heading\">Ty\u00f6- ja loma-ajat, lukuvuosi 2026\u20132027<\/h3>\n\n\n\n<p><strong>Syyslukukausi<\/strong><br>Aloittavat opiskelijat 5.8.\u201322.12.2026<br>Jatkavat opiskelijat 10.8.\u201322.12.2026<br>Syysloma viikko 42: 12.\u201318.10.2026, mahdollisuus vaihteluun viikkojen 41\u201344 aikana opiskelijan HOKSin tai ryhm\u00e4n suunnitelman mukaan<br>Joululoma 23.12.2026\u20136.1.2027<\/p>\n\n\n\n<p><strong>Kev\u00e4tlukukausi 7.1.\u20134.6.2027<\/strong><br>Talviloma viikko 9: 1.\u20137.3.2027, mahdollisuus vaihteluun viikkojen 8\u201310 aikana opiskelijan HOKSin tai ryhm\u00e4n suunnitelman mukaan<br>P\u00e4\u00e4si\u00e4inen 26.\u201329.3.2027<br>Vapaap\u00e4iv\u00e4t: Helatorstai ja sen j\u00e4lkeinen perjantai 6.\u20137.5.2027<\/p>\n\n\n\n<p><strong>Kes\u00e4lukukausi 7.6.\u201318.6.2027<\/strong><br>Opiskelija voi opiskella oman HOKSin tai ryhm\u00e4n suunnitelman mukaan my\u00f6s 21.6.\u201331.7.2027<\/p>\n\n\n\n<p>Ty\u00f6voimaopiskelijoiden lomaviikot 23.\u201331.12.2026 ja 28.6.\u20134.7.2027<\/p>\n\n\n\n<h3 class=\"wp-block-heading\">Ty\u00f6j\u00e4rjestys<\/h3>\n\n\n\n<p>Opiskelijan ty\u00f6j\u00e4rjestys on Wilmassa. Ty\u00f6j\u00e4rjestykseen voi tulla muutoksia. Oppitunnin pituus on 75 minuuttia.<\/p>\n\n\n\n<h3 class=\"wp-block-heading\">Ruokailu<\/h3>\n\n\n\n<p>Ruokailu tapahtuu porrastetusti klo 11.00\u201312.20 v\u00e4lisen\u00e4 aikana.<\/p>\n\n\n\n<p>Maksuttomaan aamupuuroon ja lounaaseen koulup\u00e4ivin\u00e4 ovat oikeutettuja perustutkintoa, TUVA-koulutusta ja aikuisten perusopetusta suorittavat opiskelijat lukuun ottamatta oppisopimus- ja ty\u00f6voimakoulutuksen opiskelijoita. Maksuton ateria ei kuulu my\u00f6sk\u00e4\u00e4n ammatti- ja erikoisammattitutkintokoulutuksessa oleville opiskelijoille.<\/p>\n\n\n\n<p>Ammatti- ja erikoisammattitutkintoa suorittavat sek\u00e4 oppisopimuksessa ja ty\u00f6voimakoulutuksessa olevat voivat ruokailla kuvallista henkil\u00f6korttia n\u00e4ytt\u00e4m\u00e4ll\u00e4 Ammattiopisto Tavastian opiskelijaravintoloissa 4 euron hintaan. Ateriaetu ei kuulu t\u00e4ydennyskoulutuksessa opiskeleville.<\/p>\n\n\n\n<p>Opiskelijakortti tulee esitt\u00e4\u00e4 pyydett\u00e4ess\u00e4 ruokailun yhteydess\u00e4. <\/p>\n\n\n\n<p>Koulutussopimuksessa oleville maksuttomaan lounaaseen oikeutetuille opiskelijoille j\u00e4rjestet\u00e4\u00e4n ty\u00f6p\u00e4ivin\u00e4 ruokailumahdollisuus, jos se on saatavissa korkeintaan 7 euron hintaan. Ellei ruokailumahdollisuutta ole, opiskelijalle maksetaan ruokarahaa 5 euroa p\u00e4iv\u00e4ss\u00e4.<\/p>\n\n\n\n<h3 class=\"wp-block-heading\">Poissaolot<\/h3>\n\n\n\n<p>Noudatamme Ammattiopisto Tavastiassa ty\u00f6el\u00e4m\u00e4ss\u00e4 yleisesti k\u00e4yt\u00f6ss\u00e4 olevia poissaolos\u00e4\u00e4nt\u00f6j\u00e4. Sinun tulee aina ilmoittaa poissaolostasi vastuuopettajallesi.<\/p>\n\n\n\n<ol style=\"list-style-type:1\" class=\"wp-block-list\">\n<li>Jos sairastut tai joudut \u00e4killisen syyn vuoksi olemaan pois HOKSin mukaisesta opetuksesta, ilmoita siit\u00e4 vastuuopettajallesi Wilman kautta, puhelimitse, tekstiviestill\u00e4, s\u00e4hk\u00f6postitse tai muulla vastuuopettajan kanssa sopimallanne tavalla. <br>Huoltaja voi ilmoittaa alaik\u00e4isen opiskelijan \u00e4killisen, esim. sairaudesta johtuvan poissaolon Wilman Tuntimerkinn\u00e4t- sivun Ilmoita poissaolosta -v\u00e4lilehdell\u00e4. Ilmoitus koskee aina vain kuluvaa p\u00e4iv\u00e4\u00e4 (ennen klo 12 tehdyt ilmoitukset) tai seuraavaa p\u00e4iv\u00e4\u00e4 (klo 12 j\u00e4lkeen tehdyt ilmoitukset). T\u00e4ysi-ik\u00e4iset opiskelijat voivat ilmoittaa \u00e4killisest\u00e4 poissaolosta samalla periaatteella.<\/li>\n\n\n\n<li>Jos sairaus kest\u00e4\u00e4 yli 5 p\u00e4iv\u00e4\u00e4, sinun tulee hankkia todistus terveydenhoitajalta tai l\u00e4\u00e4k\u00e4rilt\u00e4. N\u00e4yt\u00e4 todistus vastuuopettajallesi.<\/li>\n\n\n\n<li>Jos sinulla on v\u00e4ltt\u00e4m\u00e4tt\u00f6mi\u00e4 menoja, joita et voi hoitaa opetusajan ulkopuolella, sinun tulee anoa poissaolollesi lupa etuk\u00e4teen<br>\u2013 pyyd\u00e4 yksitt\u00e4isist\u00e4 poissaolotunneista lupa opettajilta, joiden opetuksesta joudut olemaan poissa<br>\u2013 pyyd\u00e4 yksitt\u00e4isist\u00e4 poissaolotunneistasi ty\u00f6paikalla j\u00e4rjestett\u00e4v\u00e4n koulutuksen yhteydess\u00e4 lupa ty\u00f6paikkaohjaajaltasi<br>\u2013 jos poissaolo kest\u00e4\u00e4 kokonaisen p\u00e4iv\u00e4n tai useampia p\u00e4ivi\u00e4, ano kirjallisesti lupa etuk\u00e4teen vastuuopettajaltasi, poissaolohakemus l\u00f6ytyy Wilman hakemukset ja p\u00e4\u00e4t\u00f6kset -v\u00e4lilehdelt\u00e4 (ei n\u00e4y Wilman mobiilisovelluksella). Huomaa, ett\u00e4 hakemus l\u00f6ytyy vain sinun, ei huoltajasi Wilmasta.<\/li>\n\n\n\n<li>Selvit\u00e4 kaikki poissaolosi Wilmaan. Jos olet alaik\u00e4inen, huoltajasi selvitt\u00e4\u00e4 poissaolosi.<\/li>\n<\/ol>\n\n\n\n<p>Lain mukaan opiskelijan tulee osallistua HOKSinsa mukaisesti opetukseen, n\u00e4ytt\u00f6ihin ja muuhun osaamisen osoittamiseen, jollei h\u00e4nen poissaololleen ole perusteltua syyt\u00e4. Opiskelija voidaan katsoa eronneeksi, jos on ilmeist\u00e4, ett\u00e4 h\u00e4nen tarkoituksenaan ei ole osallistua HOKSin mukaiseen opetukseen, eik\u00e4 h\u00e4n ole esitt\u00e4nyt poissaololleen perusteltua syyt\u00e4. Ennen eronneeksi katsomista opiskelijaa ja alaik\u00e4isen opiskelijan huoltajaa kuullaan asiassa.<br><br>Osa opiskelijoista on oppivelvollisia. Oppivelvollisuuteen kuuluu velvoitteita sek\u00e4 opiskelijalle, huoltajalle, koulutuksen j\u00e4rjest\u00e4j\u00e4lle, ett\u00e4 opiskelijan asuinkunnalle. Oppivelvollisten opintojen etenemist\u00e4 ja l\u00e4sn\u00e4oloa opetuksessa seurataan oppilaitoksessa tarkasti. Oppivelvollinen opiskelija ei voi j\u00e4\u00e4d\u00e4 pois opetuksesta ilman hyv\u00e4ksytt\u00e4v\u00e4\u00e4 syyt\u00e4.<br><br>Oppivelvollinen ei voi keskeytt\u00e4\u00e4 opintojaan muuten kuin lain mukaisten syiden perusteella. Oppivelvollinen ei voi erota oppilaitoksesta ennen kuin koulutuksen j\u00e4rjest\u00e4j\u00e4ll\u00e4 on varma tieto seuraavasta koulutuspaikasta tai muusta lain mukaan hyv\u00e4ksytt\u00e4v\u00e4st\u00e4 oppivelvollisuuden suorituspaikasta. <a href=\"https:\/\/finlex.fi\/fi\/laki\/alkup\/2020\/20201214\" target=\"_blank\" rel=\"noreferrer noopener\">Oppivelvollisuuslaki<\/a><\/p>\n\n\n\n<h3 class=\"wp-block-heading\">Kest\u00e4v\u00e4 tulevaisuus<\/h3>\n\n\n\n<p>Kest\u00e4v\u00e4 tulevaisuus ja vastuullisuus ovat osa Ammattiopisto Tavastian arkea ja ohjaa toimintaamme. Vastuullisuus sis\u00e4lt\u00e4\u00e4 ekologisen, sosiaalisen\/kulttuurisen ja taloudellisen kest\u00e4vyyden.<\/p>\n\n\n\n<p>Kest\u00e4v\u00e4n tulevaisuuden ty\u00f6t\u00e4 on tehty jo vuosia ja siit\u00e4 osoituksena Ammattiopisto Tavastialla on vuodesta 2017 alkaen ollut OKKA-s\u00e4\u00e4ti\u00f6n my\u00f6nt\u00e4m\u00e4 kest\u00e4v\u00e4n kehityksen sertifikaatti.<\/p>\n\n\n\n<p>OKM on my\u00f6nt\u00e4nyt Ammattiopisto Tavastialle kunniamaininnan vuoden 2022 laatupalkintokilpailussa sosiaalisen ja kulttuurisen kest\u00e4vyyden vahvistamisessa.<\/p>\n\n\n\n<p>Kest\u00e4v\u00e4 tulevaisuus n\u00e4kyy opiskeluarjessasi<\/p>\n\n\n\n<ul class=\"wp-block-list\">\n<li>teemaviikkoina, mm. h\u00e4vikkiviikko, energians\u00e4\u00e4st\u00f6viikko ja rasisminvastainen viikko<\/li>\n\n\n\n<li>opiskelija \u2013 vaikuta! -tapaamisina<\/li>\n\n\n\n<li>opiskelijoiden yhteis\u00f6llisen\u00e4 toimintana<\/li>\n\n\n\n<li>kest\u00e4v\u00e4n tulevaisuuden polkuopintoina<\/li>\n\n\n\n<li>opiskelijoiden ja henkil\u00f6st\u00f6n yhteisen\u00e4 Ihan tavastialainen tiimi &gt; Kest\u00e4v\u00e4n tulevaisuuden tekij\u00e4t -Teams-kanavana<\/li>\n<\/ul>\n\n\n\n<p>Laskemme ja pyrimme v\u00e4hent\u00e4m\u00e4\u00e4n hiilijalanj\u00e4lke\u00e4mme ja se n\u00e4kyy mm. j\u00e4tteiden lajitteluna, h\u00e4vikkiruoan v\u00e4hent\u00e4misen\u00e4 ja pyrkimyksen\u00e4 energian s\u00e4\u00e4st\u00f6\u00f6n.<\/p>\n\n\n\n<p>Ekologisen kest\u00e4vyyden osalta kest\u00e4v\u00e4n tulevaisuuden toimintaa koordinoi kest\u00e4v\u00e4n tulevaisuuden koordinaattori, lehtori Marika Himanen sek\u00e4 kest\u00e4v\u00e4n tulevaisuuden ryhm\u00e4.<\/p>\n\n\n\n<p>Kaikissa ammateissa ja ty\u00f6paikoilla kiinnitet\u00e4\u00e4n yh\u00e4 enemm\u00e4n huomiota j\u00e4tteiden lajitteluun. J\u00e4tteiden lajittelu on t\u00e4rke\u00e4\u00e4, koska&nbsp;<\/p>\n\n\n\n<ul class=\"wp-block-list\">\n<li>j\u00e4tteit\u00e4 lajittelemalla s\u00e4\u00e4st\u00e4mme luonnonvaroja, kuten puuta, \u00f6ljy\u00e4 ja metalleja<\/li>\n\n\n\n<li>sekaj\u00e4tteen polttaminen tai s\u00e4ilytt\u00e4minen kaatopaikoilla aiheuttaa luontoa saastuttavia p\u00e4\u00e4st\u00f6j\u00e4<\/li>\n\n\n\n<li>kierr\u00e4tetyn materiaalin uudelleen k\u00e4ytt\u00f6\u00f6n tarvitaan v\u00e4hemm\u00e4n energiaa kuin uusien materiaalien valmistukseen<\/li>\n\n\n\n<li>lajittelu s\u00e4\u00e4st\u00e4\u00e4 rahaa.<\/li>\n<\/ul>\n\n\n\n<p>Tavoitteenamme on v\u00e4hent\u00e4\u00e4 sekaj\u00e4tteen m\u00e4\u00e4r\u00e4\u00e4 Ammattiopisto Tavastiassa. Opettele eri j\u00e4tejakeiden lajittelu niin, ett\u00e4 j\u00e4tteiden jatkok\u00e4ytt\u00f6 onnistuu. Noudatamme lajittelussa seuraavaa v\u00e4rikooditusta. Tarkemmat lajitteluohjeet saat j\u00e4teastian QR-koodista.<\/p>\n\n\n\n<figure class=\"wp-block-image size-large\"><img loading=\"lazy\" decoding=\"async\" width=\"1024\" height=\"229\" src=\"https:\/\/www.kktavastia.fi\/media\/sites\/2\/kierratys-symbolit-1024x229.png\" alt=\"\" class=\"wp-image-39689\" srcset=\"https:\/\/www.kktavastia.fi\/media\/sites\/2\/kierratys-symbolit-1024x229.png 1024w, https:\/\/www.kktavastia.fi\/media\/sites\/2\/kierratys-symbolit-300x67.png 300w, https:\/\/www.kktavastia.fi\/media\/sites\/2\/kierratys-symbolit-768x172.png 768w, https:\/\/www.kktavastia.fi\/media\/sites\/2\/kierratys-symbolit-460x103.png 460w, https:\/\/www.kktavastia.fi\/media\/sites\/2\/kierratys-symbolit-20x4.png 20w, https:\/\/www.kktavastia.fi\/media\/sites\/2\/kierratys-symbolit.png 1260w\" sizes=\"auto, (max-width: 1024px) 100vw, 1024px\" \/><\/figure>\n","protected":false},"excerpt":{"rendered":"<p>Ty\u00f6- ja loma-ajat, lukuvuosi 2025\u20132026 Kev\u00e4tlukukausi 7.1.\u201329.5.2026Talviloma viikko 9: 23.2.\u20131.3.2026, mahdollisuus vaihteluun viikkojen 8\u201310 aikana opiskelijan HOKSin tai ryhm\u00e4n suunnitelman [&hellip;]<\/p>\n","protected":false},"author":5,"featured_media":0,"parent":1063,"menu_order":4,"comment_status":"closed","ping_status":"closed","template":"","meta":{"_acf_changed":false,"_relevanssi_hide_post":"","_relevanssi_hide_content":"","_relevanssi_pin_for_all":"","_relevanssi_pin_keywords":"","_relevanssi_unpin_keywords":"","_relevanssi_related_keywords":"","_relevanssi_related_include_ids":"","_relevanssi_related_exclude_ids":"","_relevanssi_related_no_append":"","_relevanssi_related_not_related":"","_relevanssi_related_posts":"15408,58,936,40123,1029,140","_relevanssi_noindex_reason":"","footnotes":""},"class_list":["post-39687","page","type-page","status-publish","hentry"],"acf":[],"yoast_head":"<title>Opiskeluarki - Ammattiopisto Tavastia<\/title>\n<meta name=\"robots\" content=\"index, follow, max-snippet:-1, max-image-preview:large, max-video-preview:-1\" \/>\n<link rel=\"canonical\" href=\"https:\/\/www.kktavastia.fi\/ammattiopisto\/opiskelijalle\/opiskelu\/opiskeluarki\/\" \/>\n<meta property=\"og:locale\" content=\"fi_FI\" \/>\n<meta property=\"og:type\" content=\"article\" \/>\n<meta property=\"og:title\" content=\"Opiskeluarki - Ammattiopisto Tavastia\" \/>\n<meta property=\"og:description\" content=\"Ty\u00f6- ja loma-ajat, lukuvuosi 2025\u20132026 Kev\u00e4tlukukausi 7.1.\u201329.5.2026Talviloma viikko 9: 23.2.\u20131.3.2026, mahdollisuus vaihteluun viikkojen 8\u201310 aikana opiskelijan HOKSin tai ryhm\u00e4n suunnitelman [&hellip;]\" \/>\n<meta property=\"og:url\" content=\"https:\/\/www.kktavastia.fi\/ammattiopisto\/opiskelijalle\/opiskelu\/opiskeluarki\/\" \/>\n<meta property=\"og:site_name\" content=\"Ammattiopisto Tavastia\" \/>\n<meta property=\"article:modified_time\" content=\"2026-01-28T14:46:32+00:00\" \/>\n<meta property=\"og:image\" content=\"https:\/\/www.kktavastia.fi\/media\/sites\/2\/kierratys-symbolit.png\" \/>\n\t<meta property=\"og:image:width\" content=\"1260\" \/>\n\t<meta property=\"og:image:height\" content=\"282\" \/>\n\t<meta property=\"og:image:type\" content=\"image\/png\" \/>\n<meta name=\"twitter:card\" content=\"summary_large_image\" \/>\n<script type=\"application\/ld+json\" class=\"yoast-schema-graph\">{\"@context\":\"https:\\\/\\\/schema.org\",\"@graph\":[{\"@type\":\"WebPage\",\"@id\":\"https:\\\/\\\/www.kktavastia.fi\\\/ammattiopisto\\\/opiskelijalle\\\/opiskelu\\\/opiskeluarki\\\/\",\"url\":\"https:\\\/\\\/www.kktavastia.fi\\\/ammattiopisto\\\/opiskelijalle\\\/opiskelu\\\/opiskeluarki\\\/\",\"name\":\"Opiskeluarki - Ammattiopisto Tavastia\",\"isPartOf\":{\"@id\":\"https:\\\/\\\/www.kktavastia.fi\\\/ammattiopisto\\\/#website\"},\"primaryImageOfPage\":{\"@id\":\"https:\\\/\\\/www.kktavastia.fi\\\/ammattiopisto\\\/opiskelijalle\\\/opiskelu\\\/opiskeluarki\\\/#primaryimage\"},\"image\":{\"@id\":\"https:\\\/\\\/www.kktavastia.fi\\\/ammattiopisto\\\/opiskelijalle\\\/opiskelu\\\/opiskeluarki\\\/#primaryimage\"},\"thumbnailUrl\":\"https:\\\/\\\/www.kktavastia.fi\\\/media\\\/sites\\\/2\\\/kierratys-symbolit-1024x229.png\",\"datePublished\":\"2024-06-25T09:09:43+00:00\",\"dateModified\":\"2026-01-28T14:46:32+00:00\",\"breadcrumb\":{\"@id\":\"https:\\\/\\\/www.kktavastia.fi\\\/ammattiopisto\\\/opiskelijalle\\\/opiskelu\\\/opiskeluarki\\\/#breadcrumb\"},\"inLanguage\":\"fi\",\"potentialAction\":[{\"@type\":\"ReadAction\",\"target\":[\"https:\\\/\\\/www.kktavastia.fi\\\/ammattiopisto\\\/opiskelijalle\\\/opiskelu\\\/opiskeluarki\\\/\"]}]},{\"@type\":\"ImageObject\",\"inLanguage\":\"fi\",\"@id\":\"https:\\\/\\\/www.kktavastia.fi\\\/ammattiopisto\\\/opiskelijalle\\\/opiskelu\\\/opiskeluarki\\\/#primaryimage\",\"url\":\"https:\\\/\\\/www.kktavastia.fi\\\/media\\\/sites\\\/2\\\/kierratys-symbolit-1024x229.png\",\"contentUrl\":\"https:\\\/\\\/www.kktavastia.fi\\\/media\\\/sites\\\/2\\\/kierratys-symbolit-1024x229.png\"},{\"@type\":\"BreadcrumbList\",\"@id\":\"https:\\\/\\\/www.kktavastia.fi\\\/ammattiopisto\\\/opiskelijalle\\\/opiskelu\\\/opiskeluarki\\\/#breadcrumb\",\"itemListElement\":[{\"@type\":\"ListItem\",\"position\":1,\"name\":\"Home\",\"item\":\"https:\\\/\\\/www.kktavastia.fi\\\/ammattiopisto\\\/\"},{\"@type\":\"ListItem\",\"position\":2,\"name\":\"Opiskelijalle\",\"item\":\"https:\\\/\\\/www.kktavastia.fi\\\/ammattiopisto\\\/opiskelijalle\\\/\"},{\"@type\":\"ListItem\",\"position\":3,\"name\":\"Opiskelu\",\"item\":\"https:\\\/\\\/www.kktavastia.fi\\\/ammattiopisto\\\/opiskelijalle\\\/opiskelu\\\/\"},{\"@type\":\"ListItem\",\"position\":4,\"name\":\"Opiskeluarki\"}]},{\"@type\":\"WebSite\",\"@id\":\"https:\\\/\\\/www.kktavastia.fi\\\/ammattiopisto\\\/#website\",\"url\":\"https:\\\/\\\/www.kktavastia.fi\\\/ammattiopisto\\\/\",\"name\":\"Ammattiopisto Tavastia\",\"description\":\"\",\"potentialAction\":[{\"@type\":\"SearchAction\",\"target\":{\"@type\":\"EntryPoint\",\"urlTemplate\":\"https:\\\/\\\/www.kktavastia.fi\\\/ammattiopisto\\\/?s={search_term_string}\"},\"query-input\":{\"@type\":\"PropertyValueSpecification\",\"valueRequired\":true,\"valueName\":\"search_term_string\"}}],\"inLanguage\":\"fi\"}]}<\/script>","yoast_head_json":{"title":"Opiskeluarki - Ammattiopisto Tavastia","robots":{"index":"index","follow":"follow","max-snippet":"max-snippet:-1","max-image-preview":"max-image-preview:large","max-video-preview":"max-video-preview:-1"},"canonical":"https:\/\/www.kktavastia.fi\/ammattiopisto\/opiskelijalle\/opiskelu\/opiskeluarki\/","og_locale":"fi_FI","og_type":"article","og_title":"Opiskeluarki - Ammattiopisto Tavastia","og_description":"Ty\u00f6- ja loma-ajat, lukuvuosi 2025\u20132026 Kev\u00e4tlukukausi 7.1.\u201329.5.2026Talviloma viikko 9: 23.2.\u20131.3.2026, mahdollisuus vaihteluun viikkojen 8\u201310 aikana opiskelijan HOKSin tai ryhm\u00e4n suunnitelman [&hellip;]","og_url":"https:\/\/www.kktavastia.fi\/ammattiopisto\/opiskelijalle\/opiskelu\/opiskeluarki\/","og_site_name":"Ammattiopisto Tavastia","article_modified_time":"2026-01-28T14:46:32+00:00","og_image":[{"width":1260,"height":282,"url":"https:\/\/www.kktavastia.fi\/media\/sites\/2\/kierratys-symbolit.png","type":"image\/png"}],"twitter_card":"summary_large_image","schema":{"@context":"https:\/\/schema.org","@graph":[{"@type":"WebPage","@id":"https:\/\/www.kktavastia.fi\/ammattiopisto\/opiskelijalle\/opiskelu\/opiskeluarki\/","url":"https:\/\/www.kktavastia.fi\/ammattiopisto\/opiskelijalle\/opiskelu\/opiskeluarki\/","name":"Opiskeluarki - Ammattiopisto Tavastia","isPartOf":{"@id":"https:\/\/www.kktavastia.fi\/ammattiopisto\/#website"},"primaryImageOfPage":{"@id":"https:\/\/www.kktavastia.fi\/ammattiopisto\/opiskelijalle\/opiskelu\/opiskeluarki\/#primaryimage"},"image":{"@id":"https:\/\/www.kktavastia.fi\/ammattiopisto\/opiskelijalle\/opiskelu\/opiskeluarki\/#primaryimage"},"thumbnailUrl":"https:\/\/www.kktavastia.fi\/media\/sites\/2\/kierratys-symbolit-1024x229.png","datePublished":"2024-06-25T09:09:43+00:00","dateModified":"2026-01-28T14:46:32+00:00","breadcrumb":{"@id":"https:\/\/www.kktavastia.fi\/ammattiopisto\/opiskelijalle\/opiskelu\/opiskeluarki\/#breadcrumb"},"inLanguage":"fi","potentialAction":[{"@type":"ReadAction","target":["https:\/\/www.kktavastia.fi\/ammattiopisto\/opiskelijalle\/opiskelu\/opiskeluarki\/"]}]},{"@type":"ImageObject","inLanguage":"fi","@id":"https:\/\/www.kktavastia.fi\/ammattiopisto\/opiskelijalle\/opiskelu\/opiskeluarki\/#primaryimage","url":"https:\/\/www.kktavastia.fi\/media\/sites\/2\/kierratys-symbolit-1024x229.png","contentUrl":"https:\/\/www.kktavastia.fi\/media\/sites\/2\/kierratys-symbolit-1024x229.png"},{"@type":"BreadcrumbList","@id":"https:\/\/www.kktavastia.fi\/ammattiopisto\/opiskelijalle\/opiskelu\/opiskeluarki\/#breadcrumb","itemListElement":[{"@type":"ListItem","position":1,"name":"Home","item":"https:\/\/www.kktavastia.fi\/ammattiopisto\/"},{"@type":"ListItem","position":2,"name":"Opiskelijalle","item":"https:\/\/www.kktavastia.fi\/ammattiopisto\/opiskelijalle\/"},{"@type":"ListItem","position":3,"name":"Opiskelu","item":"https:\/\/www.kktavastia.fi\/ammattiopisto\/opiskelijalle\/opiskelu\/"},{"@type":"ListItem","position":4,"name":"Opiskeluarki"}]},{"@type":"WebSite","@id":"https:\/\/www.kktavastia.fi\/ammattiopisto\/#website","url":"https:\/\/www.kktavastia.fi\/ammattiopisto\/","name":"Ammattiopisto Tavastia","description":"","potentialAction":[{"@type":"SearchAction","target":{"@type":"EntryPoint","urlTemplate":"https:\/\/www.kktavastia.fi\/ammattiopisto\/?s={search_term_string}"},"query-input":{"@type":"PropertyValueSpecification","valueRequired":true,"valueName":"search_term_string"}}],"inLanguage":"fi"}]}},"_links":{"self":[{"href":"https:\/\/www.kktavastia.fi\/ammattiopisto\/wp-json\/wp\/v2\/pages\/39687","targetHints":{"allow":["GET"]}}],"collection":[{"href":"https:\/\/www.kktavastia.fi\/ammattiopisto\/wp-json\/wp\/v2\/pages"}],"about":[{"href":"https:\/\/www.kktavastia.fi\/ammattiopisto\/wp-json\/wp\/v2\/types\/page"}],"author":[{"embeddable":true,"href":"https:\/\/www.kktavastia.fi\/ammattiopisto\/wp-json\/wp\/v2\/users\/5"}],"replies":[{"embeddable":true,"href":"https:\/\/www.kktavastia.fi\/ammattiopisto\/wp-json\/wp\/v2\/comments?post=39687"}],"version-history":[{"count":24,"href":"https:\/\/www.kktavastia.fi\/ammattiopisto\/wp-json\/wp\/v2\/pages\/39687\/revisions"}],"predecessor-version":[{"id":142581,"href":"https:\/\/www.kktavastia.fi\/ammattiopisto\/wp-json\/wp\/v2\/pages\/39687\/revisions\/142581"}],"up":[{"embeddable":true,"href":"https:\/\/www.kktavastia.fi\/ammattiopisto\/wp-json\/wp\/v2\/pages\/1063"}],"wp:attachment":[{"href":"https:\/\/www.kktavastia.fi\/ammattiopisto\/wp-json\/wp\/v2\/media?parent=39687"}],"curies":[{"name":"wp","href":"https:\/\/api.w.org\/{rel}","templated":true}]}}