{"id":38498,"date":"2024-06-20T13:00:10","date_gmt":"2024-06-20T10:00:10","guid":{"rendered":"https:\/\/www.kktavastia.fi\/ammattiopisto\/?page_id=38498"},"modified":"2024-07-02T12:35:28","modified_gmt":"2024-07-02T09:35:28","slug":"toimintatapamme","status":"publish","type":"page","link":"https:\/\/www.kktavastia.fi\/ammattiopisto\/tietoa-ammattiopistosta\/toimintatapamme\/","title":{"rendered":"Toimintatapamme"},"content":{"rendered":"\n<p class=\"is-style-ingress\">Ammattiopisto Tavastian teht\u00e4v\u00e4n\u00e4 on j\u00e4rjest\u00e4\u00e4 laadukasta ammatillista koulutusta ja siihen l\u00e4heiseesti liittyv\u00e4\u00e4 kehitt\u00e4mistoimintaa. Opiskelijamme saavat monipuoliset tiedot ja taidot ty\u00f6el\u00e4m\u00e4\u00e4n, jatko-opintoihin ja elinik\u00e4iseen oppimiseen. Kehit\u00e4mme toiminta-alueemme elinvoimaa yhdess\u00e4 sidosryhmiemme kanssa. Visiomme on Tulevaisuuden tekij\u00e4t Tavastiasta.<\/p>\n\n\n\n<h4 class=\"wp-block-heading\">Olemme sitoutuneet seuraaviin arvoihin:<\/h4>\n\n\n\n<ul class=\"wp-block-list\">\n<li><strong>Vaikuttavuus<\/strong> on osaamista, hyvinvoinnin tukemista ja elinvoiman kehitt\u00e4mist\u00e4<\/li>\n\n\n\n<li><strong>Vastuullisuus<\/strong> on v\u00e4litt\u00e4mist\u00e4, turvallisuutta, taloudellisuutta ja kest\u00e4v\u00e4\u00e4 tulevaisuutta<\/li>\n\n\n\n<li><strong>Kumppanuus<\/strong> on aktiivista ja huomioivaa monitahoista yhteisty\u00f6t\u00e4, kansainv\u00e4lisyytt\u00e4 ja monikulttuurisuutta<\/li>\n\n\n\n<li><strong>Uskallus<\/strong> on rohkeutta kokeilla, erehty\u00e4, onnistua ja kehitty\u00e4<\/li>\n<\/ul>\n\n\n\n<p>Meid\u00e4n tavastialaisten mielest\u00e4 opiskelija on yksil\u00f6, jonka henkil\u00f6kohtaisia tavoitteita, valmiuksia, mielipiteit\u00e4, vahvuuksia, osaamista ja el\u00e4m\u00e4nkokemusta arvostamme ja hy\u00f6dynn\u00e4mme opetuksessa, ohjauksessa sek\u00e4 tuki- ja muissa palveluissa. Uskomme opiskelijan kykyyn oppia ja kehitty\u00e4 yksin ja yhdess\u00e4 sek\u00e4 asettaa tavoitteita ja suunnitella tulevaisuuttaan omista l\u00e4ht\u00f6kohdistaan. Otamme huomioon opetuksessa opiskelijoiden kyvyn rakentaa tietoa yksil\u00f6llisesti. Ymm\u00e4rr\u00e4mme, ett\u00e4 ammatillinen osaaminen edellytt\u00e4\u00e4 aktiivista tiedon ja taidon yhteensovittamista.<\/p>\n\n\n\n<p>Haluamme kohdella jokaista opiskelijaa yhdenvertaisesti riippumatta h\u00e4nen i\u00e4st\u00e4\u00e4n, valmiuksistaan, kulttuuristaan tai el\u00e4m\u00e4nkatsomuksestaan. Arvomme vastuullisuus, vaikuttavuus, kumppanuus ja uskallus ohjaavat kaikkea toimintaamme opiskelijoiden kanssa.<\/p>\n\n\n\n<h4 class=\"wp-block-heading\">Pedagoginen n\u00e4kemyksemme rakentuu seuraavista kymmenest\u00e4 n\u00e4k\u00f6kulmasta:<\/h4>\n\n\n\n<p>1. Tunnistamme erilaiset asiakkaamme ja tutustumme heid\u00e4n toiveisiinsa ja valmiuksiinsa. Huolehdimme yhdenvertaisuudesta niin, ett\u00e4 koulutukset, opetus, oppimisen tuki\u00a0ja ohjaus vastaavat opiskelijoiden tarpeita ja ovat heille saavutettavia.<\/p>\n\n\n\n<p>2. Ohjaamme ja tuemme opiskelijoita yhteisten ja henkil\u00f6kohtaisten tavoitteiden saavuttamisessa. Huolehdimme palvelujen sujuvuudesta mm. varmistamalla tietojen v\u00e4litt\u00e4misen. Tarjoamme yhteisten suunnitelmien mukaista laadukasta opiskelijal\u00e4ht\u00f6ist\u00e4 opetusta ja ohjausta.<\/p>\n\n\n\n<p>3. Tunnistamme ja tunnustamme opiskelijoiden aiemmin hankitun osaamisen. Varmistamme opiskelijoiden kannustavan ja oikeudenmukaisen arvioinnin.<\/p>\n\n\n\n<p>4. Kohtaamme opiskelijamme ja kuulemme heit\u00e4 aidosti opiskeluarjessa. Kohtelemme kaikkia opiskelijoitamme asiallisesti ja arvostavasti. Tuemme opiskelijoiden itseohjautuvuuden ja vastuullisuuden kehittymist\u00e4.<\/p>\n\n\n\n<p>5. Tuemme opiskelijoita tietojen ja taitojen yhdess\u00e4 oppimiseen sek\u00e4 yhteis\u00f6lliseen toimintaan.<\/p>\n\n\n\n<p>6. Kehit\u00e4mme opiskelijoiden ty\u00f6el\u00e4m\u00e4osaamista. Teemme aktiivista yhteisty\u00f6t\u00e4 ty\u00f6el\u00e4m\u00e4n ja muiden verkostojen kanssa opiskelijoiden ty\u00f6llistymisen, yritt\u00e4jyyden, jatko-opintoihin siirtymisen tai muun jatkosuunnitelman varmistamiseksi.<\/p>\n\n\n\n<p>7. Takaamme kaikille turvallisen opiskeluymp\u00e4rist\u00f6n ja ty\u00f6rauhan eri oppimisymp\u00e4rist\u00f6iss\u00e4. Vaalimme yleisi\u00e4 ty\u00f6el\u00e4m\u00e4taitoja, kuten toisten arvostamista, hyvi\u00e4 k\u00e4yt\u00f6stapoja, yritteli\u00e4isyytt\u00e4, itsens\u00e4 johtamista, kest\u00e4v\u00e4\u00e4 tulevaisuutta, yhteisty\u00f6taitoja, yhdenvertaisuutta ja&nbsp;kansainv\u00e4lisyytt\u00e4.<\/p>\n\n\n\n<p>8. Teemme monialaista aktiivista yhteisty\u00f6t\u00e4 sidosryhmien kanssa ja verkostoissa eri ammattiryhmien sek\u00e4 toimijoiden kanssa.<\/p>\n\n\n\n<p>9. Seuraamme aktiivisesti ty\u00f6el\u00e4m\u00e4n kehityst\u00e4. P\u00e4ivit\u00e4mme omaa ty\u00f6el\u00e4m\u00e4osaamistamme. Tunnistamme ja ennakoimme tulevia osaamistarpeita ja uudistamme opetustamme ty\u00f6el\u00e4m\u00e4n&nbsp;tarpeiden mukaisesti. <\/p>\n\n\n\n<p>10. Kehit\u00e4mme pedagogista osaamistamme ja toimintakulttuuriamme.&nbsp;Kokeilemme, opimme virheist\u00e4 ja parannamme toimintaamme. Toimimme Tavastian strategian ja prosessien mukaisesti. Arvostamme erilaisia vahvuuksiamme. Jaamme hyvi\u00e4 k\u00e4yt\u00e4nt\u00f6j\u00e4 ja toimintamalleja avoimesti verkostoissamme.<\/p>\n","protected":false},"excerpt":{"rendered":"<p>Ammattiopisto Tavastian teht\u00e4v\u00e4n\u00e4 on j\u00e4rjest\u00e4\u00e4 laadukasta ammatillista koulutusta ja siihen l\u00e4heiseesti liittyv\u00e4\u00e4 kehitt\u00e4mistoimintaa. Opiskelijamme saavat monipuoliset tiedot ja taidot ty\u00f6el\u00e4m\u00e4\u00e4n, [&hellip;]<\/p>\n","protected":false},"author":5,"featured_media":0,"parent":127,"menu_order":2,"comment_status":"closed","ping_status":"closed","template":"","meta":{"_acf_changed":false,"_relevanssi_hide_post":"","_relevanssi_hide_content":"","_relevanssi_pin_for_all":"","_relevanssi_pin_keywords":"","_relevanssi_unpin_keywords":"","_relevanssi_related_keywords":"","_relevanssi_related_include_ids":"","_relevanssi_related_exclude_ids":"","_relevanssi_related_no_append":"","_relevanssi_related_not_related":"","_relevanssi_related_posts":"17,14665,147,242,1144,58","_relevanssi_noindex_reason":"","footnotes":""},"class_list":["post-38498","page","type-page","status-publish","hentry"],"acf":[],"yoast_head":"<title>Toimintatapamme - Ammattiopisto Tavastia<\/title>\n<meta name=\"robots\" content=\"index, follow, max-snippet:-1, max-image-preview:large, max-video-preview:-1\" \/>\n<link rel=\"canonical\" href=\"https:\/\/www.kktavastia.fi\/ammattiopisto\/tietoa-ammattiopistosta\/toimintatapamme\/\" \/>\n<meta property=\"og:locale\" content=\"fi_FI\" \/>\n<meta property=\"og:type\" content=\"article\" \/>\n<meta property=\"og:title\" content=\"Toimintatapamme - Ammattiopisto Tavastia\" \/>\n<meta property=\"og:description\" content=\"Ammattiopisto Tavastian teht\u00e4v\u00e4n\u00e4 on j\u00e4rjest\u00e4\u00e4 laadukasta ammatillista koulutusta ja siihen l\u00e4heiseesti liittyv\u00e4\u00e4 kehitt\u00e4mistoimintaa. Opiskelijamme saavat monipuoliset tiedot ja taidot ty\u00f6el\u00e4m\u00e4\u00e4n, [&hellip;]\" \/>\n<meta property=\"og:url\" content=\"https:\/\/www.kktavastia.fi\/ammattiopisto\/tietoa-ammattiopistosta\/toimintatapamme\/\" \/>\n<meta property=\"og:site_name\" content=\"Ammattiopisto Tavastia\" \/>\n<meta property=\"article:modified_time\" content=\"2024-07-02T09:35:28+00:00\" \/>\n<meta name=\"twitter:card\" content=\"summary_large_image\" \/>\n<script type=\"application\/ld+json\" class=\"yoast-schema-graph\">{\"@context\":\"https:\/\/schema.org\",\"@graph\":[{\"@type\":\"WebPage\",\"@id\":\"https:\/\/www.kktavastia.fi\/ammattiopisto\/tietoa-ammattiopistosta\/toimintatapamme\/\",\"url\":\"https:\/\/www.kktavastia.fi\/ammattiopisto\/tietoa-ammattiopistosta\/toimintatapamme\/\",\"name\":\"Toimintatapamme - Ammattiopisto Tavastia\",\"isPartOf\":{\"@id\":\"https:\/\/www.kktavastia.fi\/ammattiopisto\/#website\"},\"datePublished\":\"2024-06-20T10:00:10+00:00\",\"dateModified\":\"2024-07-02T09:35:28+00:00\",\"breadcrumb\":{\"@id\":\"https:\/\/www.kktavastia.fi\/ammattiopisto\/tietoa-ammattiopistosta\/toimintatapamme\/#breadcrumb\"},\"inLanguage\":\"fi\",\"potentialAction\":[{\"@type\":\"ReadAction\",\"target\":[\"https:\/\/www.kktavastia.fi\/ammattiopisto\/tietoa-ammattiopistosta\/toimintatapamme\/\"]}]},{\"@type\":\"BreadcrumbList\",\"@id\":\"https:\/\/www.kktavastia.fi\/ammattiopisto\/tietoa-ammattiopistosta\/toimintatapamme\/#breadcrumb\",\"itemListElement\":[{\"@type\":\"ListItem\",\"position\":1,\"name\":\"Home\",\"item\":\"https:\/\/www.kktavastia.fi\/ammattiopisto\/\"},{\"@type\":\"ListItem\",\"position\":2,\"name\":\"Tietoa ammattiopistosta\",\"item\":\"https:\/\/www.kktavastia.fi\/ammattiopisto\/tietoa-ammattiopistosta\/\"},{\"@type\":\"ListItem\",\"position\":3,\"name\":\"Toimintatapamme\"}]},{\"@type\":\"WebSite\",\"@id\":\"https:\/\/www.kktavastia.fi\/ammattiopisto\/#website\",\"url\":\"https:\/\/www.kktavastia.fi\/ammattiopisto\/\",\"name\":\"Ammattiopisto Tavastia\",\"description\":\"\",\"potentialAction\":[{\"@type\":\"SearchAction\",\"target\":{\"@type\":\"EntryPoint\",\"urlTemplate\":\"https:\/\/www.kktavastia.fi\/ammattiopisto\/?s={search_term_string}\"},\"query-input\":{\"@type\":\"PropertyValueSpecification\",\"valueRequired\":true,\"valueName\":\"search_term_string\"}}],\"inLanguage\":\"fi\"}]}<\/script>","yoast_head_json":{"title":"Toimintatapamme - Ammattiopisto Tavastia","robots":{"index":"index","follow":"follow","max-snippet":"max-snippet:-1","max-image-preview":"max-image-preview:large","max-video-preview":"max-video-preview:-1"},"canonical":"https:\/\/www.kktavastia.fi\/ammattiopisto\/tietoa-ammattiopistosta\/toimintatapamme\/","og_locale":"fi_FI","og_type":"article","og_title":"Toimintatapamme - Ammattiopisto Tavastia","og_description":"Ammattiopisto Tavastian teht\u00e4v\u00e4n\u00e4 on j\u00e4rjest\u00e4\u00e4 laadukasta ammatillista koulutusta ja siihen l\u00e4heiseesti liittyv\u00e4\u00e4 kehitt\u00e4mistoimintaa. Opiskelijamme saavat monipuoliset tiedot ja taidot ty\u00f6el\u00e4m\u00e4\u00e4n, [&hellip;]","og_url":"https:\/\/www.kktavastia.fi\/ammattiopisto\/tietoa-ammattiopistosta\/toimintatapamme\/","og_site_name":"Ammattiopisto Tavastia","article_modified_time":"2024-07-02T09:35:28+00:00","twitter_card":"summary_large_image","schema":{"@context":"https:\/\/schema.org","@graph":[{"@type":"WebPage","@id":"https:\/\/www.kktavastia.fi\/ammattiopisto\/tietoa-ammattiopistosta\/toimintatapamme\/","url":"https:\/\/www.kktavastia.fi\/ammattiopisto\/tietoa-ammattiopistosta\/toimintatapamme\/","name":"Toimintatapamme - Ammattiopisto Tavastia","isPartOf":{"@id":"https:\/\/www.kktavastia.fi\/ammattiopisto\/#website"},"datePublished":"2024-06-20T10:00:10+00:00","dateModified":"2024-07-02T09:35:28+00:00","breadcrumb":{"@id":"https:\/\/www.kktavastia.fi\/ammattiopisto\/tietoa-ammattiopistosta\/toimintatapamme\/#breadcrumb"},"inLanguage":"fi","potentialAction":[{"@type":"ReadAction","target":["https:\/\/www.kktavastia.fi\/ammattiopisto\/tietoa-ammattiopistosta\/toimintatapamme\/"]}]},{"@type":"BreadcrumbList","@id":"https:\/\/www.kktavastia.fi\/ammattiopisto\/tietoa-ammattiopistosta\/toimintatapamme\/#breadcrumb","itemListElement":[{"@type":"ListItem","position":1,"name":"Home","item":"https:\/\/www.kktavastia.fi\/ammattiopisto\/"},{"@type":"ListItem","position":2,"name":"Tietoa ammattiopistosta","item":"https:\/\/www.kktavastia.fi\/ammattiopisto\/tietoa-ammattiopistosta\/"},{"@type":"ListItem","position":3,"name":"Toimintatapamme"}]},{"@type":"WebSite","@id":"https:\/\/www.kktavastia.fi\/ammattiopisto\/#website","url":"https:\/\/www.kktavastia.fi\/ammattiopisto\/","name":"Ammattiopisto Tavastia","description":"","potentialAction":[{"@type":"SearchAction","target":{"@type":"EntryPoint","urlTemplate":"https:\/\/www.kktavastia.fi\/ammattiopisto\/?s={search_term_string}"},"query-input":{"@type":"PropertyValueSpecification","valueRequired":true,"valueName":"search_term_string"}}],"inLanguage":"fi"}]}},"_links":{"self":[{"href":"https:\/\/www.kktavastia.fi\/ammattiopisto\/wp-json\/wp\/v2\/pages\/38498","targetHints":{"allow":["GET"]}}],"collection":[{"href":"https:\/\/www.kktavastia.fi\/ammattiopisto\/wp-json\/wp\/v2\/pages"}],"about":[{"href":"https:\/\/www.kktavastia.fi\/ammattiopisto\/wp-json\/wp\/v2\/types\/page"}],"author":[{"embeddable":true,"href":"https:\/\/www.kktavastia.fi\/ammattiopisto\/wp-json\/wp\/v2\/users\/5"}],"replies":[{"embeddable":true,"href":"https:\/\/www.kktavastia.fi\/ammattiopisto\/wp-json\/wp\/v2\/comments?post=38498"}],"version-history":[{"count":3,"href":"https:\/\/www.kktavastia.fi\/ammattiopisto\/wp-json\/wp\/v2\/pages\/38498\/revisions"}],"predecessor-version":[{"id":41118,"href":"https:\/\/www.kktavastia.fi\/ammattiopisto\/wp-json\/wp\/v2\/pages\/38498\/revisions\/41118"}],"up":[{"embeddable":true,"href":"https:\/\/www.kktavastia.fi\/ammattiopisto\/wp-json\/wp\/v2\/pages\/127"}],"wp:attachment":[{"href":"https:\/\/www.kktavastia.fi\/ammattiopisto\/wp-json\/wp\/v2\/media?parent=38498"}],"curies":[{"name":"wp","href":"https:\/\/api.w.org\/{rel}","templated":true}]}}