{"id":19,"date":"2020-11-20T11:23:16","date_gmt":"2020-11-20T09:23:16","guid":{"rendered":"http:\/\/kktavastia.test\/ammattiopisto\/?page_id=19"},"modified":"2025-04-29T13:52:35","modified_gmt":"2025-04-29T10:52:35","slug":"erikoisammattitutkinnot","status":"publish","type":"page","link":"https:\/\/www.kktavastia.fi\/ammattiopisto\/tutkinnot\/erikoisammattitutkinnot\/","title":{"rendered":"Erikoisammattitutkinnot"},"content":{"rendered":"\n<h2 class=\"wp-block-heading\">Syvenn\u00e4 osaamistasi erikoisammattitutkinnolla<\/h2>\n\n\n\n<p class=\"is-style-default\">Erikoisammattitutkinto on ammatillinen tutkinto, jossa osoitetaan ty\u00f6el\u00e4m\u00e4n tarpeiden mukaisesti kohdennettua ammattitaitoa, joka on ammattitutkintoa syv\u00e4llisemp\u00e4\u00e4 ammatin hallintaa tai monialaista osaamista. Hakijalla tulee olla alan perustutkinto tai ty\u00f6kokemusta. Tutkinto suoritetaan p\u00e4\u00e4s\u00e4\u00e4nt\u00f6isesti oppisopimuskoulutuksena tai ty\u00f6n ohessa. My\u00f6s yksitt\u00e4isten tutkinnon osien suorittaminen on mahdollista.<\/p>\n\n\n\n<p class=\"is-style-default\">Erikoisammattitutkintoihin haetaan jatkuvassa haussa. Katso hakuajat kunkin tutkinnon kohdalta ja tutustu hakuohjeisiin.<\/p>\n","protected":false},"excerpt":{"rendered":"<p>Syvenn\u00e4 osaamistasi erikoisammattitutkinnolla Erikoisammattitutkinto on ammatillinen tutkinto, jossa osoitetaan ty\u00f6el\u00e4m\u00e4n tarpeiden mukaisesti kohdennettua ammattitaitoa, joka on ammattitutkintoa syv\u00e4llisemp\u00e4\u00e4 ammatin hallintaa [&hellip;]<\/p>\n","protected":false},"author":1,"featured_media":0,"parent":11,"menu_order":3,"comment_status":"closed","ping_status":"closed","template":"template-degrees.php","meta":{"_acf_changed":false,"_relevanssi_hide_post":"","_relevanssi_hide_content":"","_relevanssi_pin_for_all":"","_relevanssi_pin_keywords":"","_relevanssi_unpin_keywords":"","_relevanssi_related_keywords":"","_relevanssi_related_include_ids":"","_relevanssi_related_exclude_ids":"","_relevanssi_related_no_append":"","_relevanssi_related_not_related":"","_relevanssi_related_posts":"40171,516,134,142,1146,18445","_relevanssi_noindex_reason":"","footnotes":""},"class_list":["post-19","page","type-page","status-publish","hentry"],"acf":[],"yoast_head":"<title>Erikoisammattitutkinnot | Ammattiopisto Tavastia | Ammatillinen koulutus<\/title>\n<meta name=\"description\" content=\"Erikoisammattitutkinnot Ammattiopisto Tavastiassa l\u00f6yd\u00e4t t\u00e4\u00e4lt\u00e4. Osoita syv\u00e4llist\u00e4 ammatin hallintaa ja opiskele erikoisammattitutkinto.\" \/>\n<meta name=\"robots\" content=\"index, follow, max-snippet:-1, max-image-preview:large, max-video-preview:-1\" \/>\n<link rel=\"canonical\" href=\"https:\/\/www.kktavastia.fi\/ammattiopisto\/tutkinnot\/erikoisammattitutkinnot\/\" \/>\n<meta property=\"og:locale\" content=\"fi_FI\" \/>\n<meta property=\"og:type\" content=\"article\" \/>\n<meta property=\"og:title\" content=\"Erikoisammattitutkinnot | Ammattiopisto Tavastia | Ammatillinen koulutus\" \/>\n<meta property=\"og:description\" content=\"Erikoisammattitutkinnot Ammattiopisto Tavastiassa l\u00f6yd\u00e4t t\u00e4\u00e4lt\u00e4. Osoita syv\u00e4llist\u00e4 ammatin hallintaa ja opiskele erikoisammattitutkinto.\" \/>\n<meta property=\"og:url\" content=\"https:\/\/www.kktavastia.fi\/ammattiopisto\/tutkinnot\/erikoisammattitutkinnot\/\" \/>\n<meta property=\"og:site_name\" content=\"Ammattiopisto Tavastia\" \/>\n<meta property=\"article:modified_time\" content=\"2025-04-29T10:52:35+00:00\" \/>\n<meta name=\"twitter:card\" content=\"summary_large_image\" \/>\n<script type=\"application\/ld+json\" class=\"yoast-schema-graph\">{\"@context\":\"https:\\\/\\\/schema.org\",\"@graph\":[{\"@type\":\"WebPage\",\"@id\":\"https:\\\/\\\/www.kktavastia.fi\\\/ammattiopisto\\\/tutkinnot\\\/erikoisammattitutkinnot\\\/\",\"url\":\"https:\\\/\\\/www.kktavastia.fi\\\/ammattiopisto\\\/tutkinnot\\\/erikoisammattitutkinnot\\\/\",\"name\":\"Erikoisammattitutkinnot | Ammattiopisto Tavastia | Ammatillinen koulutus\",\"isPartOf\":{\"@id\":\"https:\\\/\\\/www.kktavastia.fi\\\/ammattiopisto\\\/#website\"},\"datePublished\":\"2020-11-20T09:23:16+00:00\",\"dateModified\":\"2025-04-29T10:52:35+00:00\",\"description\":\"Erikoisammattitutkinnot Ammattiopisto Tavastiassa l\u00f6yd\u00e4t t\u00e4\u00e4lt\u00e4. Osoita syv\u00e4llist\u00e4 ammatin hallintaa ja opiskele erikoisammattitutkinto.\",\"breadcrumb\":{\"@id\":\"https:\\\/\\\/www.kktavastia.fi\\\/ammattiopisto\\\/tutkinnot\\\/erikoisammattitutkinnot\\\/#breadcrumb\"},\"inLanguage\":\"fi\",\"potentialAction\":[{\"@type\":\"ReadAction\",\"target\":[\"https:\\\/\\\/www.kktavastia.fi\\\/ammattiopisto\\\/tutkinnot\\\/erikoisammattitutkinnot\\\/\"]}]},{\"@type\":\"BreadcrumbList\",\"@id\":\"https:\\\/\\\/www.kktavastia.fi\\\/ammattiopisto\\\/tutkinnot\\\/erikoisammattitutkinnot\\\/#breadcrumb\",\"itemListElement\":[{\"@type\":\"ListItem\",\"position\":1,\"name\":\"Home\",\"item\":\"https:\\\/\\\/www.kktavastia.fi\\\/ammattiopisto\\\/\"},{\"@type\":\"ListItem\",\"position\":2,\"name\":\"Tutkinnot ja koulutukset\",\"item\":\"https:\\\/\\\/www.kktavastia.fi\\\/ammattiopisto\\\/tutkinnot\\\/\"},{\"@type\":\"ListItem\",\"position\":3,\"name\":\"Erikoisammattitutkinnot\"}]},{\"@type\":\"WebSite\",\"@id\":\"https:\\\/\\\/www.kktavastia.fi\\\/ammattiopisto\\\/#website\",\"url\":\"https:\\\/\\\/www.kktavastia.fi\\\/ammattiopisto\\\/\",\"name\":\"Ammattiopisto Tavastia\",\"description\":\"\",\"potentialAction\":[{\"@type\":\"SearchAction\",\"target\":{\"@type\":\"EntryPoint\",\"urlTemplate\":\"https:\\\/\\\/www.kktavastia.fi\\\/ammattiopisto\\\/?s={search_term_string}\"},\"query-input\":{\"@type\":\"PropertyValueSpecification\",\"valueRequired\":true,\"valueName\":\"search_term_string\"}}],\"inLanguage\":\"fi\"}]}<\/script>","yoast_head_json":{"title":"Erikoisammattitutkinnot | Ammattiopisto Tavastia | Ammatillinen koulutus","description":"Erikoisammattitutkinnot Ammattiopisto Tavastiassa l\u00f6yd\u00e4t t\u00e4\u00e4lt\u00e4. Osoita syv\u00e4llist\u00e4 ammatin hallintaa ja opiskele erikoisammattitutkinto.","robots":{"index":"index","follow":"follow","max-snippet":"max-snippet:-1","max-image-preview":"max-image-preview:large","max-video-preview":"max-video-preview:-1"},"canonical":"https:\/\/www.kktavastia.fi\/ammattiopisto\/tutkinnot\/erikoisammattitutkinnot\/","og_locale":"fi_FI","og_type":"article","og_title":"Erikoisammattitutkinnot | Ammattiopisto Tavastia | Ammatillinen koulutus","og_description":"Erikoisammattitutkinnot Ammattiopisto Tavastiassa l\u00f6yd\u00e4t t\u00e4\u00e4lt\u00e4. Osoita syv\u00e4llist\u00e4 ammatin hallintaa ja opiskele erikoisammattitutkinto.","og_url":"https:\/\/www.kktavastia.fi\/ammattiopisto\/tutkinnot\/erikoisammattitutkinnot\/","og_site_name":"Ammattiopisto Tavastia","article_modified_time":"2025-04-29T10:52:35+00:00","twitter_card":"summary_large_image","schema":{"@context":"https:\/\/schema.org","@graph":[{"@type":"WebPage","@id":"https:\/\/www.kktavastia.fi\/ammattiopisto\/tutkinnot\/erikoisammattitutkinnot\/","url":"https:\/\/www.kktavastia.fi\/ammattiopisto\/tutkinnot\/erikoisammattitutkinnot\/","name":"Erikoisammattitutkinnot | Ammattiopisto Tavastia | Ammatillinen koulutus","isPartOf":{"@id":"https:\/\/www.kktavastia.fi\/ammattiopisto\/#website"},"datePublished":"2020-11-20T09:23:16+00:00","dateModified":"2025-04-29T10:52:35+00:00","description":"Erikoisammattitutkinnot Ammattiopisto Tavastiassa l\u00f6yd\u00e4t t\u00e4\u00e4lt\u00e4. Osoita syv\u00e4llist\u00e4 ammatin hallintaa ja opiskele erikoisammattitutkinto.","breadcrumb":{"@id":"https:\/\/www.kktavastia.fi\/ammattiopisto\/tutkinnot\/erikoisammattitutkinnot\/#breadcrumb"},"inLanguage":"fi","potentialAction":[{"@type":"ReadAction","target":["https:\/\/www.kktavastia.fi\/ammattiopisto\/tutkinnot\/erikoisammattitutkinnot\/"]}]},{"@type":"BreadcrumbList","@id":"https:\/\/www.kktavastia.fi\/ammattiopisto\/tutkinnot\/erikoisammattitutkinnot\/#breadcrumb","itemListElement":[{"@type":"ListItem","position":1,"name":"Home","item":"https:\/\/www.kktavastia.fi\/ammattiopisto\/"},{"@type":"ListItem","position":2,"name":"Tutkinnot ja koulutukset","item":"https:\/\/www.kktavastia.fi\/ammattiopisto\/tutkinnot\/"},{"@type":"ListItem","position":3,"name":"Erikoisammattitutkinnot"}]},{"@type":"WebSite","@id":"https:\/\/www.kktavastia.fi\/ammattiopisto\/#website","url":"https:\/\/www.kktavastia.fi\/ammattiopisto\/","name":"Ammattiopisto Tavastia","description":"","potentialAction":[{"@type":"SearchAction","target":{"@type":"EntryPoint","urlTemplate":"https:\/\/www.kktavastia.fi\/ammattiopisto\/?s={search_term_string}"},"query-input":{"@type":"PropertyValueSpecification","valueRequired":true,"valueName":"search_term_string"}}],"inLanguage":"fi"}]}},"_links":{"self":[{"href":"https:\/\/www.kktavastia.fi\/ammattiopisto\/wp-json\/wp\/v2\/pages\/19","targetHints":{"allow":["GET"]}}],"collection":[{"href":"https:\/\/www.kktavastia.fi\/ammattiopisto\/wp-json\/wp\/v2\/pages"}],"about":[{"href":"https:\/\/www.kktavastia.fi\/ammattiopisto\/wp-json\/wp\/v2\/types\/page"}],"author":[{"embeddable":true,"href":"https:\/\/www.kktavastia.fi\/ammattiopisto\/wp-json\/wp\/v2\/users\/1"}],"replies":[{"embeddable":true,"href":"https:\/\/www.kktavastia.fi\/ammattiopisto\/wp-json\/wp\/v2\/comments?post=19"}],"version-history":[{"count":12,"href":"https:\/\/www.kktavastia.fi\/ammattiopisto\/wp-json\/wp\/v2\/pages\/19\/revisions"}],"predecessor-version":[{"id":93103,"href":"https:\/\/www.kktavastia.fi\/ammattiopisto\/wp-json\/wp\/v2\/pages\/19\/revisions\/93103"}],"up":[{"embeddable":true,"href":"https:\/\/www.kktavastia.fi\/ammattiopisto\/wp-json\/wp\/v2\/pages\/11"}],"wp:attachment":[{"href":"https:\/\/www.kktavastia.fi\/ammattiopisto\/wp-json\/wp\/v2\/media?parent=19"}],"curies":[{"name":"wp","href":"https:\/\/api.w.org\/{rel}","templated":true}]}}