{"id":189,"date":"2020-11-25T10:33:51","date_gmt":"2020-11-25T08:33:51","guid":{"rendered":"https:\/\/kktavastia.vaiheessa.fi\/ammattiopisto\/?page_id=189"},"modified":"2026-03-13T09:21:41","modified_gmt":"2026-03-13T07:21:41","slug":"kahvila-ravintola-punaportti-tavastia","status":"publish","type":"page","link":"https:\/\/www.kktavastia.fi\/ammattiopisto\/tavastia-asiakaspalvelut-opiskelijatyot\/kahvila-ravintola-punaportti-tavastia\/","title":{"rendered":"Kahvila-ravintola Punaportti"},"content":{"rendered":"\n<p class=\"is-style-ingress\">Tavastian opetusravintola Punaportti tarjoaa monipuolisen ja runsaan lounaan kasvisvaihtoehtoineen tiistaista torstaihin. Punaportin opetuskahvilasta saat herkulliset kahvilatuotteet ja leivonnaiset paikan p\u00e4\u00e4ll\u00e4 nautittaviksi tai kotiin viet\u00e4viksi. Maanantaisin ja perjantaisin kahvilassa on tarjolla kevyt lounas.<\/p>\n\n\n\n<p>Viikoittain vaihtuvan lounaslistan l\u00f6yd\u00e4t ohesta. Lounasruoka voi vaihdella perinteisest\u00e4 lounasbuffetista erilaisiin lautasannoksiin, pikaruokaan tai vaikkapa \u00e1 la carteen.&nbsp;P\u00e4ivittyv\u00e4n lounaslistan hintoineen l\u00f6yd\u00e4t t\u00e4lt\u00e4 sivulta.<\/p>\n\n\n\n<p>Kahvilassa on lis\u00e4ksi erikoiskahveja ja erilaisia sesonkiherkkuja. J\u00e4rjest\u00e4mme my\u00f6s muutaman kerran lukukaudessa teemallisia iltaravintoloita tai muita erikoistapahtumia, joista ilmoitamme erikseen.<\/p>\n\n\n\n<p><strong>Tervetuloa herkuttelemaan Punaportille!<\/strong><\/p>\n\n\n\n<aside class=\"block block-lunch aligncenter\">\n  <div class=\"container\">\n          <h3>Lounaslista vko 20<\/h3>\n      <div class=\"tabs\">\n        <div class=\"tabs-navigation\">\n          \n            <button type=\"button\" class=\"\" data-tab=\"monday\">Maanantai<\/button>\n\n          \n            <button type=\"button\" class=\"\" data-tab=\"tuesday\">Tiistai<\/button>\n\n          \n            <button type=\"button\" class=\"toggled\" data-tab=\"wednesday\">Keskiviikko<\/button>\n\n          \n            <button type=\"button\" class=\"\" data-tab=\"thursday\">Torstai<\/button>\n\n          \n            <button type=\"button\" class=\"\" data-tab=\"friday\">Perjantai<\/button>\n\n                  <\/div>\n\n        <div class=\"tabs-content\">\n                      <div class=\"tab \" data-tab=\"monday\">\n              <ul>\n                                                  <li>\n                    <span class=\"portion\">Kahvilasta kevytlounas klo 11-13<\/span>\n                    <span class=\"price\"><\/span>\n                  <\/li>\n                                  <li>\n                    <span class=\"portion\">Keitto: Juustoinen kasvissosekeitto G,L sis. leip\u00e4 ja levite<\/span>\n                    <span class=\"price\">8,50<\/span>\n                  <\/li>\n                              <\/ul>\n            <\/div><!-- .tab -->\n                      <div class=\"tab \" data-tab=\"tuesday\">\n              <ul>\n                                                  <li>\n                    <span class=\"portion\">Lounas: Tandoorikana G,L \/ T\u00e4ysjyv\u00e4riisi G,Veg\/ L\u00e4mmin kasvislis\u00e4ke G,Veg <\/span>\n                    <span class=\"price\">11,00<\/span>\n                  <\/li>\n                                  <li>\n                    <span class=\"portion\">Kasvislounas: Nuppukaalicurry G,M <\/span>\n                    <span class=\"price\"><\/span>\n                  <\/li>\n                                  <li>\n                    <span class=\"portion\">J\u00e4lkiruoka: Sitruuna-lakritsivaahto G,L<\/span>\n                    <span class=\"price\">2,50<\/span>\n                  <\/li>\n                              <\/ul>\n            <\/div><!-- .tab -->\n                      <div class=\"tab toggled\" data-tab=\"wednesday\">\n              <ul>\n                                                  <li>\n                    <span class=\"portion\">Lounas: Koskenlaskijan lihapata G,L\/ Punaportin perunasose G,L \/ Uunipunajuuret G,M<\/span>\n                    <span class=\"price\">11,00<\/span>\n                  <\/li>\n                                  <li>\n                    <span class=\"portion\">Kasvislounas: Kasvispata G,L <\/span>\n                    <span class=\"price\"><\/span>\n                  <\/li>\n                                  <li>\n                    <span class=\"portion\">J\u00e4lkiruoka: Omena-kaneliohukainen ja tyrnimousse L <\/span>\n                    <span class=\"price\">2,50<\/span>\n                  <\/li>\n                              <\/ul>\n            <\/div><!-- .tab -->\n                      <div class=\"tab \" data-tab=\"thursday\">\n              <ul>\n                                                  <li>\n                    <span class=\"portion\">Helatorstai \/ Suljettu<\/span>\n                    <span class=\"price\"><\/span>\n                  <\/li>\n                              <\/ul>\n            <\/div><!-- .tab -->\n                      <div class=\"tab \" data-tab=\"friday\">\n              <ul>\n                                                  <li>\n                    <span class=\"portion\">Opetukseton p\u00e4iv\u00e4 \/ Suljettu<\/span>\n                    <span class=\"price\"><\/span>\n                  <\/li>\n                              <\/ul>\n            <\/div><!-- .tab -->\n                  <\/div><!-- .tabs-content -->\n      <\/div><!-- .tabs -->\n      <\/div>\n<\/aside>\n\n\n\n<section class=\"block block-two-columns\">\n  <div class=\"container\">\n    <div class=\"cols\">\n\n    \n      <div class=\"col\">\n        <h3>Kahvila<\/h3>\n        <ul class=\"wysiwyg\">\n<li>Avoinna ma\u2013pe klo 8.45\u201315.00.<\/li>\n<li>Suljettuna oppilaitoksen loma-aikoina.<\/li>\n<li>Kahvilassa myynniss\u00e4 maukasta ruokaa, leivonnaisia, t\u00e4ytekakkuja, voileip\u00e4kakkuja ym. vaihtelevalla valikoimalla.<\/li>\n<li>Kevyt salaatti- tai keittolounas on tarjolla maanantaisin ja perjantaisin klo 11\u201313.<\/li>\n<\/ul>\n      <\/div>\n\n    \n      <div class=\"col\">\n        <h3>Ravintola<\/h3>\n        <p>Tarjolla opiskelijoiden valmistama buffetlounas tai annostarjoilu.<\/p>\n<ul class=\"wysiwyg\">\n<li>Aukioloajat: Punaportin lounasravintola on avoinna ti\u2013to klo 10.30\u201313.00.<\/li>\n<li>Lounas voi olla buffet, annostarjoilu, \u00e1 la carte -annos tai jokin muu ruokailumuoto. Tarkemmat tiedot lounaasta ja hinnasta l\u00f6ytyv\u00e4t lounaslistalta.<\/li>\n<\/ul>\n<p>&nbsp;<\/p>\n      <\/div>\n\n    \n    <\/div>\n  <\/div>\n<\/section>\n\n\n\n<section class=\"block block-image-content-upsell right-image\">\n  <div class=\"container\">\n\n    <div class=\"cols\">\n      <div class=\"col col-content\">\n        <div class=\"content content-dark\">\n          <h3>Tilaa Punaportin ruokamatka -uutiskirje<\/h3>\n          <p>Julkaisemme joka toinen perjantai uutiskirjeen, jossa infoamme asiakkaitamme tulevista lounaista sek\u00e4 erilaisista teemap\u00e4ivist\u00e4 ja tapahtumista.<\/p>\n<p>Pysy menossa mukana ja liity postituslistalle! L\u00e4het\u00e4 nimesi, s\u00e4hk\u00f6postiosoitteesi sek\u00e4 &#8221;tilaan uutiskirjeen&#8221;-teksti osoitteeseen uutiskirje.punaportti@kktavastia.fi tai t\u00e4yt\u00e4 lomake Punaportin kahvilassa.<\/p>\n                      <a href=\"https:\/\/www.kktavastia.fi\/ammattiopisto\/tavastia-asiakaspalvelut-opiskelijatyot\/kahvila-ravintola-punaportti-tavastia\/uutiskirje\/\" class=\"button button-light\">Uutiskirjearkistoon<svg xmlns=\"http:\/\/www.w3.org\/2000\/svg\" width=\"23\" height=\"8\" viewBox=\"0 0 23 8\"><path d=\"M1 3.818h21.23m0 0L19.153.764m3.077 3.054l-3.077 3.055\" stroke=\"currentColor\" stroke-width=\"1.5\" fill=\"none\" fill-rule=\"evenodd\" stroke-linecap=\"round\" stroke-linejoin=\"round\"\/><\/svg>\n<\/a>\n                  <\/div>\n      <\/div>\n\n      <div class=\"col col-image\">\n            <div class=\"lazy\"\n      data-bg=\"https:\/\/www.kktavastia.fi\/media\/sites\/2\/punaportin-ruokamatka-4.jpg\"\n          >\n    <\/div>\n\n          <\/div>\n    <\/div>\n\n  <\/div>\n<\/section>\n\n\n\n<h3 class=\"wp-block-heading\" style=\"font-size:24px;font-style:normal;font-weight:600\">Yhteystiedot<\/h3>\n\n\n\n<p>Hattelmalantie 25, I-rakennus, H\u00e4meenlinna<br>puh. 050 4400 960 (arkisin 8\u201315.30)<br><a href=\"mailto:ravintolat@kktavastia.fi\" target=\"_blank\" rel=\"noreferrer noopener\"><strong>ravintolat@kktavastia.fi<\/strong><\/a><\/p>\n\n\n\n<p>Seuraa meit\u00e4 somessa!<\/p>\n\n\n\n<ul class=\"wp-block-social-links is-layout-flex wp-block-social-links-is-layout-flex\"><li class=\"wp-social-link wp-social-link-facebook  wp-block-social-link\"><a href=\"https:\/\/www.facebook.com\/kahvilaravintolapunaportti\" class=\"wp-block-social-link-anchor\"><svg width=\"24\" height=\"24\" viewBox=\"0 0 24 24\" version=\"1.1\" xmlns=\"http:\/\/www.w3.org\/2000\/svg\" aria-hidden=\"true\" focusable=\"false\"><path d=\"M12 2C6.5 2 2 6.5 2 12c0 5 3.7 9.1 8.4 9.9v-7H7.9V12h2.5V9.8c0-2.5 1.5-3.9 3.8-3.9 1.1 0 2.2.2 2.2.2v2.5h-1.3c-1.2 0-1.6.8-1.6 1.6V12h2.8l-.4 2.9h-2.3v7C18.3 21.1 22 17 22 12c0-5.5-4.5-10-10-10z\"><\/path><\/svg><span class=\"wp-block-social-link-label screen-reader-text\">Facebook<\/span><\/a><\/li>\n\n<li class=\"wp-social-link wp-social-link-instagram  wp-block-social-link\"><a href=\"https:\/\/www.instagram.com\/kahvilaravintolapunaportti\/\" class=\"wp-block-social-link-anchor\"><svg width=\"24\" height=\"24\" viewBox=\"0 0 24 24\" version=\"1.1\" xmlns=\"http:\/\/www.w3.org\/2000\/svg\" aria-hidden=\"true\" focusable=\"false\"><path d=\"M12,4.622c2.403,0,2.688,0.009,3.637,0.052c0.877,0.04,1.354,0.187,1.671,0.31c0.42,0.163,0.72,0.358,1.035,0.673 c0.315,0.315,0.51,0.615,0.673,1.035c0.123,0.317,0.27,0.794,0.31,1.671c0.043,0.949,0.052,1.234,0.052,3.637 s-0.009,2.688-0.052,3.637c-0.04,0.877-0.187,1.354-0.31,1.671c-0.163,0.42-0.358,0.72-0.673,1.035 c-0.315,0.315-0.615,0.51-1.035,0.673c-0.317,0.123-0.794,0.27-1.671,0.31c-0.949,0.043-1.233,0.052-3.637,0.052 s-2.688-0.009-3.637-0.052c-0.877-0.04-1.354-0.187-1.671-0.31c-0.42-0.163-0.72-0.358-1.035-0.673 c-0.315-0.315-0.51-0.615-0.673-1.035c-0.123-0.317-0.27-0.794-0.31-1.671C4.631,14.688,4.622,14.403,4.622,12 s0.009-2.688,0.052-3.637c0.04-0.877,0.187-1.354,0.31-1.671c0.163-0.42,0.358-0.72,0.673-1.035 c0.315-0.315,0.615-0.51,1.035-0.673c0.317-0.123,0.794-0.27,1.671-0.31C9.312,4.631,9.597,4.622,12,4.622 M12,3 C9.556,3,9.249,3.01,8.289,3.054C7.331,3.098,6.677,3.25,6.105,3.472C5.513,3.702,5.011,4.01,4.511,4.511 c-0.5,0.5-0.808,1.002-1.038,1.594C3.25,6.677,3.098,7.331,3.054,8.289C3.01,9.249,3,9.556,3,12c0,2.444,0.01,2.751,0.054,3.711 c0.044,0.958,0.196,1.612,0.418,2.185c0.23,0.592,0.538,1.094,1.038,1.594c0.5,0.5,1.002,0.808,1.594,1.038 c0.572,0.222,1.227,0.375,2.185,0.418C9.249,20.99,9.556,21,12,21s2.751-0.01,3.711-0.054c0.958-0.044,1.612-0.196,2.185-0.418 c0.592-0.23,1.094-0.538,1.594-1.038c0.5-0.5,0.808-1.002,1.038-1.594c0.222-0.572,0.375-1.227,0.418-2.185 C20.99,14.751,21,14.444,21,12s-0.01-2.751-0.054-3.711c-0.044-0.958-0.196-1.612-0.418-2.185c-0.23-0.592-0.538-1.094-1.038-1.594 c-0.5-0.5-1.002-0.808-1.594-1.038c-0.572-0.222-1.227-0.375-2.185-0.418C14.751,3.01,14.444,3,12,3L12,3z M12,7.378 c-2.552,0-4.622,2.069-4.622,4.622S9.448,16.622,12,16.622s4.622-2.069,4.622-4.622S14.552,7.378,12,7.378z M12,15 c-1.657,0-3-1.343-3-3s1.343-3,3-3s3,1.343,3,3S13.657,15,12,15z M16.804,6.116c-0.596,0-1.08,0.484-1.08,1.08 s0.484,1.08,1.08,1.08c0.596,0,1.08-0.484,1.08-1.08S17.401,6.116,16.804,6.116z\"><\/path><\/svg><span class=\"wp-block-social-link-label screen-reader-text\">Instagram<\/span><\/a><\/li>\n\n<li class=\"wp-social-link wp-social-link-facebook  wp-block-social-link\"><a href=\"https:\/\/www.facebook.com\/tarjoilijakilta\" class=\"wp-block-social-link-anchor\"><svg width=\"24\" height=\"24\" viewBox=\"0 0 24 24\" version=\"1.1\" xmlns=\"http:\/\/www.w3.org\/2000\/svg\" aria-hidden=\"true\" focusable=\"false\"><path d=\"M12 2C6.5 2 2 6.5 2 12c0 5 3.7 9.1 8.4 9.9v-7H7.9V12h2.5V9.8c0-2.5 1.5-3.9 3.8-3.9 1.1 0 2.2.2 2.2.2v2.5h-1.3c-1.2 0-1.6.8-1.6 1.6V12h2.8l-.4 2.9h-2.3v7C18.3 21.1 22 17 22 12c0-5.5-4.5-10-10-10z\"><\/path><\/svg><span class=\"wp-block-social-link-label screen-reader-text\">Facebook<\/span><\/a><\/li>\n\n<li class=\"wp-social-link wp-social-link-instagram  wp-block-social-link\"><a href=\"https:\/\/www.instagram.com\/tavastiantarjoilijat\" class=\"wp-block-social-link-anchor\"><svg width=\"24\" height=\"24\" viewBox=\"0 0 24 24\" version=\"1.1\" xmlns=\"http:\/\/www.w3.org\/2000\/svg\" aria-hidden=\"true\" focusable=\"false\"><path d=\"M12,4.622c2.403,0,2.688,0.009,3.637,0.052c0.877,0.04,1.354,0.187,1.671,0.31c0.42,0.163,0.72,0.358,1.035,0.673 c0.315,0.315,0.51,0.615,0.673,1.035c0.123,0.317,0.27,0.794,0.31,1.671c0.043,0.949,0.052,1.234,0.052,3.637 s-0.009,2.688-0.052,3.637c-0.04,0.877-0.187,1.354-0.31,1.671c-0.163,0.42-0.358,0.72-0.673,1.035 c-0.315,0.315-0.615,0.51-1.035,0.673c-0.317,0.123-0.794,0.27-1.671,0.31c-0.949,0.043-1.233,0.052-3.637,0.052 s-2.688-0.009-3.637-0.052c-0.877-0.04-1.354-0.187-1.671-0.31c-0.42-0.163-0.72-0.358-1.035-0.673 c-0.315-0.315-0.51-0.615-0.673-1.035c-0.123-0.317-0.27-0.794-0.31-1.671C4.631,14.688,4.622,14.403,4.622,12 s0.009-2.688,0.052-3.637c0.04-0.877,0.187-1.354,0.31-1.671c0.163-0.42,0.358-0.72,0.673-1.035 c0.315-0.315,0.615-0.51,1.035-0.673c0.317-0.123,0.794-0.27,1.671-0.31C9.312,4.631,9.597,4.622,12,4.622 M12,3 C9.556,3,9.249,3.01,8.289,3.054C7.331,3.098,6.677,3.25,6.105,3.472C5.513,3.702,5.011,4.01,4.511,4.511 c-0.5,0.5-0.808,1.002-1.038,1.594C3.25,6.677,3.098,7.331,3.054,8.289C3.01,9.249,3,9.556,3,12c0,2.444,0.01,2.751,0.054,3.711 c0.044,0.958,0.196,1.612,0.418,2.185c0.23,0.592,0.538,1.094,1.038,1.594c0.5,0.5,1.002,0.808,1.594,1.038 c0.572,0.222,1.227,0.375,2.185,0.418C9.249,20.99,9.556,21,12,21s2.751-0.01,3.711-0.054c0.958-0.044,1.612-0.196,2.185-0.418 c0.592-0.23,1.094-0.538,1.594-1.038c0.5-0.5,0.808-1.002,1.038-1.594c0.222-0.572,0.375-1.227,0.418-2.185 C20.99,14.751,21,14.444,21,12s-0.01-2.751-0.054-3.711c-0.044-0.958-0.196-1.612-0.418-2.185c-0.23-0.592-0.538-1.094-1.038-1.594 c-0.5-0.5-1.002-0.808-1.594-1.038c-0.572-0.222-1.227-0.375-2.185-0.418C14.751,3.01,14.444,3,12,3L12,3z M12,7.378 c-2.552,0-4.622,2.069-4.622,4.622S9.448,16.622,12,16.622s4.622-2.069,4.622-4.622S14.552,7.378,12,7.378z M12,15 c-1.657,0-3-1.343-3-3s1.343-3,3-3s3,1.343,3,3S13.657,15,12,15z M16.804,6.116c-0.596,0-1.08,0.484-1.08,1.08 s0.484,1.08,1.08,1.08c0.596,0,1.08-0.484,1.08-1.08S17.401,6.116,16.804,6.116z\"><\/path><\/svg><span class=\"wp-block-social-link-label screen-reader-text\">Instagram<\/span><\/a><\/li><\/ul>\n\n\n\n<figure class=\"wp-block-image size-full is-resized\"><img loading=\"lazy\" decoding=\"async\" width=\"250\" height=\"250\" src=\"https:\/\/www.kktavastia.fi\/media\/sites\/2\/resq-web_stamp-en-e1714645090369.png\" alt=\"\" class=\"wp-image-30739\" style=\"width:105px;height:auto\" \/><\/figure>\n\n\n\n<p><a href=\"https:\/\/www.oivahymy.fi\/hae-yrityksia\/#text=kahvila-ravintola%20punaportti\" target=\"_blank\" rel=\"noreferrer noopener\">Katso Oiva-raporttimme<\/a><\/p>\n","protected":false},"excerpt":{"rendered":"<p>Tavastian opetusravintola Punaportti tarjoaa monipuolisen ja runsaan lounaan kasvisvaihtoehtoineen tiistaista torstaihin. Punaportin opetuskahvilasta saat herkulliset kahvilatuotteet ja leivonnaiset paikan p\u00e4\u00e4ll\u00e4 [&hellip;]<\/p>\n","protected":false},"author":6,"featured_media":0,"parent":115,"menu_order":1,"comment_status":"closed","ping_status":"closed","template":"","meta":{"_acf_changed":false,"_relevanssi_hide_post":"","_relevanssi_hide_content":"","_relevanssi_pin_for_all":"","_relevanssi_pin_keywords":"","_relevanssi_unpin_keywords":"","_relevanssi_related_keywords":"","_relevanssi_related_include_ids":"","_relevanssi_related_exclude_ids":"","_relevanssi_related_no_append":"","_relevanssi_related_not_related":"","_relevanssi_related_posts":"1063,115,242,1111,1115,58","_relevanssi_noindex_reason":"","footnotes":""},"class_list":["post-189","page","type-page","status-publish","hentry"],"acf":[],"yoast_head":"<title>Kahvila-ravintola Punaportti | Lounas ja kahvila<\/title>\n<meta name=\"description\" content=\"Tavastian Kahvila-ravintola Punaportti tarjoaa H\u00e4meenlinnan parhaan lounaan ja makoisat kahvilatuotteet. Tule maistamaan, my\u00f6s take away!\" \/>\n<meta name=\"robots\" content=\"index, follow, max-snippet:-1, max-image-preview:large, max-video-preview:-1\" \/>\n<link rel=\"canonical\" href=\"https:\/\/www.kktavastia.fi\/ammattiopisto\/tavastia-asiakaspalvelut-opiskelijatyot\/kahvila-ravintola-punaportti-tavastia\/\" \/>\n<meta property=\"og:locale\" content=\"fi_FI\" \/>\n<meta property=\"og:type\" content=\"article\" \/>\n<meta property=\"og:title\" content=\"Kahvila-ravintola Punaportti | Lounas ja kahvila\" \/>\n<meta property=\"og:description\" content=\"Tavastian Kahvila-ravintola Punaportti tarjoaa H\u00e4meenlinnan parhaan lounaan ja makoisat kahvilatuotteet. Tule maistamaan, my\u00f6s take away!\" \/>\n<meta property=\"og:url\" content=\"https:\/\/www.kktavastia.fi\/ammattiopisto\/tavastia-asiakaspalvelut-opiskelijatyot\/kahvila-ravintola-punaportti-tavastia\/\" \/>\n<meta property=\"og:site_name\" content=\"Ammattiopisto Tavastia\" \/>\n<meta property=\"article:modified_time\" content=\"2026-03-13T07:21:41+00:00\" \/>\n<meta property=\"og:image\" content=\"https:\/\/www.kktavastia.fi\/media\/sites\/2\/resq-web_stamp-en-e1714645090369.png\" \/>\n\t<meta property=\"og:image:width\" content=\"250\" \/>\n\t<meta property=\"og:image:height\" content=\"250\" \/>\n\t<meta property=\"og:image:type\" content=\"image\/png\" \/>\n<meta name=\"twitter:card\" content=\"summary_large_image\" \/>\n<script type=\"application\/ld+json\" class=\"yoast-schema-graph\">{\"@context\":\"https:\\\/\\\/schema.org\",\"@graph\":[{\"@type\":\"WebPage\",\"@id\":\"https:\\\/\\\/www.kktavastia.fi\\\/ammattiopisto\\\/tavastia-asiakaspalvelut-opiskelijatyot\\\/kahvila-ravintola-punaportti-tavastia\\\/\",\"url\":\"https:\\\/\\\/www.kktavastia.fi\\\/ammattiopisto\\\/tavastia-asiakaspalvelut-opiskelijatyot\\\/kahvila-ravintola-punaportti-tavastia\\\/\",\"name\":\"Kahvila-ravintola Punaportti | Lounas ja kahvila\",\"isPartOf\":{\"@id\":\"https:\\\/\\\/www.kktavastia.fi\\\/ammattiopisto\\\/#website\"},\"primaryImageOfPage\":{\"@id\":\"https:\\\/\\\/www.kktavastia.fi\\\/ammattiopisto\\\/tavastia-asiakaspalvelut-opiskelijatyot\\\/kahvila-ravintola-punaportti-tavastia\\\/#primaryimage\"},\"image\":{\"@id\":\"https:\\\/\\\/www.kktavastia.fi\\\/ammattiopisto\\\/tavastia-asiakaspalvelut-opiskelijatyot\\\/kahvila-ravintola-punaportti-tavastia\\\/#primaryimage\"},\"thumbnailUrl\":\"https:\\\/\\\/www.kktavastia.fi\\\/media\\\/sites\\\/2\\\/resq-web_stamp-en-e1714645090369.png\",\"datePublished\":\"2020-11-25T08:33:51+00:00\",\"dateModified\":\"2026-03-13T07:21:41+00:00\",\"description\":\"Tavastian Kahvila-ravintola Punaportti tarjoaa H\u00e4meenlinnan parhaan lounaan ja makoisat kahvilatuotteet. Tule maistamaan, my\u00f6s take away!\",\"breadcrumb\":{\"@id\":\"https:\\\/\\\/www.kktavastia.fi\\\/ammattiopisto\\\/tavastia-asiakaspalvelut-opiskelijatyot\\\/kahvila-ravintola-punaportti-tavastia\\\/#breadcrumb\"},\"inLanguage\":\"fi\",\"potentialAction\":[{\"@type\":\"ReadAction\",\"target\":[\"https:\\\/\\\/www.kktavastia.fi\\\/ammattiopisto\\\/tavastia-asiakaspalvelut-opiskelijatyot\\\/kahvila-ravintola-punaportti-tavastia\\\/\"]}]},{\"@type\":\"ImageObject\",\"inLanguage\":\"fi\",\"@id\":\"https:\\\/\\\/www.kktavastia.fi\\\/ammattiopisto\\\/tavastia-asiakaspalvelut-opiskelijatyot\\\/kahvila-ravintola-punaportti-tavastia\\\/#primaryimage\",\"url\":\"https:\\\/\\\/www.kktavastia.fi\\\/media\\\/sites\\\/2\\\/resq-web_stamp-en-e1714645090369.png\",\"contentUrl\":\"https:\\\/\\\/www.kktavastia.fi\\\/media\\\/sites\\\/2\\\/resq-web_stamp-en-e1714645090369.png\"},{\"@type\":\"BreadcrumbList\",\"@id\":\"https:\\\/\\\/www.kktavastia.fi\\\/ammattiopisto\\\/tavastia-asiakaspalvelut-opiskelijatyot\\\/kahvila-ravintola-punaportti-tavastia\\\/#breadcrumb\",\"itemListElement\":[{\"@type\":\"ListItem\",\"position\":1,\"name\":\"Home\",\"item\":\"https:\\\/\\\/www.kktavastia.fi\\\/ammattiopisto\\\/\"},{\"@type\":\"ListItem\",\"position\":2,\"name\":\"Asiakaspalvelut\",\"item\":\"https:\\\/\\\/www.kktavastia.fi\\\/ammattiopisto\\\/tavastia-asiakaspalvelut-opiskelijatyot\\\/\"},{\"@type\":\"ListItem\",\"position\":3,\"name\":\"Kahvila-ravintola Punaportti\"}]},{\"@type\":\"WebSite\",\"@id\":\"https:\\\/\\\/www.kktavastia.fi\\\/ammattiopisto\\\/#website\",\"url\":\"https:\\\/\\\/www.kktavastia.fi\\\/ammattiopisto\\\/\",\"name\":\"Ammattiopisto Tavastia\",\"description\":\"\",\"potentialAction\":[{\"@type\":\"SearchAction\",\"target\":{\"@type\":\"EntryPoint\",\"urlTemplate\":\"https:\\\/\\\/www.kktavastia.fi\\\/ammattiopisto\\\/?s={search_term_string}\"},\"query-input\":{\"@type\":\"PropertyValueSpecification\",\"valueRequired\":true,\"valueName\":\"search_term_string\"}}],\"inLanguage\":\"fi\"}]}<\/script>","yoast_head_json":{"title":"Kahvila-ravintola Punaportti | Lounas ja kahvila","description":"Tavastian Kahvila-ravintola Punaportti tarjoaa H\u00e4meenlinnan parhaan lounaan ja makoisat kahvilatuotteet. Tule maistamaan, my\u00f6s take away!","robots":{"index":"index","follow":"follow","max-snippet":"max-snippet:-1","max-image-preview":"max-image-preview:large","max-video-preview":"max-video-preview:-1"},"canonical":"https:\/\/www.kktavastia.fi\/ammattiopisto\/tavastia-asiakaspalvelut-opiskelijatyot\/kahvila-ravintola-punaportti-tavastia\/","og_locale":"fi_FI","og_type":"article","og_title":"Kahvila-ravintola Punaportti | Lounas ja kahvila","og_description":"Tavastian Kahvila-ravintola Punaportti tarjoaa H\u00e4meenlinnan parhaan lounaan ja makoisat kahvilatuotteet. Tule maistamaan, my\u00f6s take away!","og_url":"https:\/\/www.kktavastia.fi\/ammattiopisto\/tavastia-asiakaspalvelut-opiskelijatyot\/kahvila-ravintola-punaportti-tavastia\/","og_site_name":"Ammattiopisto Tavastia","article_modified_time":"2026-03-13T07:21:41+00:00","og_image":[{"width":250,"height":250,"url":"https:\/\/www.kktavastia.fi\/media\/sites\/2\/resq-web_stamp-en-e1714645090369.png","type":"image\/png"}],"twitter_card":"summary_large_image","schema":{"@context":"https:\/\/schema.org","@graph":[{"@type":"WebPage","@id":"https:\/\/www.kktavastia.fi\/ammattiopisto\/tavastia-asiakaspalvelut-opiskelijatyot\/kahvila-ravintola-punaportti-tavastia\/","url":"https:\/\/www.kktavastia.fi\/ammattiopisto\/tavastia-asiakaspalvelut-opiskelijatyot\/kahvila-ravintola-punaportti-tavastia\/","name":"Kahvila-ravintola Punaportti | Lounas ja kahvila","isPartOf":{"@id":"https:\/\/www.kktavastia.fi\/ammattiopisto\/#website"},"primaryImageOfPage":{"@id":"https:\/\/www.kktavastia.fi\/ammattiopisto\/tavastia-asiakaspalvelut-opiskelijatyot\/kahvila-ravintola-punaportti-tavastia\/#primaryimage"},"image":{"@id":"https:\/\/www.kktavastia.fi\/ammattiopisto\/tavastia-asiakaspalvelut-opiskelijatyot\/kahvila-ravintola-punaportti-tavastia\/#primaryimage"},"thumbnailUrl":"https:\/\/www.kktavastia.fi\/media\/sites\/2\/resq-web_stamp-en-e1714645090369.png","datePublished":"2020-11-25T08:33:51+00:00","dateModified":"2026-03-13T07:21:41+00:00","description":"Tavastian Kahvila-ravintola Punaportti tarjoaa H\u00e4meenlinnan parhaan lounaan ja makoisat kahvilatuotteet. Tule maistamaan, my\u00f6s take away!","breadcrumb":{"@id":"https:\/\/www.kktavastia.fi\/ammattiopisto\/tavastia-asiakaspalvelut-opiskelijatyot\/kahvila-ravintola-punaportti-tavastia\/#breadcrumb"},"inLanguage":"fi","potentialAction":[{"@type":"ReadAction","target":["https:\/\/www.kktavastia.fi\/ammattiopisto\/tavastia-asiakaspalvelut-opiskelijatyot\/kahvila-ravintola-punaportti-tavastia\/"]}]},{"@type":"ImageObject","inLanguage":"fi","@id":"https:\/\/www.kktavastia.fi\/ammattiopisto\/tavastia-asiakaspalvelut-opiskelijatyot\/kahvila-ravintola-punaportti-tavastia\/#primaryimage","url":"https:\/\/www.kktavastia.fi\/media\/sites\/2\/resq-web_stamp-en-e1714645090369.png","contentUrl":"https:\/\/www.kktavastia.fi\/media\/sites\/2\/resq-web_stamp-en-e1714645090369.png"},{"@type":"BreadcrumbList","@id":"https:\/\/www.kktavastia.fi\/ammattiopisto\/tavastia-asiakaspalvelut-opiskelijatyot\/kahvila-ravintola-punaportti-tavastia\/#breadcrumb","itemListElement":[{"@type":"ListItem","position":1,"name":"Home","item":"https:\/\/www.kktavastia.fi\/ammattiopisto\/"},{"@type":"ListItem","position":2,"name":"Asiakaspalvelut","item":"https:\/\/www.kktavastia.fi\/ammattiopisto\/tavastia-asiakaspalvelut-opiskelijatyot\/"},{"@type":"ListItem","position":3,"name":"Kahvila-ravintola Punaportti"}]},{"@type":"WebSite","@id":"https:\/\/www.kktavastia.fi\/ammattiopisto\/#website","url":"https:\/\/www.kktavastia.fi\/ammattiopisto\/","name":"Ammattiopisto Tavastia","description":"","potentialAction":[{"@type":"SearchAction","target":{"@type":"EntryPoint","urlTemplate":"https:\/\/www.kktavastia.fi\/ammattiopisto\/?s={search_term_string}"},"query-input":{"@type":"PropertyValueSpecification","valueRequired":true,"valueName":"search_term_string"}}],"inLanguage":"fi"}]}},"_links":{"self":[{"href":"https:\/\/www.kktavastia.fi\/ammattiopisto\/wp-json\/wp\/v2\/pages\/189","targetHints":{"allow":["GET"]}}],"collection":[{"href":"https:\/\/www.kktavastia.fi\/ammattiopisto\/wp-json\/wp\/v2\/pages"}],"about":[{"href":"https:\/\/www.kktavastia.fi\/ammattiopisto\/wp-json\/wp\/v2\/types\/page"}],"author":[{"embeddable":true,"href":"https:\/\/www.kktavastia.fi\/ammattiopisto\/wp-json\/wp\/v2\/users\/6"}],"replies":[{"embeddable":true,"href":"https:\/\/www.kktavastia.fi\/ammattiopisto\/wp-json\/wp\/v2\/comments?post=189"}],"version-history":[{"count":25,"href":"https:\/\/www.kktavastia.fi\/ammattiopisto\/wp-json\/wp\/v2\/pages\/189\/revisions"}],"predecessor-version":[{"id":149496,"href":"https:\/\/www.kktavastia.fi\/ammattiopisto\/wp-json\/wp\/v2\/pages\/189\/revisions\/149496"}],"up":[{"embeddable":true,"href":"https:\/\/www.kktavastia.fi\/ammattiopisto\/wp-json\/wp\/v2\/pages\/115"}],"wp:attachment":[{"href":"https:\/\/www.kktavastia.fi\/ammattiopisto\/wp-json\/wp\/v2\/media?parent=189"}],"curies":[{"name":"wp","href":"https:\/\/api.w.org\/{rel}","templated":true}]}}