{"id":149,"date":"2020-11-24T15:21:08","date_gmt":"2020-11-24T13:21:08","guid":{"rendered":"https:\/\/kktavastia.vaiheessa.fi\/ammattiopisto\/?page_id=149"},"modified":"2025-08-08T11:35:18","modified_gmt":"2025-08-08T08:35:18","slug":"aikuisten-maahanmuuttajien-perusopetus","status":"publish","type":"page","link":"https:\/\/www.kktavastia.fi\/ammattiopisto\/tutkinnot\/aikuisten-maahanmuuttajien-perusopetus\/","title":{"rendered":"Aikuisten maahanmuuttajien perusopetus"},"content":{"rendered":"\n<p class=\"is-style-default\">Aikuisten maahanmuuttajien perusopetus on tarkoitettu yli 17-vuotiaille, jotka eiv\u00e4t ole en\u00e4\u00e4 oppivelvollisia ja joiden tavoite on suorittaa suomalainen peruskoulu p\u00e4\u00e4st\u00e4kseen jatko-opintoihin tai ty\u00f6el\u00e4m\u00e4\u00e4n.<\/p>\n","protected":false},"excerpt":{"rendered":"<p>Aikuisten maahanmuuttajien perusopetus on tarkoitettu yli 17-vuotiaille, jotka eiv\u00e4t ole en\u00e4\u00e4 oppivelvollisia ja joiden tavoite on suorittaa suomalainen peruskoulu p\u00e4\u00e4st\u00e4kseen [&hellip;]<\/p>\n","protected":false},"author":6,"featured_media":0,"parent":11,"menu_order":10,"comment_status":"closed","ping_status":"closed","template":"template-degrees.php","meta":{"_acf_changed":false,"_relevanssi_hide_post":"","_relevanssi_hide_content":"","_relevanssi_pin_for_all":"","_relevanssi_pin_keywords":"","_relevanssi_unpin_keywords":"","_relevanssi_related_keywords":"","_relevanssi_related_include_ids":"","_relevanssi_related_exclude_ids":"","_relevanssi_related_no_append":"","_relevanssi_related_not_related":"","_relevanssi_related_posts":"40171,142,1111,15408,11,1029","_relevanssi_noindex_reason":"","footnotes":""},"class_list":["post-149","page","type-page","status-publish","hentry"],"acf":[],"yoast_head":"<title>Aikuisten maahanmuuttajien perusopetus | Ammattiopisto Tavastia<\/title>\n<meta name=\"description\" content=\"Aikuisten maahanmuuttajien perusopetus Ammattiopisto Tavastiassa. Suorita suomalainen peruskoulu. Yli 17-vuotiaille maahanmuuttajille.\" \/>\n<meta name=\"robots\" content=\"index, follow, max-snippet:-1, max-image-preview:large, max-video-preview:-1\" \/>\n<link rel=\"canonical\" href=\"https:\/\/www.kktavastia.fi\/ammattiopisto\/tutkinnot\/aikuisten-maahanmuuttajien-perusopetus\/\" \/>\n<meta property=\"og:locale\" content=\"fi_FI\" \/>\n<meta property=\"og:type\" content=\"article\" \/>\n<meta property=\"og:title\" content=\"Aikuisten maahanmuuttajien perusopetus | Ammattiopisto Tavastia\" \/>\n<meta property=\"og:description\" content=\"Aikuisten maahanmuuttajien perusopetus Ammattiopisto Tavastiassa. Suorita suomalainen peruskoulu. Yli 17-vuotiaille maahanmuuttajille.\" \/>\n<meta property=\"og:url\" content=\"https:\/\/www.kktavastia.fi\/ammattiopisto\/tutkinnot\/aikuisten-maahanmuuttajien-perusopetus\/\" \/>\n<meta property=\"og:site_name\" content=\"Ammattiopisto Tavastia\" \/>\n<meta property=\"article:modified_time\" content=\"2025-08-08T08:35:18+00:00\" \/>\n<meta name=\"twitter:card\" content=\"summary_large_image\" \/>\n<script type=\"application\/ld+json\" class=\"yoast-schema-graph\">{\"@context\":\"https:\/\/schema.org\",\"@graph\":[{\"@type\":\"WebPage\",\"@id\":\"https:\/\/www.kktavastia.fi\/ammattiopisto\/tutkinnot\/aikuisten-maahanmuuttajien-perusopetus\/\",\"url\":\"https:\/\/www.kktavastia.fi\/ammattiopisto\/tutkinnot\/aikuisten-maahanmuuttajien-perusopetus\/\",\"name\":\"Aikuisten maahanmuuttajien perusopetus | Ammattiopisto Tavastia\",\"isPartOf\":{\"@id\":\"https:\/\/www.kktavastia.fi\/ammattiopisto\/#website\"},\"datePublished\":\"2020-11-24T13:21:08+00:00\",\"dateModified\":\"2025-08-08T08:35:18+00:00\",\"description\":\"Aikuisten maahanmuuttajien perusopetus Ammattiopisto Tavastiassa. Suorita suomalainen peruskoulu. Yli 17-vuotiaille maahanmuuttajille.\",\"breadcrumb\":{\"@id\":\"https:\/\/www.kktavastia.fi\/ammattiopisto\/tutkinnot\/aikuisten-maahanmuuttajien-perusopetus\/#breadcrumb\"},\"inLanguage\":\"fi\",\"potentialAction\":[{\"@type\":\"ReadAction\",\"target\":[\"https:\/\/www.kktavastia.fi\/ammattiopisto\/tutkinnot\/aikuisten-maahanmuuttajien-perusopetus\/\"]}]},{\"@type\":\"BreadcrumbList\",\"@id\":\"https:\/\/www.kktavastia.fi\/ammattiopisto\/tutkinnot\/aikuisten-maahanmuuttajien-perusopetus\/#breadcrumb\",\"itemListElement\":[{\"@type\":\"ListItem\",\"position\":1,\"name\":\"Home\",\"item\":\"https:\/\/www.kktavastia.fi\/ammattiopisto\/\"},{\"@type\":\"ListItem\",\"position\":2,\"name\":\"Tutkinnot ja koulutukset\",\"item\":\"https:\/\/www.kktavastia.fi\/ammattiopisto\/tutkinnot\/\"},{\"@type\":\"ListItem\",\"position\":3,\"name\":\"Aikuisten maahanmuuttajien perusopetus\"}]},{\"@type\":\"WebSite\",\"@id\":\"https:\/\/www.kktavastia.fi\/ammattiopisto\/#website\",\"url\":\"https:\/\/www.kktavastia.fi\/ammattiopisto\/\",\"name\":\"Ammattiopisto Tavastia\",\"description\":\"\",\"potentialAction\":[{\"@type\":\"SearchAction\",\"target\":{\"@type\":\"EntryPoint\",\"urlTemplate\":\"https:\/\/www.kktavastia.fi\/ammattiopisto\/?s={search_term_string}\"},\"query-input\":{\"@type\":\"PropertyValueSpecification\",\"valueRequired\":true,\"valueName\":\"search_term_string\"}}],\"inLanguage\":\"fi\"}]}<\/script>","yoast_head_json":{"title":"Aikuisten maahanmuuttajien perusopetus | Ammattiopisto Tavastia","description":"Aikuisten maahanmuuttajien perusopetus Ammattiopisto Tavastiassa. Suorita suomalainen peruskoulu. Yli 17-vuotiaille maahanmuuttajille.","robots":{"index":"index","follow":"follow","max-snippet":"max-snippet:-1","max-image-preview":"max-image-preview:large","max-video-preview":"max-video-preview:-1"},"canonical":"https:\/\/www.kktavastia.fi\/ammattiopisto\/tutkinnot\/aikuisten-maahanmuuttajien-perusopetus\/","og_locale":"fi_FI","og_type":"article","og_title":"Aikuisten maahanmuuttajien perusopetus | Ammattiopisto Tavastia","og_description":"Aikuisten maahanmuuttajien perusopetus Ammattiopisto Tavastiassa. Suorita suomalainen peruskoulu. Yli 17-vuotiaille maahanmuuttajille.","og_url":"https:\/\/www.kktavastia.fi\/ammattiopisto\/tutkinnot\/aikuisten-maahanmuuttajien-perusopetus\/","og_site_name":"Ammattiopisto Tavastia","article_modified_time":"2025-08-08T08:35:18+00:00","twitter_card":"summary_large_image","schema":{"@context":"https:\/\/schema.org","@graph":[{"@type":"WebPage","@id":"https:\/\/www.kktavastia.fi\/ammattiopisto\/tutkinnot\/aikuisten-maahanmuuttajien-perusopetus\/","url":"https:\/\/www.kktavastia.fi\/ammattiopisto\/tutkinnot\/aikuisten-maahanmuuttajien-perusopetus\/","name":"Aikuisten maahanmuuttajien perusopetus | Ammattiopisto Tavastia","isPartOf":{"@id":"https:\/\/www.kktavastia.fi\/ammattiopisto\/#website"},"datePublished":"2020-11-24T13:21:08+00:00","dateModified":"2025-08-08T08:35:18+00:00","description":"Aikuisten maahanmuuttajien perusopetus Ammattiopisto Tavastiassa. Suorita suomalainen peruskoulu. Yli 17-vuotiaille maahanmuuttajille.","breadcrumb":{"@id":"https:\/\/www.kktavastia.fi\/ammattiopisto\/tutkinnot\/aikuisten-maahanmuuttajien-perusopetus\/#breadcrumb"},"inLanguage":"fi","potentialAction":[{"@type":"ReadAction","target":["https:\/\/www.kktavastia.fi\/ammattiopisto\/tutkinnot\/aikuisten-maahanmuuttajien-perusopetus\/"]}]},{"@type":"BreadcrumbList","@id":"https:\/\/www.kktavastia.fi\/ammattiopisto\/tutkinnot\/aikuisten-maahanmuuttajien-perusopetus\/#breadcrumb","itemListElement":[{"@type":"ListItem","position":1,"name":"Home","item":"https:\/\/www.kktavastia.fi\/ammattiopisto\/"},{"@type":"ListItem","position":2,"name":"Tutkinnot ja koulutukset","item":"https:\/\/www.kktavastia.fi\/ammattiopisto\/tutkinnot\/"},{"@type":"ListItem","position":3,"name":"Aikuisten maahanmuuttajien perusopetus"}]},{"@type":"WebSite","@id":"https:\/\/www.kktavastia.fi\/ammattiopisto\/#website","url":"https:\/\/www.kktavastia.fi\/ammattiopisto\/","name":"Ammattiopisto Tavastia","description":"","potentialAction":[{"@type":"SearchAction","target":{"@type":"EntryPoint","urlTemplate":"https:\/\/www.kktavastia.fi\/ammattiopisto\/?s={search_term_string}"},"query-input":{"@type":"PropertyValueSpecification","valueRequired":true,"valueName":"search_term_string"}}],"inLanguage":"fi"}]}},"_links":{"self":[{"href":"https:\/\/www.kktavastia.fi\/ammattiopisto\/wp-json\/wp\/v2\/pages\/149","targetHints":{"allow":["GET"]}}],"collection":[{"href":"https:\/\/www.kktavastia.fi\/ammattiopisto\/wp-json\/wp\/v2\/pages"}],"about":[{"href":"https:\/\/www.kktavastia.fi\/ammattiopisto\/wp-json\/wp\/v2\/types\/page"}],"author":[{"embeddable":true,"href":"https:\/\/www.kktavastia.fi\/ammattiopisto\/wp-json\/wp\/v2\/users\/6"}],"replies":[{"embeddable":true,"href":"https:\/\/www.kktavastia.fi\/ammattiopisto\/wp-json\/wp\/v2\/comments?post=149"}],"version-history":[{"count":16,"href":"https:\/\/www.kktavastia.fi\/ammattiopisto\/wp-json\/wp\/v2\/pages\/149\/revisions"}],"predecessor-version":[{"id":24155,"href":"https:\/\/www.kktavastia.fi\/ammattiopisto\/wp-json\/wp\/v2\/pages\/149\/revisions\/24155"}],"up":[{"embeddable":true,"href":"https:\/\/www.kktavastia.fi\/ammattiopisto\/wp-json\/wp\/v2\/pages\/11"}],"wp:attachment":[{"href":"https:\/\/www.kktavastia.fi\/ammattiopisto\/wp-json\/wp\/v2\/media?parent=149"}],"curies":[{"name":"wp","href":"https:\/\/api.w.org\/{rel}","templated":true}]}}