{"id":147469,"date":"2026-03-02T15:01:50","date_gmt":"2026-03-02T13:01:50","guid":{"rendered":"https:\/\/www.kktavastia.fi\/ammattiopisto\/?page_id=147469"},"modified":"2026-03-04T13:30:33","modified_gmt":"2026-03-04T11:30:33","slug":"lukuvuosimaksut","status":"publish","type":"page","link":"https:\/\/www.kktavastia.fi\/ammattiopisto\/hakijalle\/lukuvuosimaksut\/","title":{"rendered":"Lukuvuosimaksut"},"content":{"rendered":"\n<p class=\"is-style-ingress\">Toisen asteen koulutuksen (Koulutuskuntayhtym\u00e4 Tavastiassa ammatillinen koulutus ja lukiokoulutus) lukuvuosimaksut tulevat voimaan 1.8.2026.<\/p>\n\n\n\n<p>Jos aloitat opiskelun&nbsp;<strong>1.8.2026 tai sen j\u00e4lkeen<\/strong>&nbsp;ja olet&nbsp;<strong>EU- ja ETA-alueen ulkopuolisen maan kansalainen<\/strong>, sinulta voidaan peri\u00e4 lukuvuosimaksu ammatillisessa koulutuksessa ja lukiokoulutuksessa Suomessa.<\/p>\n\n\n\n<p>Lukuvuosimaksu koskee opiskelijoita, joille on my\u00f6nnetty&nbsp;<strong>oleskelulupa opiskelun perusteella Suomessa<\/strong>. Maksu koskee my\u00f6s, jos oleskelulupa on my\u00f6nnetty&nbsp;<strong>perheenj\u00e4senesi opiskelun perusteella<\/strong>. Lukuvuosimaksu tulee maksaa ennen opintojen aloittamista.<\/p>\n\n\n\n<p>Lukuvuosimaksu ei sis\u00e4ll\u00e4 maksutonta ruokailua eik\u00e4 oppimateriaaleja. Sinulla on kuitenkin oikeus opiskeluhuollon palveluihin, kuten terveydenhoitoon ja kuraattoripalveluihin sek\u00e4 oppimisen tukeen ja erityiseen tukeen.<\/p>\n\n\n\n<p>Maksua ei kuitenkaan tarvitse maksaa, jos olet Islannin, Liechtensteinin, Norjan tai Sveitsin kansalainen. Ukrainan kansalaisilta lukuvuosimaksua ei perit\u00e4 4.3.2027 saakka, jolloin tilap\u00e4inen suojelu p\u00e4\u00e4ttyy.<\/p>\n\n\n\n<p>Lukuvuosimaksua ei tarvitse maksaa my\u00f6sk\u00e4\u00e4n silloin, jos kuulut maksuvapaaseen ryhm\u00e4\u00e4n, esimerkiksi olet oppivelvollinen, olet vaihto-opiskelija, sinulla on pysyv\u00e4 oleskelulupa, tai saat kansainv\u00e4list\u00e4 tai tilap\u00e4ist\u00e4 suojelua.<\/p>\n\n\n\n<p>Tutkintokohtaiset&nbsp;lukuvuosimaksujen m\u00e4\u00e4r\u00e4t julkaistaan kev\u00e4\u00e4n 2026 aikana.<\/p>\n\n\n\n<p>Lis\u00e4tietoja saat <a href=\"https:\/\/okm.fi\/toisen-asteen-koulutuksen-lukuvuosimaksut\">Opetus- ja kulttuuriministeri\u00f6n sivuilta.<\/a><\/p>\n\n\n\n<p><\/p>\n","protected":false},"excerpt":{"rendered":"<p>Toisen asteen koulutuksen (Koulutuskuntayhtym\u00e4 Tavastiassa ammatillinen koulutus ja lukiokoulutus) lukuvuosimaksut tulevat voimaan 1.8.2026. Jos aloitat opiskelun&nbsp;1.8.2026 tai sen j\u00e4lkeen&nbsp;ja olet&nbsp;EU- [&hellip;]<\/p>\n","protected":false},"author":3,"featured_media":0,"parent":2,"menu_order":0,"comment_status":"closed","ping_status":"closed","template":"","meta":{"_acf_changed":false,"_relevanssi_hide_post":"","_relevanssi_hide_content":"","_relevanssi_pin_for_all":"","_relevanssi_pin_keywords":"","_relevanssi_unpin_keywords":"","_relevanssi_related_keywords":"","_relevanssi_related_include_ids":"","_relevanssi_related_exclude_ids":"","_relevanssi_related_no_append":"","_relevanssi_related_not_related":"","_relevanssi_related_posts":"39687,496,39824,40079,2,40116","_relevanssi_noindex_reason":"","footnotes":""},"class_list":["post-147469","page","type-page","status-publish","hentry"],"acf":[],"yoast_head":"<title>Lukuvuosimaksut - Ammattiopisto Tavastia<\/title>\n<meta name=\"robots\" content=\"index, follow, max-snippet:-1, max-image-preview:large, max-video-preview:-1\" \/>\n<link rel=\"canonical\" href=\"https:\/\/www.kktavastia.fi\/ammattiopisto\/hakijalle\/lukuvuosimaksut\/\" \/>\n<meta property=\"og:locale\" content=\"fi_FI\" \/>\n<meta property=\"og:type\" content=\"article\" \/>\n<meta property=\"og:title\" content=\"Lukuvuosimaksut - Ammattiopisto Tavastia\" \/>\n<meta property=\"og:description\" content=\"Toisen asteen koulutuksen (Koulutuskuntayhtym\u00e4 Tavastiassa ammatillinen koulutus ja lukiokoulutus) lukuvuosimaksut tulevat voimaan 1.8.2026. Jos aloitat opiskelun&nbsp;1.8.2026 tai sen j\u00e4lkeen&nbsp;ja olet&nbsp;EU- [&hellip;]\" \/>\n<meta property=\"og:url\" content=\"https:\/\/www.kktavastia.fi\/ammattiopisto\/hakijalle\/lukuvuosimaksut\/\" \/>\n<meta property=\"og:site_name\" content=\"Ammattiopisto Tavastia\" \/>\n<meta property=\"article:modified_time\" content=\"2026-03-04T11:30:33+00:00\" \/>\n<meta name=\"twitter:card\" content=\"summary_large_image\" \/>\n<script type=\"application\/ld+json\" class=\"yoast-schema-graph\">{\"@context\":\"https:\\\/\\\/schema.org\",\"@graph\":[{\"@type\":\"WebPage\",\"@id\":\"https:\\\/\\\/www.kktavastia.fi\\\/ammattiopisto\\\/hakijalle\\\/lukuvuosimaksut\\\/\",\"url\":\"https:\\\/\\\/www.kktavastia.fi\\\/ammattiopisto\\\/hakijalle\\\/lukuvuosimaksut\\\/\",\"name\":\"Lukuvuosimaksut - Ammattiopisto Tavastia\",\"isPartOf\":{\"@id\":\"https:\\\/\\\/www.kktavastia.fi\\\/ammattiopisto\\\/#website\"},\"datePublished\":\"2026-03-02T13:01:50+00:00\",\"dateModified\":\"2026-03-04T11:30:33+00:00\",\"breadcrumb\":{\"@id\":\"https:\\\/\\\/www.kktavastia.fi\\\/ammattiopisto\\\/hakijalle\\\/lukuvuosimaksut\\\/#breadcrumb\"},\"inLanguage\":\"fi\",\"potentialAction\":[{\"@type\":\"ReadAction\",\"target\":[\"https:\\\/\\\/www.kktavastia.fi\\\/ammattiopisto\\\/hakijalle\\\/lukuvuosimaksut\\\/\"]}]},{\"@type\":\"BreadcrumbList\",\"@id\":\"https:\\\/\\\/www.kktavastia.fi\\\/ammattiopisto\\\/hakijalle\\\/lukuvuosimaksut\\\/#breadcrumb\",\"itemListElement\":[{\"@type\":\"ListItem\",\"position\":1,\"name\":\"Home\",\"item\":\"https:\\\/\\\/www.kktavastia.fi\\\/ammattiopisto\\\/\"},{\"@type\":\"ListItem\",\"position\":2,\"name\":\"Hakijalle\",\"item\":\"https:\\\/\\\/www.kktavastia.fi\\\/ammattiopisto\\\/hakijalle\\\/\"},{\"@type\":\"ListItem\",\"position\":3,\"name\":\"Lukuvuosimaksut\"}]},{\"@type\":\"WebSite\",\"@id\":\"https:\\\/\\\/www.kktavastia.fi\\\/ammattiopisto\\\/#website\",\"url\":\"https:\\\/\\\/www.kktavastia.fi\\\/ammattiopisto\\\/\",\"name\":\"Ammattiopisto Tavastia\",\"description\":\"\",\"potentialAction\":[{\"@type\":\"SearchAction\",\"target\":{\"@type\":\"EntryPoint\",\"urlTemplate\":\"https:\\\/\\\/www.kktavastia.fi\\\/ammattiopisto\\\/?s={search_term_string}\"},\"query-input\":{\"@type\":\"PropertyValueSpecification\",\"valueRequired\":true,\"valueName\":\"search_term_string\"}}],\"inLanguage\":\"fi\"}]}<\/script>","yoast_head_json":{"title":"Lukuvuosimaksut - Ammattiopisto Tavastia","robots":{"index":"index","follow":"follow","max-snippet":"max-snippet:-1","max-image-preview":"max-image-preview:large","max-video-preview":"max-video-preview:-1"},"canonical":"https:\/\/www.kktavastia.fi\/ammattiopisto\/hakijalle\/lukuvuosimaksut\/","og_locale":"fi_FI","og_type":"article","og_title":"Lukuvuosimaksut - Ammattiopisto Tavastia","og_description":"Toisen asteen koulutuksen (Koulutuskuntayhtym\u00e4 Tavastiassa ammatillinen koulutus ja lukiokoulutus) lukuvuosimaksut tulevat voimaan 1.8.2026. Jos aloitat opiskelun&nbsp;1.8.2026 tai sen j\u00e4lkeen&nbsp;ja olet&nbsp;EU- [&hellip;]","og_url":"https:\/\/www.kktavastia.fi\/ammattiopisto\/hakijalle\/lukuvuosimaksut\/","og_site_name":"Ammattiopisto Tavastia","article_modified_time":"2026-03-04T11:30:33+00:00","twitter_card":"summary_large_image","schema":{"@context":"https:\/\/schema.org","@graph":[{"@type":"WebPage","@id":"https:\/\/www.kktavastia.fi\/ammattiopisto\/hakijalle\/lukuvuosimaksut\/","url":"https:\/\/www.kktavastia.fi\/ammattiopisto\/hakijalle\/lukuvuosimaksut\/","name":"Lukuvuosimaksut - Ammattiopisto Tavastia","isPartOf":{"@id":"https:\/\/www.kktavastia.fi\/ammattiopisto\/#website"},"datePublished":"2026-03-02T13:01:50+00:00","dateModified":"2026-03-04T11:30:33+00:00","breadcrumb":{"@id":"https:\/\/www.kktavastia.fi\/ammattiopisto\/hakijalle\/lukuvuosimaksut\/#breadcrumb"},"inLanguage":"fi","potentialAction":[{"@type":"ReadAction","target":["https:\/\/www.kktavastia.fi\/ammattiopisto\/hakijalle\/lukuvuosimaksut\/"]}]},{"@type":"BreadcrumbList","@id":"https:\/\/www.kktavastia.fi\/ammattiopisto\/hakijalle\/lukuvuosimaksut\/#breadcrumb","itemListElement":[{"@type":"ListItem","position":1,"name":"Home","item":"https:\/\/www.kktavastia.fi\/ammattiopisto\/"},{"@type":"ListItem","position":2,"name":"Hakijalle","item":"https:\/\/www.kktavastia.fi\/ammattiopisto\/hakijalle\/"},{"@type":"ListItem","position":3,"name":"Lukuvuosimaksut"}]},{"@type":"WebSite","@id":"https:\/\/www.kktavastia.fi\/ammattiopisto\/#website","url":"https:\/\/www.kktavastia.fi\/ammattiopisto\/","name":"Ammattiopisto Tavastia","description":"","potentialAction":[{"@type":"SearchAction","target":{"@type":"EntryPoint","urlTemplate":"https:\/\/www.kktavastia.fi\/ammattiopisto\/?s={search_term_string}"},"query-input":{"@type":"PropertyValueSpecification","valueRequired":true,"valueName":"search_term_string"}}],"inLanguage":"fi"}]}},"_links":{"self":[{"href":"https:\/\/www.kktavastia.fi\/ammattiopisto\/wp-json\/wp\/v2\/pages\/147469","targetHints":{"allow":["GET"]}}],"collection":[{"href":"https:\/\/www.kktavastia.fi\/ammattiopisto\/wp-json\/wp\/v2\/pages"}],"about":[{"href":"https:\/\/www.kktavastia.fi\/ammattiopisto\/wp-json\/wp\/v2\/types\/page"}],"author":[{"embeddable":true,"href":"https:\/\/www.kktavastia.fi\/ammattiopisto\/wp-json\/wp\/v2\/users\/3"}],"replies":[{"embeddable":true,"href":"https:\/\/www.kktavastia.fi\/ammattiopisto\/wp-json\/wp\/v2\/comments?post=147469"}],"version-history":[{"count":4,"href":"https:\/\/www.kktavastia.fi\/ammattiopisto\/wp-json\/wp\/v2\/pages\/147469\/revisions"}],"predecessor-version":[{"id":147781,"href":"https:\/\/www.kktavastia.fi\/ammattiopisto\/wp-json\/wp\/v2\/pages\/147469\/revisions\/147781"}],"up":[{"embeddable":true,"href":"https:\/\/www.kktavastia.fi\/ammattiopisto\/wp-json\/wp\/v2\/pages\/2"}],"wp:attachment":[{"href":"https:\/\/www.kktavastia.fi\/ammattiopisto\/wp-json\/wp\/v2\/media?parent=147469"}],"curies":[{"name":"wp","href":"https:\/\/api.w.org\/{rel}","templated":true}]}}