{"id":147,"date":"2020-11-24T15:20:31","date_gmt":"2020-11-24T13:20:31","guid":{"rendered":"https:\/\/kktavastia.vaiheessa.fi\/ammattiopisto\/?page_id=147"},"modified":"2026-02-03T11:00:44","modified_gmt":"2026-02-03T09:00:44","slug":"tuva-koulutukset","status":"publish","type":"page","link":"https:\/\/www.kktavastia.fi\/ammattiopisto\/tutkinnot\/tuva-koulutukset\/","title":{"rendered":"TUVA-koulutukset"},"content":{"rendered":"\n<p class=\"is-style-default\">Tutkintokoulutukseen valmentava koulutus eli TUVA-koulutus on noin vuoden kest\u00e4v\u00e4 koulutus, jonka aikana voit mietti\u00e4, mit\u00e4 tulevaisuudessa haluaisit opiskella. Koulutuksessa saat lis\u00e4\u00e4 valmiuksia ammatin opiskeluun ja ohjausta opiskelupaikan etsimiseen. <\/p>\n\n\n\n<p class=\"is-style-default\">TUVA-opintoihin haetaan, kun on k\u00e4ynyt peruskoulun, eik\u00e4 ole opiskelupaikkaa tai jos esim. ammatillinen koulutus tai lukiokoulutus on keskeytynyt.<\/p>\n\n\n\n<h4 class=\"wp-block-heading\">Ammattiopisto Tavastiassa j\u00e4rjestet\u00e4\u00e4n Tuva-koulutuskokonaisuuksia seuraavasti<\/h4>\n\n\n\n<ul class=\"wp-block-list\">\n<li>Tuva-koulutus oppivelvollisille, jotka ovat suorittaneet peruskoulun<br>&#8211; Hakeminen yhteishaun kautta tai kes\u00e4kuussa aukeavassa jatkuvassa haussa.<\/li>\n\n\n\n<li>Tuva-koulutus maahanmuuttaneille aikuisille<br>&#8211; Hakeminen yhteishaussa (henkil\u00f6t, joilla ei ole aiempaa toisen asteen tutkintoa) tai jatkuvassa haussa.<\/li>\n\n\n\n<li>Tuva-koulutus Ty\u00f6H\u00e4meen ty\u00f6tt\u00f6mille, maahanmuuttaneille, ty\u00f6nhakija-asiakkaille<br>&#8211; Hakeminen Ty\u00f6H\u00e4meen kautta.<\/li>\n<\/ul>\n","protected":false},"excerpt":{"rendered":"<p>Tutkintokoulutukseen valmentava koulutus eli TUVA-koulutus on noin vuoden kest\u00e4v\u00e4 koulutus, jonka aikana voit mietti\u00e4, mit\u00e4 tulevaisuudessa haluaisit opiskella. Koulutuksessa saat [&hellip;]<\/p>\n","protected":false},"author":6,"featured_media":0,"parent":11,"menu_order":8,"comment_status":"closed","ping_status":"closed","template":"template-degrees.php","meta":{"_acf_changed":false,"_relevanssi_hide_post":"","_relevanssi_hide_content":"","_relevanssi_pin_for_all":"","_relevanssi_pin_keywords":"","_relevanssi_unpin_keywords":"","_relevanssi_related_keywords":"","_relevanssi_related_include_ids":"","_relevanssi_related_exclude_ids":"","_relevanssi_related_no_append":"","_relevanssi_related_not_related":"","_relevanssi_related_posts":"40171,142,15408,11,39421,476","_relevanssi_noindex_reason":"","footnotes":""},"class_list":["post-147","page","type-page","status-publish","hentry"],"acf":[],"yoast_head":"<title>TUVA-koulutukset | Ammattiopisto Tavastia | TUVA-koulutus Tavastia<\/title>\n<meta name=\"description\" content=\"TUVA-koulutukset Ammattiopisto Tavastiassa auttavat l\u00f6yt\u00e4m\u00e4\u00e4n oman suunnan. Hae TUVA-koulutukseen, jos haluat mietti\u00e4 omaa opiskelualaa.\" \/>\n<meta name=\"robots\" content=\"index, follow, max-snippet:-1, max-image-preview:large, max-video-preview:-1\" \/>\n<link rel=\"canonical\" href=\"https:\/\/www.kktavastia.fi\/ammattiopisto\/tutkinnot\/tuva-koulutukset\/\" \/>\n<meta property=\"og:locale\" content=\"fi_FI\" \/>\n<meta property=\"og:type\" content=\"article\" \/>\n<meta property=\"og:title\" content=\"TUVA-koulutukset | Ammattiopisto Tavastia | TUVA-koulutus Tavastia\" \/>\n<meta property=\"og:description\" content=\"TUVA-koulutukset Ammattiopisto Tavastiassa auttavat l\u00f6yt\u00e4m\u00e4\u00e4n oman suunnan. Hae TUVA-koulutukseen, jos haluat mietti\u00e4 omaa opiskelualaa.\" \/>\n<meta property=\"og:url\" content=\"https:\/\/www.kktavastia.fi\/ammattiopisto\/tutkinnot\/tuva-koulutukset\/\" \/>\n<meta property=\"og:site_name\" content=\"Ammattiopisto Tavastia\" \/>\n<meta property=\"article:modified_time\" content=\"2026-02-03T09:00:44+00:00\" \/>\n<meta name=\"twitter:card\" content=\"summary_large_image\" \/>\n<script type=\"application\/ld+json\" class=\"yoast-schema-graph\">{\"@context\":\"https:\\\/\\\/schema.org\",\"@graph\":[{\"@type\":\"WebPage\",\"@id\":\"https:\\\/\\\/www.kktavastia.fi\\\/ammattiopisto\\\/tutkinnot\\\/tuva-koulutukset\\\/\",\"url\":\"https:\\\/\\\/www.kktavastia.fi\\\/ammattiopisto\\\/tutkinnot\\\/tuva-koulutukset\\\/\",\"name\":\"TUVA-koulutukset | Ammattiopisto Tavastia | TUVA-koulutus Tavastia\",\"isPartOf\":{\"@id\":\"https:\\\/\\\/www.kktavastia.fi\\\/ammattiopisto\\\/#website\"},\"datePublished\":\"2020-11-24T13:20:31+00:00\",\"dateModified\":\"2026-02-03T09:00:44+00:00\",\"description\":\"TUVA-koulutukset Ammattiopisto Tavastiassa auttavat l\u00f6yt\u00e4m\u00e4\u00e4n oman suunnan. Hae TUVA-koulutukseen, jos haluat mietti\u00e4 omaa opiskelualaa.\",\"breadcrumb\":{\"@id\":\"https:\\\/\\\/www.kktavastia.fi\\\/ammattiopisto\\\/tutkinnot\\\/tuva-koulutukset\\\/#breadcrumb\"},\"inLanguage\":\"fi\",\"potentialAction\":[{\"@type\":\"ReadAction\",\"target\":[\"https:\\\/\\\/www.kktavastia.fi\\\/ammattiopisto\\\/tutkinnot\\\/tuva-koulutukset\\\/\"]}]},{\"@type\":\"BreadcrumbList\",\"@id\":\"https:\\\/\\\/www.kktavastia.fi\\\/ammattiopisto\\\/tutkinnot\\\/tuva-koulutukset\\\/#breadcrumb\",\"itemListElement\":[{\"@type\":\"ListItem\",\"position\":1,\"name\":\"Home\",\"item\":\"https:\\\/\\\/www.kktavastia.fi\\\/ammattiopisto\\\/\"},{\"@type\":\"ListItem\",\"position\":2,\"name\":\"Tutkinnot ja koulutukset\",\"item\":\"https:\\\/\\\/www.kktavastia.fi\\\/ammattiopisto\\\/tutkinnot\\\/\"},{\"@type\":\"ListItem\",\"position\":3,\"name\":\"TUVA-koulutukset\"}]},{\"@type\":\"WebSite\",\"@id\":\"https:\\\/\\\/www.kktavastia.fi\\\/ammattiopisto\\\/#website\",\"url\":\"https:\\\/\\\/www.kktavastia.fi\\\/ammattiopisto\\\/\",\"name\":\"Ammattiopisto Tavastia\",\"description\":\"\",\"potentialAction\":[{\"@type\":\"SearchAction\",\"target\":{\"@type\":\"EntryPoint\",\"urlTemplate\":\"https:\\\/\\\/www.kktavastia.fi\\\/ammattiopisto\\\/?s={search_term_string}\"},\"query-input\":{\"@type\":\"PropertyValueSpecification\",\"valueRequired\":true,\"valueName\":\"search_term_string\"}}],\"inLanguage\":\"fi\"}]}<\/script>","yoast_head_json":{"title":"TUVA-koulutukset | Ammattiopisto Tavastia | TUVA-koulutus Tavastia","description":"TUVA-koulutukset Ammattiopisto Tavastiassa auttavat l\u00f6yt\u00e4m\u00e4\u00e4n oman suunnan. Hae TUVA-koulutukseen, jos haluat mietti\u00e4 omaa opiskelualaa.","robots":{"index":"index","follow":"follow","max-snippet":"max-snippet:-1","max-image-preview":"max-image-preview:large","max-video-preview":"max-video-preview:-1"},"canonical":"https:\/\/www.kktavastia.fi\/ammattiopisto\/tutkinnot\/tuva-koulutukset\/","og_locale":"fi_FI","og_type":"article","og_title":"TUVA-koulutukset | Ammattiopisto Tavastia | TUVA-koulutus Tavastia","og_description":"TUVA-koulutukset Ammattiopisto Tavastiassa auttavat l\u00f6yt\u00e4m\u00e4\u00e4n oman suunnan. Hae TUVA-koulutukseen, jos haluat mietti\u00e4 omaa opiskelualaa.","og_url":"https:\/\/www.kktavastia.fi\/ammattiopisto\/tutkinnot\/tuva-koulutukset\/","og_site_name":"Ammattiopisto Tavastia","article_modified_time":"2026-02-03T09:00:44+00:00","twitter_card":"summary_large_image","schema":{"@context":"https:\/\/schema.org","@graph":[{"@type":"WebPage","@id":"https:\/\/www.kktavastia.fi\/ammattiopisto\/tutkinnot\/tuva-koulutukset\/","url":"https:\/\/www.kktavastia.fi\/ammattiopisto\/tutkinnot\/tuva-koulutukset\/","name":"TUVA-koulutukset | Ammattiopisto Tavastia | TUVA-koulutus Tavastia","isPartOf":{"@id":"https:\/\/www.kktavastia.fi\/ammattiopisto\/#website"},"datePublished":"2020-11-24T13:20:31+00:00","dateModified":"2026-02-03T09:00:44+00:00","description":"TUVA-koulutukset Ammattiopisto Tavastiassa auttavat l\u00f6yt\u00e4m\u00e4\u00e4n oman suunnan. Hae TUVA-koulutukseen, jos haluat mietti\u00e4 omaa opiskelualaa.","breadcrumb":{"@id":"https:\/\/www.kktavastia.fi\/ammattiopisto\/tutkinnot\/tuva-koulutukset\/#breadcrumb"},"inLanguage":"fi","potentialAction":[{"@type":"ReadAction","target":["https:\/\/www.kktavastia.fi\/ammattiopisto\/tutkinnot\/tuva-koulutukset\/"]}]},{"@type":"BreadcrumbList","@id":"https:\/\/www.kktavastia.fi\/ammattiopisto\/tutkinnot\/tuva-koulutukset\/#breadcrumb","itemListElement":[{"@type":"ListItem","position":1,"name":"Home","item":"https:\/\/www.kktavastia.fi\/ammattiopisto\/"},{"@type":"ListItem","position":2,"name":"Tutkinnot ja koulutukset","item":"https:\/\/www.kktavastia.fi\/ammattiopisto\/tutkinnot\/"},{"@type":"ListItem","position":3,"name":"TUVA-koulutukset"}]},{"@type":"WebSite","@id":"https:\/\/www.kktavastia.fi\/ammattiopisto\/#website","url":"https:\/\/www.kktavastia.fi\/ammattiopisto\/","name":"Ammattiopisto Tavastia","description":"","potentialAction":[{"@type":"SearchAction","target":{"@type":"EntryPoint","urlTemplate":"https:\/\/www.kktavastia.fi\/ammattiopisto\/?s={search_term_string}"},"query-input":{"@type":"PropertyValueSpecification","valueRequired":true,"valueName":"search_term_string"}}],"inLanguage":"fi"}]}},"_links":{"self":[{"href":"https:\/\/www.kktavastia.fi\/ammattiopisto\/wp-json\/wp\/v2\/pages\/147","targetHints":{"allow":["GET"]}}],"collection":[{"href":"https:\/\/www.kktavastia.fi\/ammattiopisto\/wp-json\/wp\/v2\/pages"}],"about":[{"href":"https:\/\/www.kktavastia.fi\/ammattiopisto\/wp-json\/wp\/v2\/types\/page"}],"author":[{"embeddable":true,"href":"https:\/\/www.kktavastia.fi\/ammattiopisto\/wp-json\/wp\/v2\/users\/6"}],"replies":[{"embeddable":true,"href":"https:\/\/www.kktavastia.fi\/ammattiopisto\/wp-json\/wp\/v2\/comments?post=147"}],"version-history":[{"count":25,"href":"https:\/\/www.kktavastia.fi\/ammattiopisto\/wp-json\/wp\/v2\/pages\/147\/revisions"}],"predecessor-version":[{"id":143347,"href":"https:\/\/www.kktavastia.fi\/ammattiopisto\/wp-json\/wp\/v2\/pages\/147\/revisions\/143347"}],"up":[{"embeddable":true,"href":"https:\/\/www.kktavastia.fi\/ammattiopisto\/wp-json\/wp\/v2\/pages\/11"}],"wp:attachment":[{"href":"https:\/\/www.kktavastia.fi\/ammattiopisto\/wp-json\/wp\/v2\/media?parent=147"}],"curies":[{"name":"wp","href":"https:\/\/api.w.org\/{rel}","templated":true}]}}