{"id":14665,"date":"2021-03-18T08:56:59","date_gmt":"2021-03-18T06:56:59","guid":{"rendered":"https:\/\/www.kktavastia.fi\/ammattiopisto\/?page_id=14665"},"modified":"2025-04-29T13:54:41","modified_gmt":"2025-04-29T10:54:41","slug":"tutkinnon-osat","status":"publish","type":"page","link":"https:\/\/www.kktavastia.fi\/ammattiopisto\/tutkinnot\/tutkinnon-osat\/","title":{"rendered":"Tutkinnon osat"},"content":{"rendered":"\n<p>Yksitt\u00e4isen tutkinnon osan tai tutkinnon osien suorittaminen on mainio tapa tutustua kiinnostavaan alaan. Voit laajentaa omaa osaamistasi vastaamaan ty\u00f6el\u00e4m\u00e4n tarpeita ja parantaa samalla omia ty\u00f6llistymismahdollisuuksiasi. Jatkuva oppiminen vaikkapa ty\u00f6n ohessa on helpompaa, kun sinun ei tarvitse sitoutua suorittamaan kokonaista tutkintoa. Suorittamalla tutkinnon osan voit saada t\u00e4sm\u00e4osaamista, jolla nostat oman osaamisesi uudelle tasolle.&nbsp;<\/p>\n\n\n\n<p>Jos tarvitset perustaitoihisi lis\u00e4\u00e4 harjoitusta tai taitosi eiv\u00e4t viel\u00e4 riit\u00e4 opinnoissa selvi\u00e4miseen tai tutkinnon suorittamiseen, voit hakeutua opiskelemaan opiskeluvalmiuksia tukeviin opintoihin (OPVA).<\/p>\n","protected":false},"excerpt":{"rendered":"<p>Yksitt\u00e4isen tutkinnon osan tai tutkinnon osien suorittaminen on mainio tapa tutustua kiinnostavaan alaan. Voit laajentaa omaa osaamistasi vastaamaan ty\u00f6el\u00e4m\u00e4n tarpeita [&hellip;]<\/p>\n","protected":false},"author":5,"featured_media":0,"parent":11,"menu_order":4,"comment_status":"closed","ping_status":"closed","template":"template-degrees.php","meta":{"_acf_changed":false,"_relevanssi_hide_post":"","_relevanssi_hide_content":"","_relevanssi_pin_for_all":"","_relevanssi_pin_keywords":"","_relevanssi_unpin_keywords":"","_relevanssi_related_keywords":"","_relevanssi_related_include_ids":"","_relevanssi_related_exclude_ids":"","_relevanssi_related_no_append":"","_relevanssi_related_not_related":"","_relevanssi_related_posts":"40171,1146,516,18445,1356,946","_relevanssi_noindex_reason":"","footnotes":""},"class_list":["post-14665","page","type-page","status-publish","hentry"],"acf":[],"yoast_head":"<title>Tutkinnon osat - Ammattiopisto Tavastia<\/title>\n<meta name=\"robots\" content=\"index, follow, max-snippet:-1, max-image-preview:large, max-video-preview:-1\" \/>\n<link rel=\"canonical\" href=\"https:\/\/www.kktavastia.fi\/ammattiopisto\/tutkinnot\/tutkinnon-osat\/\" \/>\n<meta property=\"og:locale\" content=\"fi_FI\" \/>\n<meta property=\"og:type\" content=\"article\" \/>\n<meta property=\"og:title\" content=\"Tutkinnon osat - Ammattiopisto Tavastia\" \/>\n<meta property=\"og:description\" content=\"Yksitt\u00e4isen tutkinnon osan tai tutkinnon osien suorittaminen on mainio tapa tutustua kiinnostavaan alaan. Voit laajentaa omaa osaamistasi vastaamaan ty\u00f6el\u00e4m\u00e4n tarpeita [&hellip;]\" \/>\n<meta property=\"og:url\" content=\"https:\/\/www.kktavastia.fi\/ammattiopisto\/tutkinnot\/tutkinnon-osat\/\" \/>\n<meta property=\"og:site_name\" content=\"Ammattiopisto Tavastia\" \/>\n<meta property=\"article:modified_time\" content=\"2025-04-29T10:54:41+00:00\" \/>\n<meta name=\"twitter:card\" content=\"summary_large_image\" \/>\n<script type=\"application\/ld+json\" class=\"yoast-schema-graph\">{\"@context\":\"https:\\\/\\\/schema.org\",\"@graph\":[{\"@type\":\"WebPage\",\"@id\":\"https:\\\/\\\/www.kktavastia.fi\\\/ammattiopisto\\\/tutkinnot\\\/tutkinnon-osat\\\/\",\"url\":\"https:\\\/\\\/www.kktavastia.fi\\\/ammattiopisto\\\/tutkinnot\\\/tutkinnon-osat\\\/\",\"name\":\"Tutkinnon osat - Ammattiopisto Tavastia\",\"isPartOf\":{\"@id\":\"https:\\\/\\\/www.kktavastia.fi\\\/ammattiopisto\\\/#website\"},\"datePublished\":\"2021-03-18T06:56:59+00:00\",\"dateModified\":\"2025-04-29T10:54:41+00:00\",\"breadcrumb\":{\"@id\":\"https:\\\/\\\/www.kktavastia.fi\\\/ammattiopisto\\\/tutkinnot\\\/tutkinnon-osat\\\/#breadcrumb\"},\"inLanguage\":\"fi\",\"potentialAction\":[{\"@type\":\"ReadAction\",\"target\":[\"https:\\\/\\\/www.kktavastia.fi\\\/ammattiopisto\\\/tutkinnot\\\/tutkinnon-osat\\\/\"]}]},{\"@type\":\"BreadcrumbList\",\"@id\":\"https:\\\/\\\/www.kktavastia.fi\\\/ammattiopisto\\\/tutkinnot\\\/tutkinnon-osat\\\/#breadcrumb\",\"itemListElement\":[{\"@type\":\"ListItem\",\"position\":1,\"name\":\"Home\",\"item\":\"https:\\\/\\\/www.kktavastia.fi\\\/ammattiopisto\\\/\"},{\"@type\":\"ListItem\",\"position\":2,\"name\":\"Tutkinnot ja koulutukset\",\"item\":\"https:\\\/\\\/www.kktavastia.fi\\\/ammattiopisto\\\/tutkinnot\\\/\"},{\"@type\":\"ListItem\",\"position\":3,\"name\":\"Tutkinnon osat\"}]},{\"@type\":\"WebSite\",\"@id\":\"https:\\\/\\\/www.kktavastia.fi\\\/ammattiopisto\\\/#website\",\"url\":\"https:\\\/\\\/www.kktavastia.fi\\\/ammattiopisto\\\/\",\"name\":\"Ammattiopisto Tavastia\",\"description\":\"\",\"potentialAction\":[{\"@type\":\"SearchAction\",\"target\":{\"@type\":\"EntryPoint\",\"urlTemplate\":\"https:\\\/\\\/www.kktavastia.fi\\\/ammattiopisto\\\/?s={search_term_string}\"},\"query-input\":{\"@type\":\"PropertyValueSpecification\",\"valueRequired\":true,\"valueName\":\"search_term_string\"}}],\"inLanguage\":\"fi\"}]}<\/script>","yoast_head_json":{"title":"Tutkinnon osat - Ammattiopisto Tavastia","robots":{"index":"index","follow":"follow","max-snippet":"max-snippet:-1","max-image-preview":"max-image-preview:large","max-video-preview":"max-video-preview:-1"},"canonical":"https:\/\/www.kktavastia.fi\/ammattiopisto\/tutkinnot\/tutkinnon-osat\/","og_locale":"fi_FI","og_type":"article","og_title":"Tutkinnon osat - Ammattiopisto Tavastia","og_description":"Yksitt\u00e4isen tutkinnon osan tai tutkinnon osien suorittaminen on mainio tapa tutustua kiinnostavaan alaan. Voit laajentaa omaa osaamistasi vastaamaan ty\u00f6el\u00e4m\u00e4n tarpeita [&hellip;]","og_url":"https:\/\/www.kktavastia.fi\/ammattiopisto\/tutkinnot\/tutkinnon-osat\/","og_site_name":"Ammattiopisto Tavastia","article_modified_time":"2025-04-29T10:54:41+00:00","twitter_card":"summary_large_image","schema":{"@context":"https:\/\/schema.org","@graph":[{"@type":"WebPage","@id":"https:\/\/www.kktavastia.fi\/ammattiopisto\/tutkinnot\/tutkinnon-osat\/","url":"https:\/\/www.kktavastia.fi\/ammattiopisto\/tutkinnot\/tutkinnon-osat\/","name":"Tutkinnon osat - Ammattiopisto Tavastia","isPartOf":{"@id":"https:\/\/www.kktavastia.fi\/ammattiopisto\/#website"},"datePublished":"2021-03-18T06:56:59+00:00","dateModified":"2025-04-29T10:54:41+00:00","breadcrumb":{"@id":"https:\/\/www.kktavastia.fi\/ammattiopisto\/tutkinnot\/tutkinnon-osat\/#breadcrumb"},"inLanguage":"fi","potentialAction":[{"@type":"ReadAction","target":["https:\/\/www.kktavastia.fi\/ammattiopisto\/tutkinnot\/tutkinnon-osat\/"]}]},{"@type":"BreadcrumbList","@id":"https:\/\/www.kktavastia.fi\/ammattiopisto\/tutkinnot\/tutkinnon-osat\/#breadcrumb","itemListElement":[{"@type":"ListItem","position":1,"name":"Home","item":"https:\/\/www.kktavastia.fi\/ammattiopisto\/"},{"@type":"ListItem","position":2,"name":"Tutkinnot ja koulutukset","item":"https:\/\/www.kktavastia.fi\/ammattiopisto\/tutkinnot\/"},{"@type":"ListItem","position":3,"name":"Tutkinnon osat"}]},{"@type":"WebSite","@id":"https:\/\/www.kktavastia.fi\/ammattiopisto\/#website","url":"https:\/\/www.kktavastia.fi\/ammattiopisto\/","name":"Ammattiopisto Tavastia","description":"","potentialAction":[{"@type":"SearchAction","target":{"@type":"EntryPoint","urlTemplate":"https:\/\/www.kktavastia.fi\/ammattiopisto\/?s={search_term_string}"},"query-input":{"@type":"PropertyValueSpecification","valueRequired":true,"valueName":"search_term_string"}}],"inLanguage":"fi"}]}},"_links":{"self":[{"href":"https:\/\/www.kktavastia.fi\/ammattiopisto\/wp-json\/wp\/v2\/pages\/14665","targetHints":{"allow":["GET"]}}],"collection":[{"href":"https:\/\/www.kktavastia.fi\/ammattiopisto\/wp-json\/wp\/v2\/pages"}],"about":[{"href":"https:\/\/www.kktavastia.fi\/ammattiopisto\/wp-json\/wp\/v2\/types\/page"}],"author":[{"embeddable":true,"href":"https:\/\/www.kktavastia.fi\/ammattiopisto\/wp-json\/wp\/v2\/users\/5"}],"replies":[{"embeddable":true,"href":"https:\/\/www.kktavastia.fi\/ammattiopisto\/wp-json\/wp\/v2\/comments?post=14665"}],"version-history":[{"count":12,"href":"https:\/\/www.kktavastia.fi\/ammattiopisto\/wp-json\/wp\/v2\/pages\/14665\/revisions"}],"predecessor-version":[{"id":93105,"href":"https:\/\/www.kktavastia.fi\/ammattiopisto\/wp-json\/wp\/v2\/pages\/14665\/revisions\/93105"}],"up":[{"embeddable":true,"href":"https:\/\/www.kktavastia.fi\/ammattiopisto\/wp-json\/wp\/v2\/pages\/11"}],"wp:attachment":[{"href":"https:\/\/www.kktavastia.fi\/ammattiopisto\/wp-json\/wp\/v2\/media?parent=14665"}],"curies":[{"name":"wp","href":"https:\/\/api.w.org\/{rel}","templated":true}]}}