{"id":120364,"date":"2025-09-23T14:51:37","date_gmt":"2025-09-23T11:51:37","guid":{"rendered":"https:\/\/www.kktavastia.fi\/ammattiopisto\/?post_type=event&#038;p=120364"},"modified":"2025-09-23T14:51:37","modified_gmt":"2025-09-23T11:51:37","slug":"puhutaan-opinnoista-ohjaamolla","status":"publish","type":"event","link":"https:\/\/www.kktavastia.fi\/ammattiopisto\/tapahtumat\/puhutaan-opinnoista-ohjaamolla\/","title":{"rendered":"Puhutaan opinnoista Ohjaamolla"},"content":{"rendered":"<h4><strong>Tietoa, neuvontaa ja ohjausta<\/strong><\/h4>\n<ul class=\"wysiwyg\">\n<li>opiskelumahdollisuudet toisella asteella ja korkeakouluissa<\/li>\n<li>jatkuva haku<\/li>\n<li>kev\u00e4\u00e4n yhteishaku<\/li>\n<li>erityisopetus<\/li>\n<li>Kelan tukimahdollisuudet<\/li>\n<li>ty\u00f6tt\u00f6myysetuudella opiskelu<\/li>\n<li>ty\u00f6voimapoliittiset koulutukset<\/li>\n<li>ura- ja ammatinvalinnanohjaus<\/li>\n<\/ul>\n<p><a href=\"https:\/\/www.kktavastia.fi\/media\/sites\/2\/puhutaan-opinnoista-18.11.-25.pdf\">Tapahtuma-esite<\/a> (pdf)<\/p>\n<p>Tule juttelemaan mist\u00e4 tahansa opintoihin liittyv\u00e4st\u00e4, ammattilaisten kanssa!<\/p>\n","protected":false},"featured_media":0,"template":"","meta":{"_acf_changed":false,"_relevanssi_hide_post":"","_relevanssi_hide_content":"","_relevanssi_pin_for_all":"","_relevanssi_pin_keywords":"","_relevanssi_unpin_keywords":"","_relevanssi_related_keywords":"","_relevanssi_related_include_ids":"0","_relevanssi_related_exclude_ids":"","_relevanssi_related_no_append":"","_relevanssi_related_not_related":"","_relevanssi_related_posts":"57387,49586,55628,19885,23054,115236","_relevanssi_noindex_reason":"","footnotes":""},"class_list":["post-120364","event","type-event","status-publish","hentry"],"acf":[],"yoast_head":"<title>Puhutaan opinnoista Ohjaamolla - Ammattiopisto Tavastia<\/title>\n<meta name=\"robots\" content=\"index, follow, max-snippet:-1, max-image-preview:large, max-video-preview:-1\" \/>\n<link rel=\"canonical\" href=\"https:\/\/www.kktavastia.fi\/ammattiopisto\/tapahtumat\/puhutaan-opinnoista-ohjaamolla\/\" \/>\n<meta property=\"og:locale\" content=\"fi_FI\" \/>\n<meta property=\"og:type\" content=\"article\" \/>\n<meta property=\"og:title\" content=\"Puhutaan opinnoista Ohjaamolla - Ammattiopisto Tavastia\" \/>\n<meta property=\"og:description\" content=\"Tietoa, neuvontaa ja ohjausta opiskelumahdollisuudet toisella asteella ja korkeakouluissa jatkuva haku kev\u00e4\u00e4n yhteishaku erityisopetus Kelan tukimahdollisuudet ty\u00f6tt\u00f6myysetuudella opiskelu ty\u00f6voimapoliittiset koulutukset [&hellip;]\" \/>\n<meta property=\"og:url\" content=\"https:\/\/www.kktavastia.fi\/ammattiopisto\/tapahtumat\/puhutaan-opinnoista-ohjaamolla\/\" \/>\n<meta property=\"og:site_name\" content=\"Ammattiopisto Tavastia\" \/>\n<meta name=\"twitter:card\" content=\"summary_large_image\" \/>\n<script type=\"application\/ld+json\" class=\"yoast-schema-graph\">{\"@context\":\"https:\\\/\\\/schema.org\",\"@graph\":[{\"@type\":\"WebPage\",\"@id\":\"https:\\\/\\\/www.kktavastia.fi\\\/ammattiopisto\\\/tapahtumat\\\/puhutaan-opinnoista-ohjaamolla\\\/\",\"url\":\"https:\\\/\\\/www.kktavastia.fi\\\/ammattiopisto\\\/tapahtumat\\\/puhutaan-opinnoista-ohjaamolla\\\/\",\"name\":\"Puhutaan opinnoista Ohjaamolla - Ammattiopisto Tavastia\",\"isPartOf\":{\"@id\":\"https:\\\/\\\/www.kktavastia.fi\\\/ammattiopisto\\\/#website\"},\"datePublished\":\"2025-09-23T11:51:37+00:00\",\"breadcrumb\":{\"@id\":\"https:\\\/\\\/www.kktavastia.fi\\\/ammattiopisto\\\/tapahtumat\\\/puhutaan-opinnoista-ohjaamolla\\\/#breadcrumb\"},\"inLanguage\":\"fi\",\"potentialAction\":[{\"@type\":\"ReadAction\",\"target\":[\"https:\\\/\\\/www.kktavastia.fi\\\/ammattiopisto\\\/tapahtumat\\\/puhutaan-opinnoista-ohjaamolla\\\/\"]}]},{\"@type\":\"BreadcrumbList\",\"@id\":\"https:\\\/\\\/www.kktavastia.fi\\\/ammattiopisto\\\/tapahtumat\\\/puhutaan-opinnoista-ohjaamolla\\\/#breadcrumb\",\"itemListElement\":[{\"@type\":\"ListItem\",\"position\":1,\"name\":\"Home\",\"item\":\"https:\\\/\\\/www.kktavastia.fi\\\/ammattiopisto\\\/\"},{\"@type\":\"ListItem\",\"position\":2,\"name\":\"Tapahtumat\",\"item\":\"https:\\\/\\\/www.kktavastia.fi\\\/ammattiopisto\\\/tapahtumat\\\/\"},{\"@type\":\"ListItem\",\"position\":3,\"name\":\"Puhutaan opinnoista Ohjaamolla\"}]},{\"@type\":\"WebSite\",\"@id\":\"https:\\\/\\\/www.kktavastia.fi\\\/ammattiopisto\\\/#website\",\"url\":\"https:\\\/\\\/www.kktavastia.fi\\\/ammattiopisto\\\/\",\"name\":\"Ammattiopisto Tavastia\",\"description\":\"\",\"potentialAction\":[{\"@type\":\"SearchAction\",\"target\":{\"@type\":\"EntryPoint\",\"urlTemplate\":\"https:\\\/\\\/www.kktavastia.fi\\\/ammattiopisto\\\/?s={search_term_string}\"},\"query-input\":{\"@type\":\"PropertyValueSpecification\",\"valueRequired\":true,\"valueName\":\"search_term_string\"}}],\"inLanguage\":\"fi\"}]}<\/script>","yoast_head_json":{"title":"Puhutaan opinnoista Ohjaamolla - Ammattiopisto Tavastia","robots":{"index":"index","follow":"follow","max-snippet":"max-snippet:-1","max-image-preview":"max-image-preview:large","max-video-preview":"max-video-preview:-1"},"canonical":"https:\/\/www.kktavastia.fi\/ammattiopisto\/tapahtumat\/puhutaan-opinnoista-ohjaamolla\/","og_locale":"fi_FI","og_type":"article","og_title":"Puhutaan opinnoista Ohjaamolla - Ammattiopisto Tavastia","og_description":"Tietoa, neuvontaa ja ohjausta opiskelumahdollisuudet toisella asteella ja korkeakouluissa jatkuva haku kev\u00e4\u00e4n yhteishaku erityisopetus Kelan tukimahdollisuudet ty\u00f6tt\u00f6myysetuudella opiskelu ty\u00f6voimapoliittiset koulutukset [&hellip;]","og_url":"https:\/\/www.kktavastia.fi\/ammattiopisto\/tapahtumat\/puhutaan-opinnoista-ohjaamolla\/","og_site_name":"Ammattiopisto Tavastia","twitter_card":"summary_large_image","schema":{"@context":"https:\/\/schema.org","@graph":[{"@type":"WebPage","@id":"https:\/\/www.kktavastia.fi\/ammattiopisto\/tapahtumat\/puhutaan-opinnoista-ohjaamolla\/","url":"https:\/\/www.kktavastia.fi\/ammattiopisto\/tapahtumat\/puhutaan-opinnoista-ohjaamolla\/","name":"Puhutaan opinnoista Ohjaamolla - Ammattiopisto Tavastia","isPartOf":{"@id":"https:\/\/www.kktavastia.fi\/ammattiopisto\/#website"},"datePublished":"2025-09-23T11:51:37+00:00","breadcrumb":{"@id":"https:\/\/www.kktavastia.fi\/ammattiopisto\/tapahtumat\/puhutaan-opinnoista-ohjaamolla\/#breadcrumb"},"inLanguage":"fi","potentialAction":[{"@type":"ReadAction","target":["https:\/\/www.kktavastia.fi\/ammattiopisto\/tapahtumat\/puhutaan-opinnoista-ohjaamolla\/"]}]},{"@type":"BreadcrumbList","@id":"https:\/\/www.kktavastia.fi\/ammattiopisto\/tapahtumat\/puhutaan-opinnoista-ohjaamolla\/#breadcrumb","itemListElement":[{"@type":"ListItem","position":1,"name":"Home","item":"https:\/\/www.kktavastia.fi\/ammattiopisto\/"},{"@type":"ListItem","position":2,"name":"Tapahtumat","item":"https:\/\/www.kktavastia.fi\/ammattiopisto\/tapahtumat\/"},{"@type":"ListItem","position":3,"name":"Puhutaan opinnoista Ohjaamolla"}]},{"@type":"WebSite","@id":"https:\/\/www.kktavastia.fi\/ammattiopisto\/#website","url":"https:\/\/www.kktavastia.fi\/ammattiopisto\/","name":"Ammattiopisto Tavastia","description":"","potentialAction":[{"@type":"SearchAction","target":{"@type":"EntryPoint","urlTemplate":"https:\/\/www.kktavastia.fi\/ammattiopisto\/?s={search_term_string}"},"query-input":{"@type":"PropertyValueSpecification","valueRequired":true,"valueName":"search_term_string"}}],"inLanguage":"fi"}]}},"_links":{"self":[{"href":"https:\/\/www.kktavastia.fi\/ammattiopisto\/wp-json\/wp\/v2\/event\/120364","targetHints":{"allow":["GET"]}}],"collection":[{"href":"https:\/\/www.kktavastia.fi\/ammattiopisto\/wp-json\/wp\/v2\/event"}],"about":[{"href":"https:\/\/www.kktavastia.fi\/ammattiopisto\/wp-json\/wp\/v2\/types\/event"}],"version-history":[{"count":1,"href":"https:\/\/www.kktavastia.fi\/ammattiopisto\/wp-json\/wp\/v2\/event\/120364\/revisions"}],"predecessor-version":[{"id":120366,"href":"https:\/\/www.kktavastia.fi\/ammattiopisto\/wp-json\/wp\/v2\/event\/120364\/revisions\/120366"}],"wp:attachment":[{"href":"https:\/\/www.kktavastia.fi\/ammattiopisto\/wp-json\/wp\/v2\/media?parent=120364"}],"curies":[{"name":"wp","href":"https:\/\/api.w.org\/{rel}","templated":true}]}}

<h4><strong>Tietoa, neuvontaa ja ohjausta</strong></h4>
<ul class="wysiwyg">
<li>opiskelumahdollisuudet toisella asteella ja korkeakouluissa</li>
<li>jatkuva haku</li>
<li>kevään yhteishaku</li>
<li>erityisopetus</li>
<li>Kelan tukimahdollisuudet</li>
<li>työttömyysetuudella opiskelu</li>
<li>työvoimapoliittiset koulutukset</li>
<li>ura- ja ammatinvalinnanohjaus</li>
</ul>
<p><a href="https://www.kktavastia.fi/media/sites/2/puhutaan-opinnoista-18.11.-25.pdf">Tapahtuma-esite</a> (pdf)</p>
<p>Tule juttelemaan mistä tahansa opintoihin liittyvästä, ammattilaisten kanssa!</p>

<title>Puhutaan opinnoista Ohjaamolla - Ammattiopisto Tavastia</title>
<meta name="robots" content="index, follow, max-snippet:-1, max-image-preview:large, max-video-preview:-1" />
<link rel="canonical" href="https://www.kktavastia.fi/ammattiopisto/tapahtumat/puhutaan-opinnoista-ohjaamolla/" />
<meta property="og:locale" content="fi_FI" />
<meta property="og:type" content="article" />
<meta property="og:title" content="Puhutaan opinnoista Ohjaamolla - Ammattiopisto Tavastia" />
<meta property="og:description" content="Tietoa, neuvontaa ja ohjausta opiskelumahdollisuudet toisella asteella ja korkeakouluissa jatkuva haku kevään yhteishaku erityisopetus Kelan tukimahdollisuudet työttömyysetuudella opiskelu työvoimapoliittiset koulutukset [&hellip;]" />
<meta property="og:url" content="https://www.kktavastia.fi/ammattiopisto/tapahtumat/puhutaan-opinnoista-ohjaamolla/" />
<meta property="og:site_name" content="Ammattiopisto Tavastia" />
<meta name="twitter:card" content="summary_large_image" />
<script type="application/ld+json" class="yoast-schema-graph">{"@context":"https:\/\/schema.org","@graph":[{"@type":"WebPage","@id":"https:\/\/www.kktavastia.fi\/ammattiopisto\/tapahtumat\/puhutaan-opinnoista-ohjaamolla\/","url":"https:\/\/www.kktavastia.fi\/ammattiopisto\/tapahtumat\/puhutaan-opinnoista-ohjaamolla\/","name":"Puhutaan opinnoista Ohjaamolla - Ammattiopisto Tavastia","isPartOf":{"@id":"https:\/\/www.kktavastia.fi\/ammattiopisto\/#website"},"datePublished":"2025-09-23T11:51:37+00:00","breadcrumb":{"@id":"https:\/\/www.kktavastia.fi\/ammattiopisto\/tapahtumat\/puhutaan-opinnoista-ohjaamolla\/#breadcrumb"},"inLanguage":"fi","potentialAction":[{"@type":"ReadAction","target":["https:\/\/www.kktavastia.fi\/ammattiopisto\/tapahtumat\/puhutaan-opinnoista-ohjaamolla\/"]}]},{"@type":"BreadcrumbList","@id":"https:\/\/www.kktavastia.fi\/ammattiopisto\/tapahtumat\/puhutaan-opinnoista-ohjaamolla\/#breadcrumb","itemListElement":[{"@type":"ListItem","position":1,"name":"Home","item":"https:\/\/www.kktavastia.fi\/ammattiopisto\/"},{"@type":"ListItem","position":2,"name":"Tapahtumat","item":"https:\/\/www.kktavastia.fi\/ammattiopisto\/tapahtumat\/"},{"@type":"ListItem","position":3,"name":"Puhutaan opinnoista Ohjaamolla"}]},{"@type":"WebSite","@id":"https:\/\/www.kktavastia.fi\/ammattiopisto\/#website","url":"https:\/\/www.kktavastia.fi\/ammattiopisto\/","name":"Ammattiopisto Tavastia","description":"","potentialAction":[{"@type":"SearchAction","target":{"@type":"EntryPoint","urlTemplate":"https:\/\/www.kktavastia.fi\/ammattiopisto\/?s={search_term_string}"},"query-input":{"@type":"PropertyValueSpecification","valueRequired":true,"valueName":"search_term_string"}}],"inLanguage":"fi"}]}</script>

Tietoa, neuvontaa ja ohjausta opiskelumahdollisuudet toisella asteella ja korkeakouluissa jatkuva haku kevään yhteishaku erityisopetus Kelan tukimahdollisuudet työttömyysetuudella opiskelu työvoimapoliittiset koulutukset [&hellip;]
